{"id":8652,"date":"2024-04-02T15:30:13","date_gmt":"2024-04-02T18:30:13","guid":{"rendered":"https:\/\/acervosvirtuais.ufpel.edu.br\/tccscinema\/?post_type=tnc_col_16_item&#038;p=8652"},"modified":"2024-04-02T15:31:56","modified_gmt":"2024-04-02T18:31:56","slug":"o-audiovisual-como-ferramenta-social-estudo-sobre-o-documentario-permanencia","status":"publish","type":"tnc_col_16_item","link":"https:\/\/acervosvirtuais.ufpel.edu.br\/tccscinema\/acervo-de-tccs\/o-audiovisual-como-ferramenta-social-estudo-sobre-o-documentario-permanencia\/","title":{"rendered":"O AUDIOVISUAL COMO FERRAMENTA SOCIAL: ESTUDO SOBRE O DOCUMENT\u00c1RIO \u2018PERMAN\u00caNCIA\u2019"},"content":{"rendered":"<p>O presente trabalho \u00e9 um relato sobre a produ\u00e7\u00e3o e distribui\u00e7\u00e3o do document\u00e1rio \u2018Perman\u00eancia\u2019, produzido e dirigido por mim, com o objetivo de compreender o poder de comunica\u00e7\u00e3o que det\u00e9m os produtos audiovisuais. \u00c9 estudada a fenomenologia como base de compreens\u00e3o do conhecimento transmitido, no caso pelo audiovisual e descrito todo o processo, desde a produ\u00e7\u00e3o at\u00e9 as consequ\u00eancias do contato com os espectadores, a partir de debates ap\u00f3s as sess\u00f5es de exibi\u00e7\u00e3o do document\u00e1rio.<\/p>\n","protected":false},"featured_media":8679,"parent":0,"menu_order":0,"comment_status":"closed","ping_status":"closed","template":"","format":"standard","class_list":["post-8652","tnc_col_16_item","type-tnc_col_16_item","status-publish","format-standard","has-post-thumbnail","hentry"],"_links":{"self":[{"href":"https:\/\/acervosvirtuais.ufpel.edu.br\/tccscinema\/wp-json\/wp\/v2\/tnc_col_16_item\/8652","targetHints":{"allow":["GET"]}}],"collection":[{"href":"https:\/\/acervosvirtuais.ufpel.edu.br\/tccscinema\/wp-json\/wp\/v2\/tnc_col_16_item"}],"about":[{"href":"https:\/\/acervosvirtuais.ufpel.edu.br\/tccscinema\/wp-json\/wp\/v2\/types\/tnc_col_16_item"}],"replies":[{"embeddable":true,"href":"https:\/\/acervosvirtuais.ufpel.edu.br\/tccscinema\/wp-json\/wp\/v2\/comments?post=8652"}],"version-history":[{"count":1,"href":"https:\/\/acervosvirtuais.ufpel.edu.br\/tccscinema\/wp-json\/wp\/v2\/tnc_col_16_item\/8652\/revisions"}],"predecessor-version":[{"id":8680,"href":"https:\/\/acervosvirtuais.ufpel.edu.br\/tccscinema\/wp-json\/wp\/v2\/tnc_col_16_item\/8652\/revisions\/8680"}],"wp:featuredmedia":[{"embeddable":true,"href":"https:\/\/acervosvirtuais.ufpel.edu.br\/tccscinema\/wp-json\/wp\/v2\/media\/8679"}],"wp:attachment":[{"href":"https:\/\/acervosvirtuais.ufpel.edu.br\/tccscinema\/wp-json\/wp\/v2\/media?parent=8652"}],"curies":[{"name":"wp","href":"https:\/\/api.w.org\/{rel}","templated":true}]}}

O AUDIOVISUAL COMO FERRAMENTA SOCIAL: ESTUDO SOBRE O DOCUMENTÁRIO ‘PERMANÊNCIA’

<p>O presente trabalho é um relato sobre a produção e distribuição do documentário ‘Permanência’, produzido e dirigido por mim, com o objetivo de compreender o poder de comunicação que detém os produtos audiovisuais. É estudada a fenomenologia como base de compreensão do conhecimento transmitido, no caso pelo audiovisual e descrito todo o processo, desde a produção até as consequências do contato com os espectadores, a partir de debates após as sessões de exibição do documentário.</p>
