{"id":3944,"date":"2024-03-27T14:24:34","date_gmt":"2024-03-27T17:24:34","guid":{"rendered":"https:\/\/acervosvirtuais.ufpel.edu.br\/tccscinema\/?post_type=tnc_col_16_item&#038;p=3944"},"modified":"2024-03-27T16:28:49","modified_gmt":"2024-03-27T19:28:49","slug":"as-relacoes-culturais-e-identitarias-em-pedro-costa-uma-analise-de-casa-de-lava","status":"publish","type":"tnc_col_16_item","link":"https:\/\/acervosvirtuais.ufpel.edu.br\/tccscinema\/acervo-de-tccs\/as-relacoes-culturais-e-identitarias-em-pedro-costa-uma-analise-de-casa-de-lava\/","title":{"rendered":"AS RELA\u00c7\u00d5ES CULTURAIS E IDENTIT\u00c1RIAS EM PEDRO COSTA: UMA AN\u00c1LISE DE CASA DE LAVA"},"content":{"rendered":"<p>O presente trabalho tem como objetivo analisar a identidade cabo-verdiana representada no filme Casa de Lava (1995), de Pedro Costa, trazendo pontos de conex\u00e3o com Juventude em Marcha (2006) do mesmo diretor portugu\u00eas. Partindo de uma vis\u00e3o fenomenol\u00f3gica, o artigo elabora a possibilidade da exist\u00eancia de uma crise identit\u00e1ria presente na constru\u00e7\u00e3o do homem cabo-verdiano provocada pelo passado colonial. A tentativa, nesta investiga\u00e7\u00e3o, \u00e9 analisar o sentimento de n\u00e3o pertencer ao territ\u00f3rio nacional, atrav\u00e9s deste filme que prop\u00f5e uma representa\u00e7\u00e3o identit\u00e1ria. Sugerimos um recorte centrado na rela\u00e7\u00e3o de alteridade com a cultura local, tendo por base te\u00f3ricos como Bhabha (2005), Hall (1999) e Fanon (1968).<\/p>\n","protected":false},"featured_media":3981,"parent":0,"menu_order":0,"comment_status":"closed","ping_status":"closed","template":"","format":"standard","class_list":["post-3944","tnc_col_16_item","type-tnc_col_16_item","status-publish","format-standard","has-post-thumbnail","hentry"],"_links":{"self":[{"href":"https:\/\/acervosvirtuais.ufpel.edu.br\/tccscinema\/wp-json\/wp\/v2\/tnc_col_16_item\/3944","targetHints":{"allow":["GET"]}}],"collection":[{"href":"https:\/\/acervosvirtuais.ufpel.edu.br\/tccscinema\/wp-json\/wp\/v2\/tnc_col_16_item"}],"about":[{"href":"https:\/\/acervosvirtuais.ufpel.edu.br\/tccscinema\/wp-json\/wp\/v2\/types\/tnc_col_16_item"}],"replies":[{"embeddable":true,"href":"https:\/\/acervosvirtuais.ufpel.edu.br\/tccscinema\/wp-json\/wp\/v2\/comments?post=3944"}],"version-history":[{"count":2,"href":"https:\/\/acervosvirtuais.ufpel.edu.br\/tccscinema\/wp-json\/wp\/v2\/tnc_col_16_item\/3944\/revisions"}],"predecessor-version":[{"id":4802,"href":"https:\/\/acervosvirtuais.ufpel.edu.br\/tccscinema\/wp-json\/wp\/v2\/tnc_col_16_item\/3944\/revisions\/4802"}],"wp:featuredmedia":[{"embeddable":true,"href":"https:\/\/acervosvirtuais.ufpel.edu.br\/tccscinema\/wp-json\/wp\/v2\/media\/3981"}],"wp:attachment":[{"href":"https:\/\/acervosvirtuais.ufpel.edu.br\/tccscinema\/wp-json\/wp\/v2\/media?parent=3944"}],"curies":[{"name":"wp","href":"https:\/\/api.w.org\/{rel}","templated":true}]}}

AS RELAÇÕES CULTURAIS E IDENTITÁRIAS EM PEDRO COSTA: UMA ANÁLISE DE CASA DE LAVA

<p>O presente trabalho tem como objetivo analisar a identidade cabo-verdiana representada no filme Casa de Lava (1995), de Pedro Costa, trazendo pontos de conexão com Juventude em Marcha (2006) do mesmo diretor português. Partindo de uma visão fenomenológica, o artigo elabora a possibilidade da existência de uma crise identitária presente na construção do homem cabo-verdiano provocada pelo passado colonial. A tentativa, nesta investigação, é analisar o sentimento de não pertencer ao território nacional, através deste filme que propõe uma representação identitária. Sugerimos um recorte centrado na relação de alteridade com a cultura local, tendo por base teóricos como Bhabha (2005), Hall (1999) e Fanon (1968).</p>
