{"id":3833,"date":"2024-03-27T14:12:58","date_gmt":"2024-03-27T17:12:58","guid":{"rendered":"https:\/\/acervosvirtuais.ufpel.edu.br\/tccscinema\/?post_type=tnc_col_16_item&#038;p=3833"},"modified":"2024-03-27T16:28:03","modified_gmt":"2024-03-27T19:28:03","slug":"interseccoes-politicas-e-historicas-atraves-do-cinema-documental-uma-analise-comparativa-de-a-batalha-do-chile-e-democracia-em-vertigem","status":"publish","type":"tnc_col_16_item","link":"https:\/\/acervosvirtuais.ufpel.edu.br\/tccscinema\/acervo-de-tccs\/interseccoes-politicas-e-historicas-atraves-do-cinema-documental-uma-analise-comparativa-de-a-batalha-do-chile-e-democracia-em-vertigem\/","title":{"rendered":"INTERSEC\u00c7\u00d5ES POL\u00cdTICAS E HIST\u00d3RICAS ATRAV\u00c9S DO CINEMA DOCUMENTAL: UMA AN\u00c1LISE COMPARATIVA DE A BATALHA DO CHILE E DEMOCRACIA EM VERTIGEM"},"content":{"rendered":"<p>Este artigo objetiva estudar as rela\u00e7\u00f5es pol\u00edticas e hist\u00f3ricas apresentadas pelos filmes que comp\u00f5em a trilogia A batalha do Chile (Patricio Guzm\u00e1n, 1973-1979) e o document\u00e1rio Democracia em Vertigem (Petra Costa, 2019), realizando para tanto uma an\u00e1lise comparativa dos filmes de maneira a contrapor semelhan\u00e7as e disson\u00e2ncias entre o Chile de Guzm\u00e1n e o Brasil de Costa.<\/p>\n","protected":false},"featured_media":3888,"parent":0,"menu_order":0,"comment_status":"closed","ping_status":"closed","template":"","format":"standard","class_list":["post-3833","tnc_col_16_item","type-tnc_col_16_item","status-publish","format-standard","has-post-thumbnail","hentry"],"_links":{"self":[{"href":"https:\/\/acervosvirtuais.ufpel.edu.br\/tccscinema\/wp-json\/wp\/v2\/tnc_col_16_item\/3833","targetHints":{"allow":["GET"]}}],"collection":[{"href":"https:\/\/acervosvirtuais.ufpel.edu.br\/tccscinema\/wp-json\/wp\/v2\/tnc_col_16_item"}],"about":[{"href":"https:\/\/acervosvirtuais.ufpel.edu.br\/tccscinema\/wp-json\/wp\/v2\/types\/tnc_col_16_item"}],"replies":[{"embeddable":true,"href":"https:\/\/acervosvirtuais.ufpel.edu.br\/tccscinema\/wp-json\/wp\/v2\/comments?post=3833"}],"version-history":[{"count":1,"href":"https:\/\/acervosvirtuais.ufpel.edu.br\/tccscinema\/wp-json\/wp\/v2\/tnc_col_16_item\/3833\/revisions"}],"predecessor-version":[{"id":3889,"href":"https:\/\/acervosvirtuais.ufpel.edu.br\/tccscinema\/wp-json\/wp\/v2\/tnc_col_16_item\/3833\/revisions\/3889"}],"wp:featuredmedia":[{"embeddable":true,"href":"https:\/\/acervosvirtuais.ufpel.edu.br\/tccscinema\/wp-json\/wp\/v2\/media\/3888"}],"wp:attachment":[{"href":"https:\/\/acervosvirtuais.ufpel.edu.br\/tccscinema\/wp-json\/wp\/v2\/media?parent=3833"}],"curies":[{"name":"wp","href":"https:\/\/api.w.org\/{rel}","templated":true}]}}

INTERSECÇÕES POLÍTICAS E HISTÓRICAS ATRAVÉS DO CINEMA DOCUMENTAL: UMA ANÁLISE COMPARATIVA DE A BATALHA DO CHILE E DEMOCRACIA EM VERTIGEM

<p>Este artigo objetiva estudar as relações políticas e históricas apresentadas pelos filmes que compõem a trilogia A batalha do Chile (Patricio Guzmán, 1973-1979) e o documentário Democracia em Vertigem (Petra Costa, 2019), realizando para tanto uma análise comparativa dos filmes de maneira a contrapor semelhanças e dissonâncias entre o Chile de Guzmán e o Brasil de Costa.</p>
