{"id":3295,"date":"2024-03-27T09:38:14","date_gmt":"2024-03-27T12:38:14","guid":{"rendered":"https:\/\/acervosvirtuais.ufpel.edu.br\/tccscinema\/?post_type=tnc_col_16_item&#038;p=3295"},"modified":"2024-03-27T09:47:41","modified_gmt":"2024-03-27T12:47:41","slug":"o-existencialismo-no-arco-narrativo-da-personagem-finn-o-humano-na-serie-de-animacao-hora-de-aventura","status":"publish","type":"tnc_col_16_item","link":"https:\/\/acervosvirtuais.ufpel.edu.br\/tccscinema\/acervo-de-tccs\/o-existencialismo-no-arco-narrativo-da-personagem-finn-o-humano-na-serie-de-animacao-hora-de-aventura\/","title":{"rendered":"O EXISTENCIALISMO NO ARCO NARRATIVO DA PERSONAGEM FINN, O HUMANO, NA S\u00c9RIE DE ANIMA\u00c7\u00c3O \u201cHORA DE AVENTURA\u201d."},"content":{"rendered":"<p>Esse artigo apresenta-se como uma an\u00e1lise f\u00edlmica do arco narrativo da personagem Finn, o humano, protagonista da s\u00e9rie de desenho animado Hora de Aventura, atrav\u00e9s do Arco de mudan\u00e7a ou transforma\u00e7\u00e3o, descrito por K.M Weiland, em sua obra &#8220;Creating character arcs&#8221;, \u00e0 luz da filosofia existencialista de Sartre, Nietzsche e Camus. Atrav\u00e9s da descri\u00e7\u00e3o e an\u00e1lise da narrativa de epis\u00f3dios selecionados, busca-se relacionar o existencialismo com o arco narrativo da protagonista e<br \/>\nconsequentemente com a tem\u00e1tica da s\u00e9rie. O objetivo \u00e9 contribuir para uma compreens\u00e3o mais profunda da s\u00e9rie, al\u00e9m de demonstrar como &#8220;Hora de Aventura&#8221; pode ser uma importante ferramenta para refletir sobre quest\u00f5es filos\u00f3ficas e existenciais.<\/p>\n","protected":false},"featured_media":3338,"parent":0,"menu_order":0,"comment_status":"closed","ping_status":"closed","template":"","format":"standard","class_list":["post-3295","tnc_col_16_item","type-tnc_col_16_item","status-publish","format-standard","has-post-thumbnail","hentry"],"_links":{"self":[{"href":"https:\/\/acervosvirtuais.ufpel.edu.br\/tccscinema\/wp-json\/wp\/v2\/tnc_col_16_item\/3295","targetHints":{"allow":["GET"]}}],"collection":[{"href":"https:\/\/acervosvirtuais.ufpel.edu.br\/tccscinema\/wp-json\/wp\/v2\/tnc_col_16_item"}],"about":[{"href":"https:\/\/acervosvirtuais.ufpel.edu.br\/tccscinema\/wp-json\/wp\/v2\/types\/tnc_col_16_item"}],"replies":[{"embeddable":true,"href":"https:\/\/acervosvirtuais.ufpel.edu.br\/tccscinema\/wp-json\/wp\/v2\/comments?post=3295"}],"version-history":[{"count":1,"href":"https:\/\/acervosvirtuais.ufpel.edu.br\/tccscinema\/wp-json\/wp\/v2\/tnc_col_16_item\/3295\/revisions"}],"predecessor-version":[{"id":3339,"href":"https:\/\/acervosvirtuais.ufpel.edu.br\/tccscinema\/wp-json\/wp\/v2\/tnc_col_16_item\/3295\/revisions\/3339"}],"wp:featuredmedia":[{"embeddable":true,"href":"https:\/\/acervosvirtuais.ufpel.edu.br\/tccscinema\/wp-json\/wp\/v2\/media\/3338"}],"wp:attachment":[{"href":"https:\/\/acervosvirtuais.ufpel.edu.br\/tccscinema\/wp-json\/wp\/v2\/media?parent=3295"}],"curies":[{"name":"wp","href":"https:\/\/api.w.org\/{rel}","templated":true}]}}

O EXISTENCIALISMO NO ARCO NARRATIVO DA PERSONAGEM FINN, O HUMANO, NA SÉRIE DE ANIMAÇÃO “HORA DE AVENTURA”.

<p>Esse artigo apresenta-se como uma análise fílmica do arco narrativo da personagem Finn, o humano, protagonista da série de desenho animado Hora de Aventura, através do Arco de mudança ou transformação, descrito por K.M Weiland, em sua obra &#8220;Creating character arcs&#8221;, à luz da filosofia existencialista de Sartre, Nietzsche e Camus. Através da descrição e análise da narrativa de episódios selecionados, busca-se relacionar o existencialismo com o arco narrativo da protagonista e<br />
consequentemente com a temática da série. O objetivo é contribuir para uma compreensão mais profunda da série, além de demonstrar como &#8220;Hora de Aventura&#8221; pode ser uma importante ferramenta para refletir sobre questões filosóficas e existenciais.</p>
