{"id":2625,"date":"2024-03-25T16:11:34","date_gmt":"2024-03-25T19:11:34","guid":{"rendered":"https:\/\/acervosvirtuais.ufpel.edu.br\/tccscinema\/?post_type=tnc_col_16_item&#038;p=2625"},"modified":"2024-03-25T16:13:35","modified_gmt":"2024-03-25T19:13:35","slug":"um-estudo-do-layout-observado-atraves-da-linha-forma-e-espaco-enquanto-sentido-narrativo-na-serie-animada-los-viajeros-sin-fronteras","status":"publish","type":"tnc_col_16_item","link":"https:\/\/acervosvirtuais.ufpel.edu.br\/tccscinema\/acervo-de-tccs\/um-estudo-do-layout-observado-atraves-da-linha-forma-e-espaco-enquanto-sentido-narrativo-na-serie-animada-los-viajeros-sin-fronteras\/","title":{"rendered":"UM ESTUDO DO LAYOUT OBSERVADO ATRAV\u00c9S DA LINHA, FORMA E ESPA\u00c7O ENQUANTO SENTIDO NARRATIVO NA S\u00c9RIE ANIMADA LOS VIAJEROS SIN FRONTERAS"},"content":{"rendered":"<p>Este artigo prop\u00f5e um estudo do layout observado atrav\u00e9s dos elementos visuais linha, forma e espa\u00e7o enquanto sentido narrativo na s\u00e9rie animada Los Viajeros Sin Fronteras (NPTE, 2014). Ser\u00e3o apresentados conceitos de linguagem visual e linguagem cinematogr\u00e1fica, que ajudar\u00e3o a identificar uma poss\u00edvel rela\u00e7\u00e3o da imagem com a narrativa presente em um epis\u00f3dio desta s\u00e9rie.<\/p>\n","protected":false},"featured_media":2657,"parent":0,"menu_order":0,"comment_status":"closed","ping_status":"closed","template":"","format":"standard","class_list":["post-2625","tnc_col_16_item","type-tnc_col_16_item","status-publish","format-standard","has-post-thumbnail","hentry"],"_links":{"self":[{"href":"https:\/\/acervosvirtuais.ufpel.edu.br\/tccscinema\/wp-json\/wp\/v2\/tnc_col_16_item\/2625","targetHints":{"allow":["GET"]}}],"collection":[{"href":"https:\/\/acervosvirtuais.ufpel.edu.br\/tccscinema\/wp-json\/wp\/v2\/tnc_col_16_item"}],"about":[{"href":"https:\/\/acervosvirtuais.ufpel.edu.br\/tccscinema\/wp-json\/wp\/v2\/types\/tnc_col_16_item"}],"replies":[{"embeddable":true,"href":"https:\/\/acervosvirtuais.ufpel.edu.br\/tccscinema\/wp-json\/wp\/v2\/comments?post=2625"}],"version-history":[{"count":1,"href":"https:\/\/acervosvirtuais.ufpel.edu.br\/tccscinema\/wp-json\/wp\/v2\/tnc_col_16_item\/2625\/revisions"}],"predecessor-version":[{"id":2658,"href":"https:\/\/acervosvirtuais.ufpel.edu.br\/tccscinema\/wp-json\/wp\/v2\/tnc_col_16_item\/2625\/revisions\/2658"}],"wp:featuredmedia":[{"embeddable":true,"href":"https:\/\/acervosvirtuais.ufpel.edu.br\/tccscinema\/wp-json\/wp\/v2\/media\/2657"}],"wp:attachment":[{"href":"https:\/\/acervosvirtuais.ufpel.edu.br\/tccscinema\/wp-json\/wp\/v2\/media?parent=2625"}],"curies":[{"name":"wp","href":"https:\/\/api.w.org\/{rel}","templated":true}]}}

UM ESTUDO DO LAYOUT OBSERVADO ATRAVÉS DA LINHA, FORMA E ESPAÇO ENQUANTO SENTIDO NARRATIVO NA SÉRIE ANIMADA LOS VIAJEROS SIN FRONTERAS

<p>Este artigo propõe um estudo do layout observado através dos elementos visuais linha, forma e espaço enquanto sentido narrativo na série animada Los Viajeros Sin Fronteras (NPTE, 2014). Serão apresentados conceitos de linguagem visual e linguagem cinematográfica, que ajudarão a identificar uma possível relação da imagem com a narrativa presente em um episódio desta série.</p>
