{"id":1573,"date":"2023-03-04T15:56:20","date_gmt":"2023-03-04T18:56:20","guid":{"rendered":"https:\/\/acervosvirtuais.ufpel.edu.br\/octaviodutra\/?page_id=1573"},"modified":"2023-03-04T15:56:20","modified_gmt":"2023-03-04T18:56:20","slug":"projetos-de-pesquisa","status":"publish","type":"page","link":"https:\/\/acervosvirtuais.ufpel.edu.br\/octaviodutra\/projetos-de-pesquisa\/","title":{"rendered":"Projetos de Pesquisa"},"content":{"rendered":"\n<p class=\"has-cherry-color has-text-color has-huge-font-size\">N\u00facleo de M\u00fasica Popular e Laborat\u00f3rio de Etnomusicologia da UFPEL. Publica\u00e7\u00f5es realizadas em 2022<\/p>\n\n\n\n<figure class=\"wp-block-pullquote has-cherry-color has-text-color has-large-font-size\" style=\"border-width:21px\"><blockquote><p>Como proposta de pesquisa e difus\u00e3o arti\u00edstica do material musicol\u00f3gico do acervo Oct\u00e1vio Dutra, foram realizadas duas publica\u00e7\u00f5es com o material deste acervo que demonstram a riqueza e a import\u00e2ncia deste material para a compreens\u00e3o da circula\u00e7\u00e3o de conte\u00fados e pr\u00e1ticas musicais no inicio do s\u00e9culo XX, demonstrando por meio da m\u00fasica a grade proximidade das produ\u00e7\u00f5es e dos artistas e compositores ga\u00fachos e cariocas desde o inicio da fonografia no Brasil.<\/p><\/blockquote><\/figure>\n\n\n\n<p><\/p>\n\n\n\n<figure class=\"wp-block-embed is-type-video is-provider-youtube wp-block-embed-youtube wp-embed-aspect-16-9 wp-has-aspect-ratio\"><div class=\"wp-block-embed__wrapper\">\n<iframe loading=\"lazy\" title=\"XXXII Congresso da Anppom - Comunica\u00e7\u00f5es Performance - 19\/10 | 8h30\" width=\"1400\" height=\"788\" src=\"https:\/\/www.youtube.com\/embed\/KDDr1bnEvtY?feature=oembed\" frameborder=\"0\" allow=\"accelerometer; autoplay; clipboard-write; encrypted-media; gyroscope; picture-in-picture; web-share\" allowfullscreen><\/iframe>\n<\/div><figcaption class=\"wp-element-caption\">VELLOSO, Rafael H S, d\u00b4AVILA Raul Costa, SILVEIRA, Lucas Borba da, MUSTAF\u00c9, Gusavo Fleury Fina, e ORIZ, Daniel. Projeto de performance art\u00edstica: Acervo Oct\u00e1vio Dutra \/ UFPel. In Anais do XXXII Congresso da ANPPOM, Universidade Federal do Rio Grande do Norte UFRN, Natal, 2022.<\/figcaption><\/figure>\n\n\n\n<p><\/p>\n\n\n\n<p><\/p>\n\n\n<div class=\"logged-out wp-block-loginout\"><a href=\"https:\/\/acervosvirtuais.ufpel.edu.br\/octaviodutra\/wp-login.php?redirect_to=https%3A%2F%2Facervosvirtuais.ufpel.edu.br%2Foctaviodutra%2Fwp-json%2Fwp%2Fv2%2Fpages%2F1573\">Acessar<\/a><\/div>\n\n\n<figure class=\"wp-block-table\"><table><tbody><tr><td>VELLOSO, Rafael H S, d\u00b4AVILA Raul Costa, SILVEIRA, Lucas Borba da, MUSTAF\u00c9, Gusavo Fleury Fina, e ORIZ, Daniel. <a href=\"https:\/\/anppom.org.br\/anais\/anaiscongresso_anppom_2022\/papers\/1206\/public\/1206-5543-1-PB.pdf\" target=\"_blank\" rel=\"noreferrer noopener\">Oct\u00e1vio Dutra e o grupo Terror dos Fac\u00f5es: transcri\u00e7\u00e3o, edi\u00e7\u00e3o, an\u00e1lise e performance historicamente orientada como pr\u00e1tica de pesquisa em m\u00fasica popular<\/a>. In Anais do XXXII Congresso da ANPPOM, Universidade Federal do Rio Grande do Norte UFRN, Natal, 2022.<\/td><td><a href=\"https:\/\/anppom.org.br\/anais\/anaiscongresso_anppom_2022\/papers\/1206\/public\/1206-5543-1-PB.pdf\" target=\"_blank\" rel=\"noreferrer noopener\">PDF<\/a><\/td><\/tr><tr><td><\/td><\/tr><\/tbody><\/table><\/figure>\n","protected":false},"excerpt":{"rendered":"<p>N\u00facleo de M\u00fasica Popular e Laborat\u00f3rio de Etnomusicologia da UFPEL. Publica\u00e7\u00f5es realizadas em 2022 Como proposta de pesquisa e difus\u00e3o arti\u00edstica do material musicol\u00f3gico do acervo Oct\u00e1vio Dutra, foram realizadas duas publica\u00e7\u00f5es com o material deste acervo que demonstram a riqueza e a import\u00e2ncia deste material para a compreens\u00e3o da circula\u00e7\u00e3o de conte\u00fados e pr\u00e1ticas [&hellip;]<\/p>\n","protected":false},"author":29,"featured_media":0,"parent":0,"menu_order":0,"comment_status":"closed","ping_status":"closed","template":"","meta":{"footnotes":""},"class_list":["post-1573","page","type-page","status-publish","hentry"],"_links":{"self":[{"href":"https:\/\/acervosvirtuais.ufpel.edu.br\/octaviodutra\/wp-json\/wp\/v2\/pages\/1573","targetHints":{"allow":["GET"]}}],"collection":[{"href":"https:\/\/acervosvirtuais.ufpel.edu.br\/octaviodutra\/wp-json\/wp\/v2\/pages"}],"about":[{"href":"https:\/\/acervosvirtuais.ufpel.edu.br\/octaviodutra\/wp-json\/wp\/v2\/types\/page"}],"author":[{"embeddable":true,"href":"https:\/\/acervosvirtuais.ufpel.edu.br\/octaviodutra\/wp-json\/wp\/v2\/users\/29"}],"replies":[{"embeddable":true,"href":"https:\/\/acervosvirtuais.ufpel.edu.br\/octaviodutra\/wp-json\/wp\/v2\/comments?post=1573"}],"version-history":[{"count":1,"href":"https:\/\/acervosvirtuais.ufpel.edu.br\/octaviodutra\/wp-json\/wp\/v2\/pages\/1573\/revisions"}],"predecessor-version":[{"id":1575,"href":"https:\/\/acervosvirtuais.ufpel.edu.br\/octaviodutra\/wp-json\/wp\/v2\/pages\/1573\/revisions\/1575"}],"wp:attachment":[{"href":"https:\/\/acervosvirtuais.ufpel.edu.br\/octaviodutra\/wp-json\/wp\/v2\/media?parent=1573"}],"curies":[{"name":"wp","href":"https:\/\/api.w.org\/{rel}","templated":true}]}}

<p class="has-cherry-color has-text-color has-huge-font-size">Núcleo de Música Popular e Laboratório de Etnomusicologia da UFPEL. Publicações realizadas em 2022</p>



<figure class="wp-block-pullquote has-cherry-color has-text-color has-large-font-size" style="border-width:21px"><blockquote><p>Como proposta de pesquisa e difusão artiística do material musicológico do acervo Octávio Dutra, foram realizadas duas publicações com o material deste acervo que demonstram a riqueza e a importância deste material para a compreensão da circulação de conteúdos e práticas musicais no inicio do século XX, demonstrando por meio da música a grade proximidade das produções e dos artistas e compositores gaúchos e cariocas desde o inicio da fonografia no Brasil.</p></blockquote></figure>



<p></p>



<figure class="wp-block-embed is-type-video is-provider-youtube wp-block-embed-youtube wp-embed-aspect-16-9 wp-has-aspect-ratio"><div class="wp-block-embed__wrapper">
<iframe loading="lazy" title="XXXII Congresso da Anppom - Comunicações Performance - 19/10 | 8h30" width="1400" height="788" src="https://www.youtube.com/embed/KDDr1bnEvtY?feature=oembed" frameborder="0" allow="accelerometer; autoplay; clipboard-write; encrypted-media; gyroscope; picture-in-picture; web-share" allowfullscreen></iframe>
</div><figcaption class="wp-element-caption">VELLOSO, Rafael H S, d´AVILA Raul Costa, SILVEIRA, Lucas Borba da, MUSTAFÉ, Gusavo Fleury Fina, e ORIZ, Daniel. Projeto de performance artística: Acervo Octávio Dutra / UFPel. In Anais do XXXII Congresso da ANPPOM, Universidade Federal do Rio Grande do Norte UFRN, Natal, 2022.</figcaption></figure>



<p></p>



<p></p>


<div class="logged-out wp-block-loginout"><a href="https://acervosvirtuais.ufpel.edu.br/octaviodutra/wp-login.php?redirect_to=https%3A%2F%2Facervosvirtuais.ufpel.edu.br%2Foctaviodutra%2Fwp-json%2Fwp%2Fv2%2Fpages%2F1573">Acessar</a></div>


<figure class="wp-block-table"><table><tbody><tr><td>VELLOSO, Rafael H S, d´AVILA Raul Costa, SILVEIRA, Lucas Borba da, MUSTAFÉ, Gusavo Fleury Fina, e ORIZ, Daniel. <a href="https://anppom.org.br/anais/anaiscongresso_anppom_2022/papers/1206/public/1206-5543-1-PB.pdf" target="_blank" rel="noreferrer noopener">Octávio Dutra e o grupo Terror dos Facões: transcrição, edição, análise e performance historicamente orientada como prática de pesquisa em música popular</a>. In Anais do XXXII Congresso da ANPPOM, Universidade Federal do Rio Grande do Norte UFRN, Natal, 2022.</td><td><a href="https://anppom.org.br/anais/anaiscongresso_anppom_2022/papers/1206/public/1206-5543-1-PB.pdf" target="_blank" rel="noreferrer noopener">PDF</a></td></tr><tr><td></td></tr></tbody></table></figure>

<p>Núcleo de Música Popular e Laboratório de Etnomusicologia da UFPEL. Publicações realizadas em 2022 Como proposta de pesquisa e difusão artiística do material musicológico do acervo Octávio Dutra, foram realizadas duas publicações com o material deste acervo que demonstram a riqueza e a importância deste material para a compreensão da circulação de conteúdos e práticas [&hellip;]</p>
