{"id":460,"date":"2021-11-29T16:17:39","date_gmt":"2021-11-29T19:17:39","guid":{"rendered":"https:\/\/acervosvirtuais.ufpel.edu.br\/museuvirtualdojudo\/?page_id=460"},"modified":"2021-12-02T16:59:16","modified_gmt":"2021-12-02T19:59:16","slug":"iara-mary-martins-cunha","status":"publish","type":"page","link":"https:\/\/acervosvirtuais.ufpel.edu.br\/museuvirtualdojudo\/iara-mary-martins-cunha\/","title":{"rendered":"Iara Mary Martins Cunha"},"content":{"rendered":"\n<p class=\"has-drop-cap\" style=\"font-size:24px\">Iara Mary \u00e9 uma judoca ga\u00facha, que entrou na hist\u00f3ria do jud\u00f4 ga\u00facho e nacional feminino, ao representar o Brasil no <strong>1\u00ba Campeonato Mundial Feminino<\/strong> que foi realizado em Nova York. <\/p>\n\n\n\n<div class=\"wp-block-columns is-layout-flex wp-container-core-columns-is-layout-9d6595d7 wp-block-columns-is-layout-flex\">\n<div class=\"wp-block-column is-layout-flow wp-block-column-is-layout-flow\">\n<div class=\"wp-block-columns is-layout-flex wp-container-core-columns-is-layout-9d6595d7 wp-block-columns-is-layout-flex\">\n<div class=\"wp-block-column is-layout-flow wp-block-column-is-layout-flow\">\n<figure class=\"wp-block-image alignfull size-full is-style-default\"><a href=\"https:\/\/acervosvirtuais.ufpel.edu.br\/museuvirtualdojudo\/wp-content\/uploads\/sites\/12\/2021\/11\/WhatsApp_Image_2021-10-14_at_15.14.42-removebg-preview.png\"><img loading=\"lazy\" decoding=\"async\" width=\"577\" height=\"433\" src=\"https:\/\/acervosvirtuais.ufpel.edu.br\/museuvirtualdojudo\/wp-content\/uploads\/sites\/12\/2021\/11\/WhatsApp_Image_2021-10-14_at_15.14.42-removebg-preview.png\" alt=\"\" class=\"wp-image-462\" srcset=\"https:\/\/acervosvirtuais.ufpel.edu.br\/museuvirtualdojudo\/wp-content\/uploads\/sites\/12\/2021\/11\/WhatsApp_Image_2021-10-14_at_15.14.42-removebg-preview.png 577w, https:\/\/acervosvirtuais.ufpel.edu.br\/museuvirtualdojudo\/wp-content\/uploads\/sites\/12\/2021\/11\/WhatsApp_Image_2021-10-14_at_15.14.42-removebg-preview-300x225.png 300w, https:\/\/acervosvirtuais.ufpel.edu.br\/museuvirtualdojudo\/wp-content\/uploads\/sites\/12\/2021\/11\/WhatsApp_Image_2021-10-14_at_15.14.42-removebg-preview-205x154.png 205w\" sizes=\"auto, (max-width: 577px) 100vw, 577px\" \/><\/a><figcaption>Recorte de Jornal, 1980. <\/figcaption><\/figure>\n<\/div>\n<\/div>\n<\/div>\n<\/div>\n\n\n\n<div class=\"wp-block-group\"><div class=\"wp-block-group__inner-container is-layout-flow wp-block-group-is-layout-flow\">\n<div class=\"wp-block-columns is-layout-flex wp-container-core-columns-is-layout-9d6595d7 wp-block-columns-is-layout-flex\">\n<div class=\"wp-block-column is-layout-flow wp-block-column-is-layout-flow\">\n<p style=\"font-size:24px\">Iara Mary foi vencedora de v\u00e1rios campeonatos ga\u00fachos e dominava o RS com suas t\u00e9cnicas e habilidades que o jud\u00f4 imp\u00f5e nos combates. Carrega tamb\u00e9m a representatividade de ser <strong>a 1\u00ba campe\u00e3 Brasileira<\/strong> do estado do Rio Grande do Sul.<\/p>\n\n\n\n<p style=\"font-size:24px\">Ela foi uma das pioneiras para o desenvolvimento e valoriza\u00e7\u00e3o do Jud\u00f4 feminino no Rio Grande do Sul, que respingava tamb\u00e9m para um cen\u00e1rio nacional.<\/p>\n<\/div>\n\n\n\n<div class=\"wp-block-column is-layout-flow wp-block-column-is-layout-flow\">\n<p style=\"font-size:24px\">Teve uma trajet\u00f3ria vitoriosa no Jud\u00f4. Em 46 anos de jud\u00f4, foi campe\u00e3 brasileira, participou de um campeonato mundial (1980), campe\u00e3 brasileira universit\u00e1ria (1988) e 3\u00ba lugar em Jogos Sul \u2013 americano realizado no Peru em 1990.<\/p>\n\n\n\n<p style=\"font-size:24px\">Em 2007, ganhou a medalha de bronze no Campeonato Mundial Master em S\u00e3o Paulo. No ano seguinte, em 2008, ganhou a medalha de ouro, no Sul \u2013 Americano Master, evento foi realizado no estado do Rio Grande do Sul. E em 2009, teve duas conquistas, obteve o 1\u00ba lugar no primeiro Sul \u2013 Americano de Veteranos e o 1\u00ba lugar no Sul \u2013 Americano de Katas, no estado ga\u00facho.<\/p>\n<\/div>\n<\/div>\n<\/div><\/div>\n\n\n\n<div class=\"wp-block-buttons alignfull is-content-justification-center is-layout-flex wp-block-buttons-is-layout-flex\">\n<div class=\"wp-block-button is-style-outline is-style-outline--1\"><a class=\"wp-block-button__link\" href=\"https:\/\/acervosvirtuais.ufpel.edu.br\/museuvirtualdojudo\/colecao-iara-mary\/\">Cole\u00e7\u00e3o de fotos de iara mary <\/a><\/div>\n<\/div>\n\n\n\n<p><\/p>\n","protected":false},"excerpt":{"rendered":"<p>Iara Mary \u00e9 uma judoca ga\u00facha, que entrou na hist\u00f3ria do jud\u00f4 ga\u00facho e nacional feminino, ao representar o Brasil no 1\u00ba Campeonato Mundial Feminino que foi realizado em Nova York. Iara Mary foi vencedora de v\u00e1rios campeonatos ga\u00fachos e dominava o RS com suas t\u00e9cnicas e habilidades que o jud\u00f4 imp\u00f5e nos combates. Carrega [&hellip;]<\/p>\n","protected":false},"author":18,"featured_media":469,"parent":0,"menu_order":0,"comment_status":"closed","ping_status":"closed","template":"templates\/template-cover.php","meta":{"footnotes":""},"class_list":["post-460","page","type-page","status-publish","has-post-thumbnail","hentry"],"_links":{"self":[{"href":"https:\/\/acervosvirtuais.ufpel.edu.br\/museuvirtualdojudo\/wp-json\/wp\/v2\/pages\/460","targetHints":{"allow":["GET"]}}],"collection":[{"href":"https:\/\/acervosvirtuais.ufpel.edu.br\/museuvirtualdojudo\/wp-json\/wp\/v2\/pages"}],"about":[{"href":"https:\/\/acervosvirtuais.ufpel.edu.br\/museuvirtualdojudo\/wp-json\/wp\/v2\/types\/page"}],"author":[{"embeddable":true,"href":"https:\/\/acervosvirtuais.ufpel.edu.br\/museuvirtualdojudo\/wp-json\/wp\/v2\/users\/18"}],"replies":[{"embeddable":true,"href":"https:\/\/acervosvirtuais.ufpel.edu.br\/museuvirtualdojudo\/wp-json\/wp\/v2\/comments?post=460"}],"version-history":[{"count":23,"href":"https:\/\/acervosvirtuais.ufpel.edu.br\/museuvirtualdojudo\/wp-json\/wp\/v2\/pages\/460\/revisions"}],"predecessor-version":[{"id":683,"href":"https:\/\/acervosvirtuais.ufpel.edu.br\/museuvirtualdojudo\/wp-json\/wp\/v2\/pages\/460\/revisions\/683"}],"wp:featuredmedia":[{"embeddable":true,"href":"https:\/\/acervosvirtuais.ufpel.edu.br\/museuvirtualdojudo\/wp-json\/wp\/v2\/media\/469"}],"wp:attachment":[{"href":"https:\/\/acervosvirtuais.ufpel.edu.br\/museuvirtualdojudo\/wp-json\/wp\/v2\/media?parent=460"}],"curies":[{"name":"wp","href":"https:\/\/api.w.org\/{rel}","templated":true}]}}

<p class="has-drop-cap" style="font-size:24px">Iara Mary é uma judoca gaúcha, que entrou na história do judô gaúcho e nacional feminino, ao representar o Brasil no <strong>1º Campeonato Mundial Feminino</strong> que foi realizado em Nova York. </p>



<div class="wp-block-columns is-layout-flex wp-container-core-columns-is-layout-9d6595d7 wp-block-columns-is-layout-flex">
<div class="wp-block-column is-layout-flow wp-block-column-is-layout-flow">
<div class="wp-block-columns is-layout-flex wp-container-core-columns-is-layout-9d6595d7 wp-block-columns-is-layout-flex">
<div class="wp-block-column is-layout-flow wp-block-column-is-layout-flow">
<figure class="wp-block-image alignfull size-full is-style-default"><a href="https://acervosvirtuais.ufpel.edu.br/museuvirtualdojudo/wp-content/uploads/sites/12/2021/11/WhatsApp_Image_2021-10-14_at_15.14.42-removebg-preview.png"><img loading="lazy" decoding="async" width="577" height="433" src="https://acervosvirtuais.ufpel.edu.br/museuvirtualdojudo/wp-content/uploads/sites/12/2021/11/WhatsApp_Image_2021-10-14_at_15.14.42-removebg-preview.png" alt="" class="wp-image-462" srcset="https://acervosvirtuais.ufpel.edu.br/museuvirtualdojudo/wp-content/uploads/sites/12/2021/11/WhatsApp_Image_2021-10-14_at_15.14.42-removebg-preview.png 577w, https://acervosvirtuais.ufpel.edu.br/museuvirtualdojudo/wp-content/uploads/sites/12/2021/11/WhatsApp_Image_2021-10-14_at_15.14.42-removebg-preview-300x225.png 300w, https://acervosvirtuais.ufpel.edu.br/museuvirtualdojudo/wp-content/uploads/sites/12/2021/11/WhatsApp_Image_2021-10-14_at_15.14.42-removebg-preview-205x154.png 205w" sizes="auto, (max-width: 577px) 100vw, 577px" /></a><figcaption>Recorte de Jornal, 1980. </figcaption></figure>
</div>
</div>
</div>
</div>



<div class="wp-block-group"><div class="wp-block-group__inner-container is-layout-flow wp-block-group-is-layout-flow">
<div class="wp-block-columns is-layout-flex wp-container-core-columns-is-layout-9d6595d7 wp-block-columns-is-layout-flex">
<div class="wp-block-column is-layout-flow wp-block-column-is-layout-flow">
<p style="font-size:24px">Iara Mary foi vencedora de vários campeonatos gaúchos e dominava o RS com suas técnicas e habilidades que o judô impõe nos combates. Carrega também a representatividade de ser <strong>a 1º campeã Brasileira</strong> do estado do Rio Grande do Sul.</p>



<p style="font-size:24px">Ela foi uma das pioneiras para o desenvolvimento e valorização do Judô feminino no Rio Grande do Sul, que respingava também para um cenário nacional.</p>
</div>



<div class="wp-block-column is-layout-flow wp-block-column-is-layout-flow">
<p style="font-size:24px">Teve uma trajetória vitoriosa no Judô. Em 46 anos de judô, foi campeã brasileira, participou de um campeonato mundial (1980), campeã brasileira universitária (1988) e 3º lugar em Jogos Sul – americano realizado no Peru em 1990.</p>



<p style="font-size:24px">Em 2007, ganhou a medalha de bronze no Campeonato Mundial Master em São Paulo. No ano seguinte, em 2008, ganhou a medalha de ouro, no Sul – Americano Master, evento foi realizado no estado do Rio Grande do Sul. E em 2009, teve duas conquistas, obteve o 1º lugar no primeiro Sul – Americano de Veteranos e o 1º lugar no Sul – Americano de Katas, no estado gaúcho.</p>
</div>
</div>
</div></div>



<div class="wp-block-buttons alignfull is-content-justification-center is-layout-flex wp-block-buttons-is-layout-flex">
<div class="wp-block-button is-style-outline is-style-outline--1"><a class="wp-block-button__link" href="https://acervosvirtuais.ufpel.edu.br/museuvirtualdojudo/colecao-iara-mary/">Coleção de fotos de iara mary </a></div>
</div>



<p></p>

<p>Iara Mary é uma judoca gaúcha, que entrou na história do judô gaúcho e nacional feminino, ao representar o Brasil no 1º Campeonato Mundial Feminino que foi realizado em Nova York. Iara Mary foi vencedora de vários campeonatos gaúchos e dominava o RS com suas técnicas e habilidades que o judô impõe nos combates. Carrega [&hellip;]</p>
