{"id":263,"date":"2021-03-25T19:37:36","date_gmt":"2021-03-25T22:37:36","guid":{"rendered":"https:\/\/acervosvirtuais.ufpel.edu.br\/museudastelecomunicacoes\/?page_id=263"},"modified":"2021-05-18T09:32:39","modified_gmt":"2021-05-18T12:32:39","slug":"historia-na-ufpel","status":"publish","type":"page","link":"https:\/\/acervosvirtuais.ufpel.edu.br\/museudastelecomunicacoes\/historia-na-ufpel\/","title":{"rendered":"Hist\u00f3ria na UFPEL"},"content":{"rendered":"\n<p>Ao longo dos anos, o acervo passou por diferentes aloca\u00e7\u00f5es e projetos dentro da Universidade. Com a recente mudan\u00e7a de parte do Instituto de Ci\u00eancias Humanas para o pr\u00e9dio conhecido como Campus II, foi poss\u00edvel um novo espa\u00e7o para este acervo, permitindo a continuidade e efetiva\u00e7\u00e3o de novas a\u00e7\u00f5es de ensino, pesquisa e extens\u00e3o vinculadas ao Instituto de Ci\u00eancias Humanas.<\/p>\n\n\n\n<blockquote class=\"wp-block-quote is-layout-flow wp-block-quote-is-layout-flow\"><p>Atualmente, est\u00e1 em andamento o projeto unificado de ensino <em><strong>Organiza\u00e7\u00e3o, Documenta\u00e7\u00e3o e Conserva\u00e7\u00e3o Preventiva de Bens Culturais<\/strong><\/em>, com o intuito de incluir os alunos do curso de Conserva\u00e7\u00e3o e Restaura\u00e7\u00e3o de Bens Culturais M\u00f3veis e do curso de Museologia em a\u00e7\u00f5es de documenta\u00e7\u00e3o, higieniza\u00e7\u00e3o e organiza\u00e7\u00e3o. Estas atividades inserem-se no \u00e2mbito did\u00e1tico \u2013 pedag\u00f3gico dos cursos, e demonstram a import\u00e2ncia da multidisciplinaridade.<\/p><\/blockquote>\n","protected":false},"excerpt":{"rendered":"<p>Ao longo dos anos, o acervo passou por diferentes aloca\u00e7\u00f5es e projetos dentro da Universidade. Com a recente mudan\u00e7a de parte do Instituto de Ci\u00eancias Humanas para o pr\u00e9dio conhecido como Campus II, foi poss\u00edvel um novo espa\u00e7o para este acervo, permitindo a continuidade e efetiva\u00e7\u00e3o de novas a\u00e7\u00f5es de ensino, pesquisa e extens\u00e3o vinculadas [&hellip;]<\/p>\n","protected":false},"author":13,"featured_media":0,"parent":0,"menu_order":0,"comment_status":"closed","ping_status":"closed","template":"","meta":{"footnotes":""},"class_list":["post-263","page","type-page","status-publish","hentry"],"_links":{"self":[{"href":"https:\/\/acervosvirtuais.ufpel.edu.br\/museudastelecomunicacoes\/wp-json\/wp\/v2\/pages\/263","targetHints":{"allow":["GET"]}}],"collection":[{"href":"https:\/\/acervosvirtuais.ufpel.edu.br\/museudastelecomunicacoes\/wp-json\/wp\/v2\/pages"}],"about":[{"href":"https:\/\/acervosvirtuais.ufpel.edu.br\/museudastelecomunicacoes\/wp-json\/wp\/v2\/types\/page"}],"author":[{"embeddable":true,"href":"https:\/\/acervosvirtuais.ufpel.edu.br\/museudastelecomunicacoes\/wp-json\/wp\/v2\/users\/13"}],"replies":[{"embeddable":true,"href":"https:\/\/acervosvirtuais.ufpel.edu.br\/museudastelecomunicacoes\/wp-json\/wp\/v2\/comments?post=263"}],"version-history":[{"count":7,"href":"https:\/\/acervosvirtuais.ufpel.edu.br\/museudastelecomunicacoes\/wp-json\/wp\/v2\/pages\/263\/revisions"}],"predecessor-version":[{"id":382,"href":"https:\/\/acervosvirtuais.ufpel.edu.br\/museudastelecomunicacoes\/wp-json\/wp\/v2\/pages\/263\/revisions\/382"}],"wp:attachment":[{"href":"https:\/\/acervosvirtuais.ufpel.edu.br\/museudastelecomunicacoes\/wp-json\/wp\/v2\/media?parent=263"}],"curies":[{"name":"wp","href":"https:\/\/api.w.org\/{rel}","templated":true}]}}

História na UFPEL

<p>Ao longo dos anos, o acervo passou por diferentes alocações e projetos dentro da Universidade. Com a recente mudança de parte do Instituto de Ciências Humanas para o prédio conhecido como Campus II, foi possível um novo espaço para este acervo, permitindo a continuidade e efetivação de novas ações de ensino, pesquisa e extensão vinculadas ao Instituto de Ciências Humanas.</p>



<blockquote class="wp-block-quote is-layout-flow wp-block-quote-is-layout-flow"><p>Atualmente, está em andamento o projeto unificado de ensino <em><strong>Organização, Documentação e Conservação Preventiva de Bens Culturais</strong></em>, com o intuito de incluir os alunos do curso de Conservação e Restauração de Bens Culturais Móveis e do curso de Museologia em ações de documentação, higienização e organização. Estas atividades inserem-se no âmbito didático – pedagógico dos cursos, e demonstram a importância da multidisciplinaridade.</p></blockquote>

<p>Ao longo dos anos, o acervo passou por diferentes alocações e projetos dentro da Universidade. Com a recente mudança de parte do Instituto de Ciências Humanas para o prédio conhecido como Campus II, foi possível um novo espaço para este acervo, permitindo a continuidade e efetivação de novas ações de ensino, pesquisa e extensão vinculadas [&hellip;]</p>
