{"id":229,"date":"2021-03-25T17:09:17","date_gmt":"2021-03-25T20:09:17","guid":{"rendered":"https:\/\/acervosvirtuais.ufpel.edu.br\/museudastelecomunicacoes\/?page_id=229"},"modified":"2021-05-18T09:33:16","modified_gmt":"2021-05-18T12:33:16","slug":"acervo","status":"publish","type":"page","link":"https:\/\/acervosvirtuais.ufpel.edu.br\/museudastelecomunicacoes\/acervo\/","title":{"rendered":"Acervo"},"content":{"rendered":"\n<div class=\"wp-block-media-text alignwide has-media-on-the-right is-stacked-on-mobile\" style=\"grid-template-columns:auto 31%\"><figure class=\"wp-block-media-text__media\"><img loading=\"lazy\" decoding=\"async\" width=\"1024\" height=\"685\" src=\"https:\/\/acervosvirtuais.ufpel.edu.br\/museudastelecomunicacoes\/wp-content\/uploads\/sites\/5\/2021\/03\/Copia-de-DSC_1497-1-1024x685.jpg\" alt=\"\" class=\"wp-image-261 size-full\" srcset=\"https:\/\/acervosvirtuais.ufpel.edu.br\/museudastelecomunicacoes\/wp-content\/uploads\/sites\/5\/2021\/03\/Copia-de-DSC_1497-1-1024x685.jpg 1024w, https:\/\/acervosvirtuais.ufpel.edu.br\/museudastelecomunicacoes\/wp-content\/uploads\/sites\/5\/2021\/03\/Copia-de-DSC_1497-1-400x268.jpg 400w, https:\/\/acervosvirtuais.ufpel.edu.br\/museudastelecomunicacoes\/wp-content\/uploads\/sites\/5\/2021\/03\/Copia-de-DSC_1497-1-768x514.jpg 768w, https:\/\/acervosvirtuais.ufpel.edu.br\/museudastelecomunicacoes\/wp-content\/uploads\/sites\/5\/2021\/03\/Copia-de-DSC_1497-1-1536x1028.jpg 1536w, https:\/\/acervosvirtuais.ufpel.edu.br\/museudastelecomunicacoes\/wp-content\/uploads\/sites\/5\/2021\/03\/Copia-de-DSC_1497-1-2048x1371.jpg 2048w, https:\/\/acervosvirtuais.ufpel.edu.br\/museudastelecomunicacoes\/wp-content\/uploads\/sites\/5\/2021\/03\/Copia-de-DSC_1497-1-205x137.jpg 205w, https:\/\/acervosvirtuais.ufpel.edu.br\/museudastelecomunicacoes\/wp-content\/uploads\/sites\/5\/2021\/03\/Copia-de-DSC_1497-1-300x200.jpg 300w\" sizes=\"auto, (max-width: 1024px) 100vw, 1024px\" \/><\/figure><div class=\"wp-block-media-text__content\">\n<p class=\"has-text-align-center has-text-color has-background\" style=\"background-color:#efede9;color:#a5858c;font-size:17px\"><em><strong>O acervo do\u00a0Museu das Telecomunica\u00e7\u00f5es \u00e9 composto por uma ampla diversidade de objetos e materiais, estando a numera\u00e7\u00e3o, ainda n\u00e3o finalizada, em 935 objetos, dentre eles mobili\u00e1rio, material impresso, equipamentos e ferramentas de trabalho, fotografias, grava\u00e7\u00f5es dos depoimentos de antigos funcion\u00e1rios, cat\u00e1logos telef\u00f4nicos e telefones de diferentes per\u00edodos da hist\u00f3ria da empresa.<\/strong><\/em><\/p>\n<\/div><\/div>\n\n\n\n<div class=\"wp-block-image\"><figure class=\"aligncenter size-large is-resized\"><img loading=\"lazy\" decoding=\"async\" src=\"https:\/\/acervosvirtuais.ufpel.edu.br\/museudastelecomunicacoes\/wp-content\/uploads\/sites\/5\/2021\/05\/Foto-01-MT-Telefones-1024x724.jpg\" alt=\"\" class=\"wp-image-319\" width=\"895\" height=\"632\" srcset=\"https:\/\/acervosvirtuais.ufpel.edu.br\/museudastelecomunicacoes\/wp-content\/uploads\/sites\/5\/2021\/05\/Foto-01-MT-Telefones-1024x724.jpg 1024w, https:\/\/acervosvirtuais.ufpel.edu.br\/museudastelecomunicacoes\/wp-content\/uploads\/sites\/5\/2021\/05\/Foto-01-MT-Telefones-400x283.jpg 400w, https:\/\/acervosvirtuais.ufpel.edu.br\/museudastelecomunicacoes\/wp-content\/uploads\/sites\/5\/2021\/05\/Foto-01-MT-Telefones-768x543.jpg 768w, https:\/\/acervosvirtuais.ufpel.edu.br\/museudastelecomunicacoes\/wp-content\/uploads\/sites\/5\/2021\/05\/Foto-01-MT-Telefones-1536x1086.jpg 1536w, https:\/\/acervosvirtuais.ufpel.edu.br\/museudastelecomunicacoes\/wp-content\/uploads\/sites\/5\/2021\/05\/Foto-01-MT-Telefones-2048x1449.jpg 2048w, https:\/\/acervosvirtuais.ufpel.edu.br\/museudastelecomunicacoes\/wp-content\/uploads\/sites\/5\/2021\/05\/Foto-01-MT-Telefones-205x145.jpg 205w\" sizes=\"auto, (max-width: 895px) 100vw, 895px\" \/><\/figure><\/div>\n","protected":false},"excerpt":{"rendered":"<p>O acervo do\u00a0Museu das Telecomunica\u00e7\u00f5es \u00e9 composto por uma ampla diversidade de objetos e materiais, estando a numera\u00e7\u00e3o, ainda n\u00e3o finalizada, em 935 objetos, dentre eles mobili\u00e1rio, material impresso, equipamentos e ferramentas de trabalho, fotografias, grava\u00e7\u00f5es dos depoimentos de antigos funcion\u00e1rios, cat\u00e1logos telef\u00f4nicos e telefones de diferentes per\u00edodos da hist\u00f3ria da empresa.<\/p>\n","protected":false},"author":13,"featured_media":0,"parent":0,"menu_order":0,"comment_status":"closed","ping_status":"closed","template":"","meta":{"footnotes":""},"class_list":["post-229","page","type-page","status-publish","hentry"],"_links":{"self":[{"href":"https:\/\/acervosvirtuais.ufpel.edu.br\/museudastelecomunicacoes\/wp-json\/wp\/v2\/pages\/229","targetHints":{"allow":["GET"]}}],"collection":[{"href":"https:\/\/acervosvirtuais.ufpel.edu.br\/museudastelecomunicacoes\/wp-json\/wp\/v2\/pages"}],"about":[{"href":"https:\/\/acervosvirtuais.ufpel.edu.br\/museudastelecomunicacoes\/wp-json\/wp\/v2\/types\/page"}],"author":[{"embeddable":true,"href":"https:\/\/acervosvirtuais.ufpel.edu.br\/museudastelecomunicacoes\/wp-json\/wp\/v2\/users\/13"}],"replies":[{"embeddable":true,"href":"https:\/\/acervosvirtuais.ufpel.edu.br\/museudastelecomunicacoes\/wp-json\/wp\/v2\/comments?post=229"}],"version-history":[{"count":14,"href":"https:\/\/acervosvirtuais.ufpel.edu.br\/museudastelecomunicacoes\/wp-json\/wp\/v2\/pages\/229\/revisions"}],"predecessor-version":[{"id":383,"href":"https:\/\/acervosvirtuais.ufpel.edu.br\/museudastelecomunicacoes\/wp-json\/wp\/v2\/pages\/229\/revisions\/383"}],"wp:attachment":[{"href":"https:\/\/acervosvirtuais.ufpel.edu.br\/museudastelecomunicacoes\/wp-json\/wp\/v2\/media?parent=229"}],"curies":[{"name":"wp","href":"https:\/\/api.w.org\/{rel}","templated":true}]}}