{"id":2,"date":"2020-08-10T12:06:16","date_gmt":"2020-08-10T15:06:16","guid":{"rendered":"https:\/\/acervosvirtuais.ufpel.edu.br\/museudastelecomunicacoes\/?page_id=2"},"modified":"2021-05-18T09:28:13","modified_gmt":"2021-05-18T12:28:13","slug":"pagina-apresentacao","status":"publish","type":"page","link":"https:\/\/acervosvirtuais.ufpel.edu.br\/museudastelecomunicacoes\/","title":{"rendered":"Apresenta\u00e7\u00e3o"},"content":{"rendered":"\n<p class=\"has-drop-cap has-text-align-left\">No contexto de projetos de ensino, pesquisa e extens\u00e3o vinculados ao Instituto de Ci\u00eancias Humanas\/UFPEL, realiza-se a salvaguarda do acervo que pertencia ao museu da antiga\u00a0<em><strong>Companhia Telephonica de Melhoramento e Resistencia<\/strong><\/em><strong>\u00a0(CTMR)<\/strong>, que foi uma importante empresa para a cidade de Pelotas, de forma a preservar sua hist\u00f3ria \u00a0e os aspectos sociais, culturais e econ\u00f4micos da \u00e9poca, al\u00e9m de auxiliar no entendimento da evolu\u00e7\u00e3o tecnol\u00f3gica da telefonia, na regi\u00e3o sul do Rio Grande do Sul.<\/p>\n\n\n\n<div class=\"wp-block-image\"><figure class=\"aligncenter size-large is-resized\"><img loading=\"lazy\" decoding=\"async\" src=\"https:\/\/acervosvirtuais.ufpel.edu.br\/museudastelecomunicacoes\/wp-content\/uploads\/sites\/5\/2020\/12\/Foto-2_MT-scaled-1-1024x625.jpg\" alt=\"\" class=\"wp-image-31\" width=\"326\" height=\"199\" srcset=\"https:\/\/acervosvirtuais.ufpel.edu.br\/museudastelecomunicacoes\/wp-content\/uploads\/sites\/5\/2020\/12\/Foto-2_MT-scaled-1-1024x625.jpg 1024w, https:\/\/acervosvirtuais.ufpel.edu.br\/museudastelecomunicacoes\/wp-content\/uploads\/sites\/5\/2020\/12\/Foto-2_MT-scaled-1-400x244.jpg 400w, https:\/\/acervosvirtuais.ufpel.edu.br\/museudastelecomunicacoes\/wp-content\/uploads\/sites\/5\/2020\/12\/Foto-2_MT-scaled-1-768x469.jpg 768w, https:\/\/acervosvirtuais.ufpel.edu.br\/museudastelecomunicacoes\/wp-content\/uploads\/sites\/5\/2020\/12\/Foto-2_MT-scaled-1-1536x937.jpg 1536w, https:\/\/acervosvirtuais.ufpel.edu.br\/museudastelecomunicacoes\/wp-content\/uploads\/sites\/5\/2020\/12\/Foto-2_MT-scaled-1-2048x1250.jpg 2048w, https:\/\/acervosvirtuais.ufpel.edu.br\/museudastelecomunicacoes\/wp-content\/uploads\/sites\/5\/2020\/12\/Foto-2_MT-scaled-1-205x125.jpg 205w\" sizes=\"auto, (max-width: 326px) 100vw, 326px\" \/><\/figure><\/div>\n\n\n\n<blockquote class=\"wp-block-quote has-text-align-left is-layout-flow wp-block-quote-is-layout-flow\"><p>A CTMR iniciou suas atividades em 1919, na cidade de Pelotas. Em 1999, ap\u00f3s oito d\u00e9cadas de funcionamento, foi adquirida pela Brasil Telecom. Os objetos pertencentes ao Museu CTMR, com sede no pr\u00e9dio central da empresa, incluindo documentos, fotografias e equipamentos, foram enviados para Bras\u00edlia. Devido ao empenho e mobiliza\u00e7\u00e3o de entidades e institui\u00e7\u00f5es pelotenses,\u00a0 lideradas pelo Centro de Diretores Lojistas de Pelotas (CDL), o acervo retornou para a cidade, permanecendo sob a guarda da UFPEL, desde 2003.<\/p><\/blockquote>\n\n\n\n<div class=\"wp-block-media-text alignwide has-media-on-the-right is-stacked-on-mobile\" style=\"grid-template-columns:auto 28%\"><figure class=\"wp-block-media-text__media\"><img loading=\"lazy\" decoding=\"async\" width=\"1024\" height=\"723\" src=\"https:\/\/acervosvirtuais.ufpel.edu.br\/museudastelecomunicacoes\/wp-content\/uploads\/sites\/5\/2021\/03\/Copia-de-IMG_20200513_103840890-2-1024x723.jpg\" alt=\"\" class=\"wp-image-258 size-full\" srcset=\"https:\/\/acervosvirtuais.ufpel.edu.br\/museudastelecomunicacoes\/wp-content\/uploads\/sites\/5\/2021\/03\/Copia-de-IMG_20200513_103840890-2-1024x723.jpg 1024w, https:\/\/acervosvirtuais.ufpel.edu.br\/museudastelecomunicacoes\/wp-content\/uploads\/sites\/5\/2021\/03\/Copia-de-IMG_20200513_103840890-2-400x282.jpg 400w, https:\/\/acervosvirtuais.ufpel.edu.br\/museudastelecomunicacoes\/wp-content\/uploads\/sites\/5\/2021\/03\/Copia-de-IMG_20200513_103840890-2-768x542.jpg 768w, https:\/\/acervosvirtuais.ufpel.edu.br\/museudastelecomunicacoes\/wp-content\/uploads\/sites\/5\/2021\/03\/Copia-de-IMG_20200513_103840890-2-1536x1084.jpg 1536w, https:\/\/acervosvirtuais.ufpel.edu.br\/museudastelecomunicacoes\/wp-content\/uploads\/sites\/5\/2021\/03\/Copia-de-IMG_20200513_103840890-2-2048x1445.jpg 2048w, https:\/\/acervosvirtuais.ufpel.edu.br\/museudastelecomunicacoes\/wp-content\/uploads\/sites\/5\/2021\/03\/Copia-de-IMG_20200513_103840890-2-205x145.jpg 205w\" sizes=\"auto, (max-width: 1024px) 100vw, 1024px\" \/><\/figure><div class=\"wp-block-media-text__content\">\n<p class=\"has-text-align-center\">Assim, este acervo simboliza a mem\u00f3ria desta \u00e9poca, apresentando o processo de evolu\u00e7\u00e3o do setor da telecomunica\u00e7\u00e3o e estabelecendo um di\u00e1logo entre o passado e o presente.<\/p>\n<\/div><\/div>\n\n\n\n<p><\/p>\n","protected":false},"excerpt":{"rendered":"<p>No contexto de projetos de ensino, pesquisa e extens\u00e3o vinculados ao Instituto de Ci\u00eancias Humanas\/UFPEL, realiza-se a salvaguarda do acervo que pertencia ao museu da antiga\u00a0Companhia Telephonica de Melhoramento e Resistencia\u00a0(CTMR), que foi uma importante empresa para a cidade de Pelotas, de forma a preservar sua hist\u00f3ria \u00a0e os aspectos sociais, culturais e econ\u00f4micos da [&hellip;]<\/p>\n","protected":false},"author":7,"featured_media":0,"parent":0,"menu_order":0,"comment_status":"closed","ping_status":"closed","template":"","meta":{"footnotes":""},"class_list":["post-2","page","type-page","status-publish","hentry"],"_links":{"self":[{"href":"https:\/\/acervosvirtuais.ufpel.edu.br\/museudastelecomunicacoes\/wp-json\/wp\/v2\/pages\/2","targetHints":{"allow":["GET"]}}],"collection":[{"href":"https:\/\/acervosvirtuais.ufpel.edu.br\/museudastelecomunicacoes\/wp-json\/wp\/v2\/pages"}],"about":[{"href":"https:\/\/acervosvirtuais.ufpel.edu.br\/museudastelecomunicacoes\/wp-json\/wp\/v2\/types\/page"}],"author":[{"embeddable":true,"href":"https:\/\/acervosvirtuais.ufpel.edu.br\/museudastelecomunicacoes\/wp-json\/wp\/v2\/users\/7"}],"replies":[{"embeddable":true,"href":"https:\/\/acervosvirtuais.ufpel.edu.br\/museudastelecomunicacoes\/wp-json\/wp\/v2\/comments?post=2"}],"version-history":[{"count":4,"href":"https:\/\/acervosvirtuais.ufpel.edu.br\/museudastelecomunicacoes\/wp-json\/wp\/v2\/pages\/2\/revisions"}],"predecessor-version":[{"id":378,"href":"https:\/\/acervosvirtuais.ufpel.edu.br\/museudastelecomunicacoes\/wp-json\/wp\/v2\/pages\/2\/revisions\/378"}],"wp:attachment":[{"href":"https:\/\/acervosvirtuais.ufpel.edu.br\/museudastelecomunicacoes\/wp-json\/wp\/v2\/media?parent=2"}],"curies":[{"name":"wp","href":"https:\/\/api.w.org\/{rel}","templated":true}]}}