{"id":44098,"date":"2022-12-11T23:22:29","date_gmt":"2022-12-12T02:22:29","guid":{"rendered":"https:\/\/acervosvirtuais.ufpel.edu.br\/museuafrobrasilsul\/?post_type=tnc_col_25_item&#038;p=44098"},"modified":"2022-12-11T23:26:14","modified_gmt":"2022-12-12T02:26:14","slug":"batuque-no-ile-reino-de-ossae-e-oxala-nacao-ijexa-28","status":"publish","type":"tnc_col_25_item","link":"https:\/\/acervosvirtuais.ufpel.edu.br\/museuafrobrasilsul\/mabsul\/batuque-no-ile-reino-de-ossae-e-oxala-nacao-ijexa-28\/","title":{"rendered":"Batuque no Il\u00ea  Reino De Oss\u00e3e E Oxal\u00e1 Na\u00e7\u00e3o Ijex\u00e1."},"content":{"rendered":"<p>Fotografia de M\u00e3e Jordana acompanhada de M\u00e3e Lorena e Babalorix\u00e1 Paulo Reis<\/p>\n","protected":false},"featured_media":44099,"parent":0,"menu_order":0,"comment_status":"closed","ping_status":"closed","template":"","format":"standard","class_list":["post-44098","tnc_col_25_item","type-tnc_col_25_item","status-publish","format-standard","has-post-thumbnail","hentry","tnc_tax_149-renan-lemos","tnc_tax_121-religiosidade","tnc_tax_56-google-drive","tnc_tax_53-mae-jordana-doxala","tnc_tax_50-fotografia"],"jetpack_sharing_enabled":true,"_links":{"self":[{"href":"https:\/\/acervosvirtuais.ufpel.edu.br\/museuafrobrasilsul\/wp-json\/wp\/v2\/tnc_col_25_item\/44098","targetHints":{"allow":["GET"]}}],"collection":[{"href":"https:\/\/acervosvirtuais.ufpel.edu.br\/museuafrobrasilsul\/wp-json\/wp\/v2\/tnc_col_25_item"}],"about":[{"href":"https:\/\/acervosvirtuais.ufpel.edu.br\/museuafrobrasilsul\/wp-json\/wp\/v2\/types\/tnc_col_25_item"}],"replies":[{"embeddable":true,"href":"https:\/\/acervosvirtuais.ufpel.edu.br\/museuafrobrasilsul\/wp-json\/wp\/v2\/comments?post=44098"}],"version-history":[{"count":1,"href":"https:\/\/acervosvirtuais.ufpel.edu.br\/museuafrobrasilsul\/wp-json\/wp\/v2\/tnc_col_25_item\/44098\/revisions"}],"predecessor-version":[{"id":44152,"href":"https:\/\/acervosvirtuais.ufpel.edu.br\/museuafrobrasilsul\/wp-json\/wp\/v2\/tnc_col_25_item\/44098\/revisions\/44152"}],"wp:featuredmedia":[{"embeddable":true,"href":"https:\/\/acervosvirtuais.ufpel.edu.br\/museuafrobrasilsul\/wp-json\/wp\/v2\/media\/44099"}],"wp:attachment":[{"href":"https:\/\/acervosvirtuais.ufpel.edu.br\/museuafrobrasilsul\/wp-json\/wp\/v2\/media?parent=44098"}],"curies":[{"name":"wp","href":"https:\/\/api.w.org\/{rel}","templated":true}]}}

Batuque no Ilê  Reino De Ossãe E Oxalá Nação Ijexá.

<p>Fotografia de Mãe Jordana acompanhada de Mãe Lorena e Babalorixá Paulo Reis</p>
