{"id":44046,"date":"2022-12-11T23:16:33","date_gmt":"2022-12-12T02:16:33","guid":{"rendered":"https:\/\/acervosvirtuais.ufpel.edu.br\/museuafrobrasilsul\/?post_type=tnc_col_25_item&#038;p=44046"},"modified":"2022-12-20T10:31:24","modified_gmt":"2022-12-20T13:31:24","slug":"batuque-no-ile-reino-de-ossae-e-oxala-nacao-ijexa-27","status":"publish","type":"tnc_col_25_item","link":"https:\/\/acervosvirtuais.ufpel.edu.br\/museuafrobrasilsul\/mabsul\/batuque-no-ile-reino-de-ossae-e-oxala-nacao-ijexa-27\/","title":{"rendered":"Pai Junior de Ossaim, M\u00e3e Lorena de Iemanj\u00e1 e irm\u00e3os de religi\u00e3o &#8211; Batuque no Il\u00ea  Reino De Oss\u00e3e E Oxal\u00e1 Na\u00e7\u00e3o Ijex\u00e1."},"content":{"rendered":"<p>Fotografia de M\u00e3e Jordana acompanhada de v\u00e1rias pessoas<\/p>\n","protected":false},"featured_media":44047,"parent":0,"menu_order":0,"comment_status":"closed","ping_status":"closed","template":"","format":"standard","class_list":["post-44046","tnc_col_25_item","type-tnc_col_25_item","status-publish","format-standard","has-post-thumbnail","hentry","tnc_tax_149-renan-lemos","tnc_tax_121-religiosidade","tnc_tax_56-google-drive","tnc_tax_53-mae-jordana-doxala","tnc_tax_50-fotografia"],"jetpack_sharing_enabled":true,"_links":{"self":[{"href":"https:\/\/acervosvirtuais.ufpel.edu.br\/museuafrobrasilsul\/wp-json\/wp\/v2\/tnc_col_25_item\/44046","targetHints":{"allow":["GET"]}}],"collection":[{"href":"https:\/\/acervosvirtuais.ufpel.edu.br\/museuafrobrasilsul\/wp-json\/wp\/v2\/tnc_col_25_item"}],"about":[{"href":"https:\/\/acervosvirtuais.ufpel.edu.br\/museuafrobrasilsul\/wp-json\/wp\/v2\/types\/tnc_col_25_item"}],"replies":[{"embeddable":true,"href":"https:\/\/acervosvirtuais.ufpel.edu.br\/museuafrobrasilsul\/wp-json\/wp\/v2\/comments?post=44046"}],"version-history":[{"count":16,"href":"https:\/\/acervosvirtuais.ufpel.edu.br\/museuafrobrasilsul\/wp-json\/wp\/v2\/tnc_col_25_item\/44046\/revisions"}],"predecessor-version":[{"id":44569,"href":"https:\/\/acervosvirtuais.ufpel.edu.br\/museuafrobrasilsul\/wp-json\/wp\/v2\/tnc_col_25_item\/44046\/revisions\/44569"}],"wp:featuredmedia":[{"embeddable":true,"href":"https:\/\/acervosvirtuais.ufpel.edu.br\/museuafrobrasilsul\/wp-json\/wp\/v2\/media\/44047"}],"wp:attachment":[{"href":"https:\/\/acervosvirtuais.ufpel.edu.br\/museuafrobrasilsul\/wp-json\/wp\/v2\/media?parent=44046"}],"curies":[{"name":"wp","href":"https:\/\/api.w.org\/{rel}","templated":true}]}}

Pai Junior de Ossaim, Mãe Lorena de Iemanjá e irmãos de religião &#8211; Batuque no Ilê  Reino De Ossãe E Oxalá Nação Ijexá.

<p>Fotografia de Mãe Jordana acompanhada de várias pessoas</p>
