{"id":43604,"date":"2022-12-11T21:55:34","date_gmt":"2022-12-12T00:55:34","guid":{"rendered":"https:\/\/acervosvirtuais.ufpel.edu.br\/museuafrobrasilsul\/?post_type=tnc_col_25_item&#038;p=43604"},"modified":"2022-12-11T22:38:26","modified_gmt":"2022-12-12T01:38:26","slug":"batuque-no-ile-reino-de-ossae-e-oxala-nacao-ijexa-19","status":"publish","type":"tnc_col_25_item","link":"https:\/\/acervosvirtuais.ufpel.edu.br\/museuafrobrasilsul\/mabsul\/batuque-no-ile-reino-de-ossae-e-oxala-nacao-ijexa-19\/","title":{"rendered":"Batuque no Il\u00ea  Reino De Oss\u00e3e E Oxal\u00e1 Na\u00e7\u00e3o Ijex\u00e1."},"content":{"rendered":"<p>V\u00eddeo gravado durante o batuque<\/p>\n","protected":false},"featured_media":43655,"parent":0,"menu_order":0,"comment_status":"closed","ping_status":"closed","template":"","format":"standard","class_list":["post-43604","tnc_col_25_item","type-tnc_col_25_item","status-publish","format-standard","has-post-thumbnail","hentry","tnc_tax_149-renan-lemos","tnc_tax_121-religiosidade","tnc_tax_56-google-drive","tnc_tax_53-mae-jordana-doxala","tnc_tax_50-fotografia"],"jetpack_sharing_enabled":true,"_links":{"self":[{"href":"https:\/\/acervosvirtuais.ufpel.edu.br\/museuafrobrasilsul\/wp-json\/wp\/v2\/tnc_col_25_item\/43604","targetHints":{"allow":["GET"]}}],"collection":[{"href":"https:\/\/acervosvirtuais.ufpel.edu.br\/museuafrobrasilsul\/wp-json\/wp\/v2\/tnc_col_25_item"}],"about":[{"href":"https:\/\/acervosvirtuais.ufpel.edu.br\/museuafrobrasilsul\/wp-json\/wp\/v2\/types\/tnc_col_25_item"}],"replies":[{"embeddable":true,"href":"https:\/\/acervosvirtuais.ufpel.edu.br\/museuafrobrasilsul\/wp-json\/wp\/v2\/comments?post=43604"}],"version-history":[{"count":1,"href":"https:\/\/acervosvirtuais.ufpel.edu.br\/museuafrobrasilsul\/wp-json\/wp\/v2\/tnc_col_25_item\/43604\/revisions"}],"predecessor-version":[{"id":43652,"href":"https:\/\/acervosvirtuais.ufpel.edu.br\/museuafrobrasilsul\/wp-json\/wp\/v2\/tnc_col_25_item\/43604\/revisions\/43652"}],"wp:featuredmedia":[{"embeddable":true,"href":"https:\/\/acervosvirtuais.ufpel.edu.br\/museuafrobrasilsul\/wp-json\/wp\/v2\/media\/43655"}],"wp:attachment":[{"href":"https:\/\/acervosvirtuais.ufpel.edu.br\/museuafrobrasilsul\/wp-json\/wp\/v2\/media?parent=43604"}],"curies":[{"name":"wp","href":"https:\/\/api.w.org\/{rel}","templated":true}]}}

Batuque no Ilê  Reino De Ossãe E Oxalá Nação Ijexá.

<p>Vídeo gravado durante o batuque</p>
