{"id":19589,"date":"2022-03-28T17:49:40","date_gmt":"2022-03-28T20:49:40","guid":{"rendered":"https:\/\/acervosvirtuais.ufpel.edu.br\/museuafrobrasilsul\/?post_type=tnc_col_25_item&#038;p=19589"},"modified":"2022-04-08T14:34:35","modified_gmt":"2022-04-08T17:34:35","slug":"_dsc6461-jpg","status":"publish","type":"tnc_col_25_item","link":"https:\/\/acervosvirtuais.ufpel.edu.br\/museuafrobrasilsul\/mabsul\/_dsc6461-jpg\/","title":{"rendered":"Escola de samba Samba no P\u00e9 03_ integrante da Comiss\u00e3o de Frente. Arroio Grande &#8211; 2016"},"content":{"rendered":"<p>E.S. Samba no P\u00e9 &#8211; Carnaval 2016 &#8211; Arroio Grande.<\/p>\n","protected":false},"featured_media":19595,"parent":0,"menu_order":0,"comment_status":"closed","ping_status":"closed","template":"","format":"standard","class_list":["post-19589","tnc_col_25_item","type-tnc_col_25_item","status-publish","format-standard","has-post-thumbnail","hentry","tnc_tax_149-rosemar-gomes-lemos","tnc_tax_121-carnaval","tnc_tax_56-google-drive","tnc_tax_53-rosemar-gomes-lemos","tnc_tax_50-fotografia"],"jetpack_sharing_enabled":true,"_links":{"self":[{"href":"https:\/\/acervosvirtuais.ufpel.edu.br\/museuafrobrasilsul\/wp-json\/wp\/v2\/tnc_col_25_item\/19589","targetHints":{"allow":["GET"]}}],"collection":[{"href":"https:\/\/acervosvirtuais.ufpel.edu.br\/museuafrobrasilsul\/wp-json\/wp\/v2\/tnc_col_25_item"}],"about":[{"href":"https:\/\/acervosvirtuais.ufpel.edu.br\/museuafrobrasilsul\/wp-json\/wp\/v2\/types\/tnc_col_25_item"}],"replies":[{"embeddable":true,"href":"https:\/\/acervosvirtuais.ufpel.edu.br\/museuafrobrasilsul\/wp-json\/wp\/v2\/comments?post=19589"}],"version-history":[{"count":4,"href":"https:\/\/acervosvirtuais.ufpel.edu.br\/museuafrobrasilsul\/wp-json\/wp\/v2\/tnc_col_25_item\/19589\/revisions"}],"predecessor-version":[{"id":22374,"href":"https:\/\/acervosvirtuais.ufpel.edu.br\/museuafrobrasilsul\/wp-json\/wp\/v2\/tnc_col_25_item\/19589\/revisions\/22374"}],"wp:featuredmedia":[{"embeddable":true,"href":"https:\/\/acervosvirtuais.ufpel.edu.br\/museuafrobrasilsul\/wp-json\/wp\/v2\/media\/19595"}],"wp:attachment":[{"href":"https:\/\/acervosvirtuais.ufpel.edu.br\/museuafrobrasilsul\/wp-json\/wp\/v2\/media?parent=19589"}],"curies":[{"name":"wp","href":"https:\/\/api.w.org\/{rel}","templated":true}]}}

Escola de samba Samba no Pé 03_ integrante da Comissão de Frente. Arroio Grande &#8211; 2016

<p>E.S. Samba no Pé &#8211; Carnaval 2016 &#8211; Arroio Grande.</p>
