{"id":31736,"date":"2022-07-27T16:18:12","date_gmt":"2022-07-27T19:18:12","guid":{"rendered":"https:\/\/acervosvirtuais.ufpel.edu.br\/museuafrobrasilsul\/?page_id=31736"},"modified":"2022-08-07T10:04:43","modified_gmt":"2022-08-07T13:04:43","slug":"tecnologias-ancestrais","status":"publish","type":"page","link":"https:\/\/acervosvirtuais.ufpel.edu.br\/museuafrobrasilsul\/tecnologias-ancestrais\/","title":{"rendered":"Tecnologias Ancestrais"},"content":{"rendered":"\n<div class=\"wp-block-columns are-vertically-aligned-top is-layout-flex wp-container-core-columns-is-layout-28f84493 wp-block-columns-is-layout-flex\">\n<div class=\"wp-block-column is-vertically-aligned-top is-layout-flow wp-block-column-is-layout-flow\" style=\"flex-basis:400px\">\n<figure class=\"wp-block-embed is-type-video is-provider-youtube wp-block-embed-youtube wp-embed-aspect-4-3 wp-has-aspect-ratio\"><div class=\"wp-block-embed__wrapper\">\n<iframe loading=\"lazy\" title=\"13 - A \u00c1frica antes do s\u00e9culo XV - Hist\u00f3ria - Ens. M\u00e9dio - Telecurso\" width=\"1333\" height=\"1000\" src=\"https:\/\/www.youtube.com\/embed\/hSDhPrMz7IQ?feature=oembed\" frameborder=\"0\" allow=\"accelerometer; autoplay; clipboard-write; encrypted-media; gyroscope; picture-in-picture\" allowfullscreen><\/iframe>\n<\/div><figcaption><strong>13 &#8211; A \u00c1frica antes do s\u00e9culo XV &#8211; Hist\u00f3ria &#8211; Ens. M\u00e9dio &#8211; Telecurso<br><\/strong><mark style=\"background-color:rgba(0, 0, 0, 0);color:#555555\" class=\"has-inline-color\"><strong>2012<\/strong><\/mark> <em>(Fonte: <a href=\"https:\/\/www.youtube.com\/user\/TelecursoNovo\">Novo Telecurso<\/a>)<\/em><\/figcaption><\/figure>\n<\/div>\n\n\n\n<div class=\"wp-block-column is-vertically-aligned-top is-layout-flow wp-block-column-is-layout-flow\" style=\"flex-basis:400px\">\n<figure class=\"wp-block-embed is-type-video is-provider-youtube wp-block-embed-youtube wp-embed-aspect-4-3 wp-has-aspect-ratio\"><div class=\"wp-block-embed__wrapper\">\n<iframe loading=\"lazy\" title=\"\u00c1frica antes do s\u00e9culo XV\" width=\"1333\" height=\"1000\" src=\"https:\/\/www.youtube.com\/embed\/e0pIEciqvSk?feature=oembed\" frameborder=\"0\" allow=\"accelerometer; autoplay; clipboard-write; encrypted-media; gyroscope; picture-in-picture\" allowfullscreen><\/iframe>\n<\/div><figcaption><strong>\u00c1frica antes do s\u00e9culo XV<\/strong><br><mark style=\"background-color:rgba(0, 0, 0, 0);color:#555555\" class=\"has-inline-color\"><strong>2019<\/strong><\/mark> <em>(Fonte: <a rel=\"noreferrer noopener\" href=\"https:\/\/www.youtube.com\/channel\/UCaO9WnI8fxiKVjnozjnvU_g\" target=\"_blank\">Anna L\u00edvia Gomes<\/a>)<\/em><\/figcaption><\/figure>\n<\/div>\n\n\n\n<div class=\"wp-block-column is-vertically-aligned-top is-layout-flow wp-block-column-is-layout-flow\" style=\"flex-basis:400px\">\n<figure class=\"wp-block-embed is-type-video is-provider-youtube wp-block-embed-youtube wp-embed-aspect-16-9 wp-has-aspect-ratio\"><div class=\"wp-block-embed__wrapper\">\n<iframe loading=\"lazy\" title=\"Reinos africanos | Tempo de Estudar | Hist\u00f3ria | Rioeduca na TV\" width=\"1400\" height=\"788\" src=\"https:\/\/www.youtube.com\/embed\/dlWDqETvUjo?feature=oembed\" frameborder=\"0\" allow=\"accelerometer; autoplay; clipboard-write; encrypted-media; gyroscope; picture-in-picture\" allowfullscreen><\/iframe>\n<\/div><figcaption><strong>Reinos africanos | Tempo de Estudar | Hist\u00f3ria | Rioeduca na TV<br><\/strong><mark style=\"background-color:rgba(0, 0, 0, 0);color:#555555\" class=\"has-inline-color\"><strong>2018<\/strong><\/mark> <em>(Fonte: <a href=\"https:\/\/www.youtube.com\/channel\/UCaO9WnI8fxiKVjnozjnvU_g\"><\/a><a href=\"https:\/\/www.youtube.com\/user\/MULTIRIOSME\">MultiRio<\/a>)<\/em><\/figcaption><\/figure>\n<\/div>\n<\/div>\n\n\n\n<div class=\"wp-block-columns are-vertically-aligned-top is-layout-flex wp-container-core-columns-is-layout-28f84493 wp-block-columns-is-layout-flex\">\n<div class=\"wp-block-column is-vertically-aligned-top is-layout-flow wp-block-column-is-layout-flow\" style=\"flex-basis:400px\">\n<figure class=\"wp-block-embed is-type-video is-provider-youtube wp-block-embed-youtube wp-embed-aspect-16-9 wp-has-aspect-ratio\"><div class=\"wp-block-embed__wrapper\">\n<iframe loading=\"lazy\" title=\"Rodolfo Correa (Ojos del Mundo) - Parte I | #01 Cole\u00e7\u00e3o Tecnologias Ancestrais\" width=\"1400\" height=\"788\" src=\"https:\/\/www.youtube.com\/embed\/lh96vDSvp94?feature=oembed\" frameborder=\"0\" allow=\"accelerometer; autoplay; clipboard-write; encrypted-media; gyroscope; picture-in-picture\" allowfullscreen><\/iframe>\n<\/div><figcaption><strong>Rodolfo Correa (Ojos del Mundo) &#8211; Parte I | #01 Cole\u00e7\u00e3o Tecnologias Ancestrais<br><\/strong><mark style=\"background-color:rgba(0, 0, 0, 0);color:#555555\" class=\"has-inline-color\"><strong>2022<\/strong><\/mark><\/figcaption><\/figure>\n<\/div>\n\n\n\n<div class=\"wp-block-column is-vertically-aligned-top is-layout-flow wp-block-column-is-layout-flow\" style=\"flex-basis:400px\"><\/div>\n\n\n\n<div class=\"wp-block-column is-vertically-aligned-top is-layout-flow wp-block-column-is-layout-flow\" style=\"flex-basis:400px\"><\/div>\n<\/div>\n","protected":false},"excerpt":{"rendered":"","protected":false},"author":6,"featured_media":0,"parent":0,"menu_order":0,"comment_status":"closed","ping_status":"closed","template":"","meta":{"footnotes":""},"class_list":["post-31736","page","type-page","status-publish","hentry"],"jetpack_sharing_enabled":true,"_links":{"self":[{"href":"https:\/\/acervosvirtuais.ufpel.edu.br\/museuafrobrasilsul\/wp-json\/wp\/v2\/pages\/31736","targetHints":{"allow":["GET"]}}],"collection":[{"href":"https:\/\/acervosvirtuais.ufpel.edu.br\/museuafrobrasilsul\/wp-json\/wp\/v2\/pages"}],"about":[{"href":"https:\/\/acervosvirtuais.ufpel.edu.br\/museuafrobrasilsul\/wp-json\/wp\/v2\/types\/page"}],"author":[{"embeddable":true,"href":"https:\/\/acervosvirtuais.ufpel.edu.br\/museuafrobrasilsul\/wp-json\/wp\/v2\/users\/6"}],"replies":[{"embeddable":true,"href":"https:\/\/acervosvirtuais.ufpel.edu.br\/museuafrobrasilsul\/wp-json\/wp\/v2\/comments?post=31736"}],"version-history":[{"count":4,"href":"https:\/\/acervosvirtuais.ufpel.edu.br\/museuafrobrasilsul\/wp-json\/wp\/v2\/pages\/31736\/revisions"}],"predecessor-version":[{"id":39587,"href":"https:\/\/acervosvirtuais.ufpel.edu.br\/museuafrobrasilsul\/wp-json\/wp\/v2\/pages\/31736\/revisions\/39587"}],"wp:attachment":[{"href":"https:\/\/acervosvirtuais.ufpel.edu.br\/museuafrobrasilsul\/wp-json\/wp\/v2\/media?parent=31736"}],"curies":[{"name":"wp","href":"https:\/\/api.w.org\/{rel}","templated":true}]}}

<div class="wp-block-columns are-vertically-aligned-top is-layout-flex wp-container-core-columns-is-layout-28f84493 wp-block-columns-is-layout-flex">
<div class="wp-block-column is-vertically-aligned-top is-layout-flow wp-block-column-is-layout-flow" style="flex-basis:400px">
<figure class="wp-block-embed is-type-video is-provider-youtube wp-block-embed-youtube wp-embed-aspect-4-3 wp-has-aspect-ratio"><div class="wp-block-embed__wrapper">
<iframe loading="lazy" title="13 - A África antes do século XV - História - Ens. Médio - Telecurso" width="1333" height="1000" src="https://www.youtube.com/embed/hSDhPrMz7IQ?feature=oembed" frameborder="0" allow="accelerometer; autoplay; clipboard-write; encrypted-media; gyroscope; picture-in-picture" allowfullscreen></iframe>
</div><figcaption><strong>13 &#8211; A África antes do século XV &#8211; História &#8211; Ens. Médio &#8211; Telecurso<br></strong><mark style="background-color:rgba(0, 0, 0, 0);color:#555555" class="has-inline-color"><strong>2012</strong></mark> <em>(Fonte: <a href="https://www.youtube.com/user/TelecursoNovo">Novo Telecurso</a>)</em></figcaption></figure>
</div>



<div class="wp-block-column is-vertically-aligned-top is-layout-flow wp-block-column-is-layout-flow" style="flex-basis:400px">
<figure class="wp-block-embed is-type-video is-provider-youtube wp-block-embed-youtube wp-embed-aspect-4-3 wp-has-aspect-ratio"><div class="wp-block-embed__wrapper">
<iframe loading="lazy" title="África antes do século XV" width="1333" height="1000" src="https://www.youtube.com/embed/e0pIEciqvSk?feature=oembed" frameborder="0" allow="accelerometer; autoplay; clipboard-write; encrypted-media; gyroscope; picture-in-picture" allowfullscreen></iframe>
</div><figcaption><strong>África antes do século XV</strong><br><mark style="background-color:rgba(0, 0, 0, 0);color:#555555" class="has-inline-color"><strong>2019</strong></mark> <em>(Fonte: <a rel="noreferrer noopener" href="https://www.youtube.com/channel/UCaO9WnI8fxiKVjnozjnvU_g" target="_blank">Anna Lívia Gomes</a>)</em></figcaption></figure>
</div>



<div class="wp-block-column is-vertically-aligned-top is-layout-flow wp-block-column-is-layout-flow" style="flex-basis:400px">
<figure class="wp-block-embed is-type-video is-provider-youtube wp-block-embed-youtube wp-embed-aspect-16-9 wp-has-aspect-ratio"><div class="wp-block-embed__wrapper">
<iframe loading="lazy" title="Reinos africanos | Tempo de Estudar | História | Rioeduca na TV" width="1400" height="788" src="https://www.youtube.com/embed/dlWDqETvUjo?feature=oembed" frameborder="0" allow="accelerometer; autoplay; clipboard-write; encrypted-media; gyroscope; picture-in-picture" allowfullscreen></iframe>
</div><figcaption><strong>Reinos africanos | Tempo de Estudar | História | Rioeduca na TV<br></strong><mark style="background-color:rgba(0, 0, 0, 0);color:#555555" class="has-inline-color"><strong>2018</strong></mark> <em>(Fonte: <a href="https://www.youtube.com/channel/UCaO9WnI8fxiKVjnozjnvU_g"></a><a href="https://www.youtube.com/user/MULTIRIOSME">MultiRio</a>)</em></figcaption></figure>
</div>
</div>



<div class="wp-block-columns are-vertically-aligned-top is-layout-flex wp-container-core-columns-is-layout-28f84493 wp-block-columns-is-layout-flex">
<div class="wp-block-column is-vertically-aligned-top is-layout-flow wp-block-column-is-layout-flow" style="flex-basis:400px">
<figure class="wp-block-embed is-type-video is-provider-youtube wp-block-embed-youtube wp-embed-aspect-16-9 wp-has-aspect-ratio"><div class="wp-block-embed__wrapper">
<iframe loading="lazy" title="Rodolfo Correa (Ojos del Mundo) - Parte I | #01 Coleção Tecnologias Ancestrais" width="1400" height="788" src="https://www.youtube.com/embed/lh96vDSvp94?feature=oembed" frameborder="0" allow="accelerometer; autoplay; clipboard-write; encrypted-media; gyroscope; picture-in-picture" allowfullscreen></iframe>
</div><figcaption><strong>Rodolfo Correa (Ojos del Mundo) &#8211; Parte I | #01 Coleção Tecnologias Ancestrais<br></strong><mark style="background-color:rgba(0, 0, 0, 0);color:#555555" class="has-inline-color"><strong>2022</strong></mark></figcaption></figure>
</div>



<div class="wp-block-column is-vertically-aligned-top is-layout-flow wp-block-column-is-layout-flow" style="flex-basis:400px"></div>



<div class="wp-block-column is-vertically-aligned-top is-layout-flow wp-block-column-is-layout-flow" style="flex-basis:400px"></div>
</div>
