{"id":8768,"date":"2025-02-15T13:00:44","date_gmt":"2025-02-15T16:00:44","guid":{"rendered":"https:\/\/acervosvirtuais.ufpel.edu.br\/mestragriosirleyamaro\/?page_id=8768"},"modified":"2025-02-15T13:01:01","modified_gmt":"2025-02-15T16:01:01","slug":"a-paixao-de-contar-as-saias-da-mestra-grio-sirley-amaro-9o-siiepe-ufpel-2023","status":"publish","type":"page","link":"https:\/\/acervosvirtuais.ufpel.edu.br\/mestragriosirleyamaro\/mostras\/a-paixao-de-contar-as-saias-da-mestra-grio-sirley-amaro-9o-siiepe-ufpel-2023\/","title":{"rendered":"A paix\u00e3o de contar: As saias da Mestra Gri\u00f4 Sirley Amaro &#8211; 9\u00ba SIIEPE UFPel &#8211; 2023"},"content":{"rendered":"\n<p><\/p>\n\n\n\n<p><\/p>\n\n\n\n<blockquote class=\"wp-block-quote is-layout-flow wp-block-quote-is-layout-flow\">\n<p>Data: 20\/11\/2023 at\u00e9 24\/11\/2023<\/p>\n\n\n\n<p>Local: Centro de Artes da UFPel<\/p>\n\n\n\n<p>Respons\u00e1veis pela a\u00e7\u00e3o: Grupo de Pesquisa: Orin \u00c8k\u00f3: Musicalidades, Mem\u00f3rias e Cultura e PET Fronteiras: Saberes e pr\u00e1ticas populares.<\/p>\n<\/blockquote>\n\n\n\n<p><\/p>\n\n\n\n<p><\/p>\n\n\n\n<p class=\"has-text-align-center\">Em \u201cA paix\u00e3o de dizer\/1\u201d \u2013 Eduardo Galeano nos conta sobre uma senhora que veste \u201cuma saia imensa, toda cheia de bolsinhos, dos bolsos vai tirando papeizinhos, um por um e em cada papelzinho h\u00e1 uma boa hist\u00f3ria para ser contada, uma hist\u00f3ria de funda\u00e7\u00e3o e fundamento\u201d (Galeano, 1991, p.17). Certa vez a pr\u00f3pria Mestra Gri\u00f4 Sirley Amaro, ao ouvir esta narrativa se reconheceu nas palavras de Galeano, e nos interpelou dizendo que ela era essa senhora, que de seus fuxicos contava hist\u00f3rias de verdade e fundamento sobre o que viveu e sobre o que lhe contaram durante sua vida. Nesta exposi\u00e7\u00e3o partimos de uma saia branca vazia colocada no centro da sala em um convite aos visitantes para preenchermos a saia com nossas hist\u00f3rias e nossos fuxicos. Ser\u00e3o disponibilizados aos visitantes fuxicos j\u00e1 alinhavados e um peda\u00e7o de papel para que cada pessoa possa escrever uma palavra que lhe remeta \u00e0 uma mem\u00f3ria&#8230; \u00e0 uma hist\u00f3ria de verdade e fundamento&#8230; Ser\u00e1 criado um trajeto que implique em que o visitante percorra a sala de exposi\u00e7\u00e3o em um percurso circular, criando uma refer\u00eancia \u00e0 constru\u00e7\u00e3o da saia, assim como tamb\u00e9m ao marco civilizat\u00f3rio afrocentrado da circularidade. Por este trajeto ser\u00e1 exposto alguns artefatos, assim como registros imag\u00e9ticos que contribuam para pensar o papel das saias da Mestra Gri\u00f4 Sirley Amaro em suas atua\u00e7\u00f5es, bem como para a cultura africana em di\u00e1spora na cidade de Pelotas.<\/p>\n\n\n\n<p><\/p>\n","protected":false},"excerpt":{"rendered":"<p>Data: 20\/11\/2023 at\u00e9 24\/11\/2023 Local: Centro de Artes da UFPel Respons\u00e1veis pela a\u00e7\u00e3o: Grupo de Pesquisa: Orin \u00c8k\u00f3: Musicalidades, Mem\u00f3rias e Cultura e PET Fronteiras: Saberes e pr\u00e1ticas populares. Em \u201cA paix\u00e3o de dizer\/1\u201d \u2013 Eduardo Galeano nos conta sobre uma senhora que veste \u201cuma saia imensa, toda cheia de bolsinhos, dos bolsos vai tirando &hellip; <a href=\"https:\/\/acervosvirtuais.ufpel.edu.br\/mestragriosirleyamaro\/mostras\/a-paixao-de-contar-as-saias-da-mestra-grio-sirley-amaro-9o-siiepe-ufpel-2023\/\" class=\"more-link\">Continue lendo <span class=\"screen-reader-text\">A paix\u00e3o de contar: As saias da Mestra Gri\u00f4 Sirley Amaro &#8211; 9\u00ba SIIEPE UFPel &#8211; 2023<\/span> <span class=\"meta-nav\">&rarr;<\/span><\/a><\/p>\n","protected":false},"author":32,"featured_media":0,"parent":563,"menu_order":2,"comment_status":"closed","ping_status":"closed","template":"","meta":{"footnotes":""},"class_list":["post-8768","page","type-page","status-publish","hentry"],"_links":{"self":[{"href":"https:\/\/acervosvirtuais.ufpel.edu.br\/mestragriosirleyamaro\/wp-json\/wp\/v2\/pages\/8768","targetHints":{"allow":["GET"]}}],"collection":[{"href":"https:\/\/acervosvirtuais.ufpel.edu.br\/mestragriosirleyamaro\/wp-json\/wp\/v2\/pages"}],"about":[{"href":"https:\/\/acervosvirtuais.ufpel.edu.br\/mestragriosirleyamaro\/wp-json\/wp\/v2\/types\/page"}],"author":[{"embeddable":true,"href":"https:\/\/acervosvirtuais.ufpel.edu.br\/mestragriosirleyamaro\/wp-json\/wp\/v2\/users\/32"}],"replies":[{"embeddable":true,"href":"https:\/\/acervosvirtuais.ufpel.edu.br\/mestragriosirleyamaro\/wp-json\/wp\/v2\/comments?post=8768"}],"version-history":[{"count":1,"href":"https:\/\/acervosvirtuais.ufpel.edu.br\/mestragriosirleyamaro\/wp-json\/wp\/v2\/pages\/8768\/revisions"}],"predecessor-version":[{"id":8770,"href":"https:\/\/acervosvirtuais.ufpel.edu.br\/mestragriosirleyamaro\/wp-json\/wp\/v2\/pages\/8768\/revisions\/8770"}],"up":[{"embeddable":true,"href":"https:\/\/acervosvirtuais.ufpel.edu.br\/mestragriosirleyamaro\/wp-json\/wp\/v2\/pages\/563"}],"wp:attachment":[{"href":"https:\/\/acervosvirtuais.ufpel.edu.br\/mestragriosirleyamaro\/wp-json\/wp\/v2\/media?parent=8768"}],"curies":[{"name":"wp","href":"https:\/\/api.w.org\/{rel}","templated":true}]}}

A paixão de contar: As saias da Mestra Griô Sirley Amaro &#8211; 9º SIIEPE UFPel &#8211; 2023

<p></p>



<p></p>



<blockquote class="wp-block-quote is-layout-flow wp-block-quote-is-layout-flow">
<p>Data: 20/11/2023 até 24/11/2023</p>



<p>Local: Centro de Artes da UFPel</p>



<p>Responsáveis pela ação: Grupo de Pesquisa: Orin Èkó: Musicalidades, Memórias e Cultura e PET Fronteiras: Saberes e práticas populares.</p>
</blockquote>



<p></p>



<p></p>



<p class="has-text-align-center">Em “A paixão de dizer/1” – Eduardo Galeano nos conta sobre uma senhora que veste “uma saia imensa, toda cheia de bolsinhos, dos bolsos vai tirando papeizinhos, um por um e em cada papelzinho há uma boa história para ser contada, uma história de fundação e fundamento” (Galeano, 1991, p.17). Certa vez a própria Mestra Griô Sirley Amaro, ao ouvir esta narrativa se reconheceu nas palavras de Galeano, e nos interpelou dizendo que ela era essa senhora, que de seus fuxicos contava histórias de verdade e fundamento sobre o que viveu e sobre o que lhe contaram durante sua vida. Nesta exposição partimos de uma saia branca vazia colocada no centro da sala em um convite aos visitantes para preenchermos a saia com nossas histórias e nossos fuxicos. Serão disponibilizados aos visitantes fuxicos já alinhavados e um pedaço de papel para que cada pessoa possa escrever uma palavra que lhe remeta à uma memória&#8230; à uma história de verdade e fundamento&#8230; Será criado um trajeto que implique em que o visitante percorra a sala de exposição em um percurso circular, criando uma referência à construção da saia, assim como também ao marco civilizatório afrocentrado da circularidade. Por este trajeto será exposto alguns artefatos, assim como registros imagéticos que contribuam para pensar o papel das saias da Mestra Griô Sirley Amaro em suas atuações, bem como para a cultura africana em diáspora na cidade de Pelotas.</p>



<p></p>

<p>Data: 20/11/2023 até 24/11/2023 Local: Centro de Artes da UFPel Responsáveis pela ação: Grupo de Pesquisa: Orin Èkó: Musicalidades, Memórias e Cultura e PET Fronteiras: Saberes e práticas populares. Em “A paixão de dizer/1” – Eduardo Galeano nos conta sobre uma senhora que veste “uma saia imensa, toda cheia de bolsinhos, dos bolsos vai tirando &hellip; <a href="https://acervosvirtuais.ufpel.edu.br/mestragriosirleyamaro/mostras/a-paixao-de-contar-as-saias-da-mestra-grio-sirley-amaro-9o-siiepe-ufpel-2023/" class="more-link">Continue lendo <span class="screen-reader-text">A paixão de contar: As saias da Mestra Griô Sirley Amaro &#8211; 9º SIIEPE UFPel &#8211; 2023</span> <span class="meta-nav">&rarr;</span></a></p>
