{"id":988,"date":"2020-09-19T22:12:58","date_gmt":"2020-09-20T01:12:58","guid":{"rendered":"https:\/\/acervosvirtuais.ufpel.edu.br\/malg\/?post_type=tnc_col_955_item&#038;p=988"},"modified":"2020-09-21T22:35:39","modified_gmt":"2020-09-22T01:35:39","slug":"retrato-de-mulher-de-azul","status":"publish","type":"tnc_col_955_item","link":"https:\/\/acervosvirtuais.ufpel.edu.br\/malg\/um-pouco-do-comeco\/retrato-de-mulher-de-azul\/","title":{"rendered":"Retrato de Mulher de Azul"},"content":{"rendered":"<p>A terceira imagem, &#8220;Retrato de mulher de azul&#8221;, da artista Hilda Mattos, tamb\u00e9m da Cole\u00e7\u00e3o Escola de Belas Artes, permite que se reconhe\u00e7a atrav\u00e9s do cen\u00e1rio vest\u00edgios da EBA e do ambiente de trabalho. <\/p>\n<p>Tr\u00eas mulheres importantes que protagonizaram o in\u00edcio do desenvolvimento das artes visuais em Pelotas<\/p>\n","protected":false},"featured_media":996,"parent":0,"menu_order":0,"comment_status":"closed","ping_status":"closed","template":"","format":"standard","class_list":["post-988","tnc_col_955_item","type-tnc_col_955_item","status-publish","format-standard","has-post-thumbnail","hentry"],"jetpack_sharing_enabled":true,"_links":{"self":[{"href":"https:\/\/acervosvirtuais.ufpel.edu.br\/malg\/wp-json\/wp\/v2\/tnc_col_955_item\/988","targetHints":{"allow":["GET"]}}],"collection":[{"href":"https:\/\/acervosvirtuais.ufpel.edu.br\/malg\/wp-json\/wp\/v2\/tnc_col_955_item"}],"about":[{"href":"https:\/\/acervosvirtuais.ufpel.edu.br\/malg\/wp-json\/wp\/v2\/types\/tnc_col_955_item"}],"replies":[{"embeddable":true,"href":"https:\/\/acervosvirtuais.ufpel.edu.br\/malg\/wp-json\/wp\/v2\/comments?post=988"}],"version-history":[{"count":17,"href":"https:\/\/acervosvirtuais.ufpel.edu.br\/malg\/wp-json\/wp\/v2\/tnc_col_955_item\/988\/revisions"}],"predecessor-version":[{"id":3772,"href":"https:\/\/acervosvirtuais.ufpel.edu.br\/malg\/wp-json\/wp\/v2\/tnc_col_955_item\/988\/revisions\/3772"}],"wp:featuredmedia":[{"embeddable":true,"href":"https:\/\/acervosvirtuais.ufpel.edu.br\/malg\/wp-json\/wp\/v2\/media\/996"}],"wp:attachment":[{"href":"https:\/\/acervosvirtuais.ufpel.edu.br\/malg\/wp-json\/wp\/v2\/media?parent=988"}],"curies":[{"name":"wp","href":"https:\/\/api.w.org\/{rel}","templated":true}]}}

<p>A terceira imagem, &#8220;Retrato de mulher de azul&#8221;, da artista Hilda Mattos, também da Coleção Escola de Belas Artes, permite que se reconheça através do cenário vestígios da EBA e do ambiente de trabalho. </p>
<p>Três mulheres importantes que protagonizaram o início do desenvolvimento das artes visuais em Pelotas</p>
