{"id":1023,"date":"2020-09-19T22:21:00","date_gmt":"2020-09-20T01:21:00","guid":{"rendered":"https:\/\/acervosvirtuais.ufpel.edu.br\/malg\/?post_type=tnc_col_955_item&#038;p=1023"},"modified":"2020-09-21T22:35:22","modified_gmt":"2020-09-22T01:35:22","slug":"dante-natureza-morta","status":"publish","type":"tnc_col_955_item","link":"https:\/\/acervosvirtuais.ufpel.edu.br\/malg\/um-pouco-do-comeco\/dante-natureza-morta\/","title":{"rendered":"Dante Natureza Morta"},"content":{"rendered":"<p>Essa pintura ficou na Escola de Belas Artes e aparece representada na obra de Inah Costa &#8211; que, a prop\u00f3sito, foi a primeira artista pelotense que aperfei\u00e7oou seus conhecimentos no Rio de Janeiro, com Ivan Serpa, e trouxe para Pelotas as influ\u00eancias do abstracionismo e da arte moderna. Sua obra \u00e9 a segunda imagem aqui apresentada, pertence a Cole\u00e7\u00e3o Escola de Belas artes, o t\u00edtulo \u00e9 &#8220;Dante: natureza morta&#8221;, de 1949-1953.<\/p>\n","protected":false},"featured_media":994,"parent":0,"menu_order":0,"comment_status":"closed","ping_status":"closed","template":"","format":"standard","class_list":["post-1023","tnc_col_955_item","type-tnc_col_955_item","status-publish","format-standard","has-post-thumbnail","hentry"],"jetpack_sharing_enabled":true,"_links":{"self":[{"href":"https:\/\/acervosvirtuais.ufpel.edu.br\/malg\/wp-json\/wp\/v2\/tnc_col_955_item\/1023","targetHints":{"allow":["GET"]}}],"collection":[{"href":"https:\/\/acervosvirtuais.ufpel.edu.br\/malg\/wp-json\/wp\/v2\/tnc_col_955_item"}],"about":[{"href":"https:\/\/acervosvirtuais.ufpel.edu.br\/malg\/wp-json\/wp\/v2\/types\/tnc_col_955_item"}],"replies":[{"embeddable":true,"href":"https:\/\/acervosvirtuais.ufpel.edu.br\/malg\/wp-json\/wp\/v2\/comments?post=1023"}],"version-history":[{"count":7,"href":"https:\/\/acervosvirtuais.ufpel.edu.br\/malg\/wp-json\/wp\/v2\/tnc_col_955_item\/1023\/revisions"}],"predecessor-version":[{"id":3719,"href":"https:\/\/acervosvirtuais.ufpel.edu.br\/malg\/wp-json\/wp\/v2\/tnc_col_955_item\/1023\/revisions\/3719"}],"wp:featuredmedia":[{"embeddable":true,"href":"https:\/\/acervosvirtuais.ufpel.edu.br\/malg\/wp-json\/wp\/v2\/media\/994"}],"wp:attachment":[{"href":"https:\/\/acervosvirtuais.ufpel.edu.br\/malg\/wp-json\/wp\/v2\/media?parent=1023"}],"curies":[{"name":"wp","href":"https:\/\/api.w.org\/{rel}","templated":true}]}}

<p>Essa pintura ficou na Escola de Belas Artes e aparece representada na obra de Inah Costa &#8211; que, a propósito, foi a primeira artista pelotense que aperfeiçoou seus conhecimentos no Rio de Janeiro, com Ivan Serpa, e trouxe para Pelotas as influências do abstracionismo e da arte moderna. Sua obra é a segunda imagem aqui apresentada, pertence a Coleção Escola de Belas artes, o título é &#8220;Dante: natureza morta&#8221;, de 1949-1953.</p>
