{"id":813,"date":"2020-09-19T21:48:35","date_gmt":"2020-09-20T00:48:35","guid":{"rendered":"https:\/\/acervosvirtuais.ufpel.edu.br\/malg\/?post_type=tnc_col_671_item&#038;p=813"},"modified":"2020-09-21T22:32:39","modified_gmt":"2020-09-22T01:32:39","slug":"nu-deitado-com-planejamento","status":"publish","type":"tnc_col_671_item","link":"https:\/\/acervosvirtuais.ufpel.edu.br\/malg\/a-escola-de-belas-artes-locatelli-e-a-doacao-de-gotuzzo\/nu-deitado-com-planejamento\/","title":{"rendered":"Nu Deitado com Planejamento"},"content":{"rendered":"<p>Obras da Cole\u00e7\u00e3o Escola de Belas Artes que mostram a rotina dos alunos. \u00c9 poss\u00edvel ver uma mesma cena pintada por diferentes alunos, como o nus femininos deitados pintados por Hilda Mattos, Benette Casaretto Motta e Concei\u00e7\u00e3o Aleixo.<\/p>\n","protected":false},"featured_media":464,"parent":0,"menu_order":0,"comment_status":"closed","ping_status":"closed","template":"","format":"standard","class_list":["post-813","tnc_col_671_item","type-tnc_col_671_item","status-publish","format-standard","has-post-thumbnail","hentry"],"jetpack_sharing_enabled":true,"_links":{"self":[{"href":"https:\/\/acervosvirtuais.ufpel.edu.br\/malg\/wp-json\/wp\/v2\/tnc_col_671_item\/813","targetHints":{"allow":["GET"]}}],"collection":[{"href":"https:\/\/acervosvirtuais.ufpel.edu.br\/malg\/wp-json\/wp\/v2\/tnc_col_671_item"}],"about":[{"href":"https:\/\/acervosvirtuais.ufpel.edu.br\/malg\/wp-json\/wp\/v2\/types\/tnc_col_671_item"}],"replies":[{"embeddable":true,"href":"https:\/\/acervosvirtuais.ufpel.edu.br\/malg\/wp-json\/wp\/v2\/comments?post=813"}],"version-history":[{"count":8,"href":"https:\/\/acervosvirtuais.ufpel.edu.br\/malg\/wp-json\/wp\/v2\/tnc_col_671_item\/813\/revisions"}],"predecessor-version":[{"id":3972,"href":"https:\/\/acervosvirtuais.ufpel.edu.br\/malg\/wp-json\/wp\/v2\/tnc_col_671_item\/813\/revisions\/3972"}],"wp:featuredmedia":[{"embeddable":true,"href":"https:\/\/acervosvirtuais.ufpel.edu.br\/malg\/wp-json\/wp\/v2\/media\/464"}],"wp:attachment":[{"href":"https:\/\/acervosvirtuais.ufpel.edu.br\/malg\/wp-json\/wp\/v2\/media?parent=813"}],"curies":[{"name":"wp","href":"https:\/\/api.w.org\/{rel}","templated":true}]}}

<p>Obras da Coleção Escola de Belas Artes que mostram a rotina dos alunos. É possível ver uma mesma cena pintada por diferentes alunos, como o nus femininos deitados pintados por Hilda Mattos, Benette Casaretto Motta e Conceição Aleixo.</p>
