{"id":729,"date":"2020-09-19T21:40:34","date_gmt":"2020-09-20T00:40:34","guid":{"rendered":"https:\/\/acervosvirtuais.ufpel.edu.br\/malg\/?post_type=tnc_col_671_item&#038;p=729"},"modified":"2020-09-21T22:33:30","modified_gmt":"2020-09-22T01:33:30","slug":"paisagem-gaucha-monte-bonito","status":"publish","type":"tnc_col_671_item","link":"https:\/\/acervosvirtuais.ufpel.edu.br\/malg\/a-escola-de-belas-artes-locatelli-e-a-doacao-de-gotuzzo\/paisagem-gaucha-monte-bonito\/","title":{"rendered":"Paisagem Ga\u00facha (Monte Bonito)"},"content":{"rendered":"<p>Em 1955 Leopoldo Gotuzzo, incentivador da Escola de Belas Artes, fez a doa\u00e7\u00e3o de um conjunto de obras para escola, uma delas foi a paisagem de 1931, indicada pelo pr\u00f3prio artista como sendo no Monte Bonito.<\/p>\n","protected":false},"featured_media":467,"parent":0,"menu_order":0,"comment_status":"closed","ping_status":"closed","template":"","format":"standard","class_list":["post-729","tnc_col_671_item","type-tnc_col_671_item","status-publish","format-standard","has-post-thumbnail","hentry"],"jetpack_sharing_enabled":true,"_links":{"self":[{"href":"https:\/\/acervosvirtuais.ufpel.edu.br\/malg\/wp-json\/wp\/v2\/tnc_col_671_item\/729","targetHints":{"allow":["GET"]}}],"collection":[{"href":"https:\/\/acervosvirtuais.ufpel.edu.br\/malg\/wp-json\/wp\/v2\/tnc_col_671_item"}],"about":[{"href":"https:\/\/acervosvirtuais.ufpel.edu.br\/malg\/wp-json\/wp\/v2\/types\/tnc_col_671_item"}],"replies":[{"embeddable":true,"href":"https:\/\/acervosvirtuais.ufpel.edu.br\/malg\/wp-json\/wp\/v2\/comments?post=729"}],"version-history":[{"count":26,"href":"https:\/\/acervosvirtuais.ufpel.edu.br\/malg\/wp-json\/wp\/v2\/tnc_col_671_item\/729\/revisions"}],"predecessor-version":[{"id":4150,"href":"https:\/\/acervosvirtuais.ufpel.edu.br\/malg\/wp-json\/wp\/v2\/tnc_col_671_item\/729\/revisions\/4150"}],"wp:featuredmedia":[{"embeddable":true,"href":"https:\/\/acervosvirtuais.ufpel.edu.br\/malg\/wp-json\/wp\/v2\/media\/467"}],"wp:attachment":[{"href":"https:\/\/acervosvirtuais.ufpel.edu.br\/malg\/wp-json\/wp\/v2\/media?parent=729"}],"curies":[{"name":"wp","href":"https:\/\/api.w.org\/{rel}","templated":true}]}}

Paisagem Gaúcha (Monte Bonito)

<p>Em 1955 Leopoldo Gotuzzo, incentivador da Escola de Belas Artes, fez a doação de um conjunto de obras para escola, uma delas foi a paisagem de 1931, indicada pelo próprio artista como sendo no Monte Bonito.</p>
