{"id":1858,"date":"2020-09-20T15:20:22","date_gmt":"2020-09-20T18:20:22","guid":{"rendered":"https:\/\/acervosvirtuais.ufpel.edu.br\/malg\/?post_type=tnc_col_1664_item&#038;p=1858"},"modified":"2020-09-21T23:19:21","modified_gmt":"2020-09-22T02:19:21","slug":"negrinho-do-pastoreio","status":"publish","type":"tnc_col_1664_item","link":"https:\/\/acervosvirtuais.ufpel.edu.br\/malg\/ciclos-fins-e-recomecos\/negrinho-do-pastoreio\/","title":{"rendered":"Negrinho do Pastoreio"},"content":{"rendered":"<p>Al\u00e9m de Locatelli, outro artista importante que foi professor da Escola de Belas Artes foi Ant\u00f4nio Caringi. Grande escultor, assumiu a cadeira de escultura de 1950 a 1953. A mais recente cole\u00e7\u00e3o do MALG \u00e9 a Cole\u00e7\u00e3o Ant\u00f4nio Caringi, que visa incentivar o conhecimento desse importante artista que possui obras, estudos para conhecidos monumentos e instrumentos de trabalho no acervo do museu \u2013 aqui, apresentamos um estudo para o \u201cMonumento \u00e0s m\u00e3es\u201d e \u201cNegrinho do pastoreio\u201d, ambos do acervo e cat\u00e1logo do MALG<\/p>\n","protected":false},"featured_media":1666,"parent":0,"menu_order":0,"comment_status":"closed","ping_status":"closed","template":"","format":"standard","class_list":["post-1858","tnc_col_1664_item","type-tnc_col_1664_item","status-publish","format-standard","has-post-thumbnail","hentry"],"jetpack_sharing_enabled":true,"_links":{"self":[{"href":"https:\/\/acervosvirtuais.ufpel.edu.br\/malg\/wp-json\/wp\/v2\/tnc_col_1664_item\/1858","targetHints":{"allow":["GET"]}}],"collection":[{"href":"https:\/\/acervosvirtuais.ufpel.edu.br\/malg\/wp-json\/wp\/v2\/tnc_col_1664_item"}],"about":[{"href":"https:\/\/acervosvirtuais.ufpel.edu.br\/malg\/wp-json\/wp\/v2\/types\/tnc_col_1664_item"}],"replies":[{"embeddable":true,"href":"https:\/\/acervosvirtuais.ufpel.edu.br\/malg\/wp-json\/wp\/v2\/comments?post=1858"}],"version-history":[{"count":4,"href":"https:\/\/acervosvirtuais.ufpel.edu.br\/malg\/wp-json\/wp\/v2\/tnc_col_1664_item\/1858\/revisions"}],"predecessor-version":[{"id":4685,"href":"https:\/\/acervosvirtuais.ufpel.edu.br\/malg\/wp-json\/wp\/v2\/tnc_col_1664_item\/1858\/revisions\/4685"}],"wp:featuredmedia":[{"embeddable":true,"href":"https:\/\/acervosvirtuais.ufpel.edu.br\/malg\/wp-json\/wp\/v2\/media\/1666"}],"wp:attachment":[{"href":"https:\/\/acervosvirtuais.ufpel.edu.br\/malg\/wp-json\/wp\/v2\/media?parent=1858"}],"curies":[{"name":"wp","href":"https:\/\/api.w.org\/{rel}","templated":true}]}}

<p>Além de Locatelli, outro artista importante que foi professor da Escola de Belas Artes foi Antônio Caringi. Grande escultor, assumiu a cadeira de escultura de 1950 a 1953. A mais recente coleção do MALG é a Coleção Antônio Caringi, que visa incentivar o conhecimento desse importante artista que possui obras, estudos para conhecidos monumentos e instrumentos de trabalho no acervo do museu – aqui, apresentamos um estudo para o “Monumento às mães” e “Negrinho do pastoreio”, ambos do acervo e catálogo do MALG</p>
