{"id":1686,"date":"2020-09-20T14:34:54","date_gmt":"2020-09-20T17:34:54","guid":{"rendered":"https:\/\/acervosvirtuais.ufpel.edu.br\/malg\/?post_type=tnc_col_1664_item&#038;p=1686"},"modified":"2020-09-21T23:24:57","modified_gmt":"2020-09-22T02:24:57","slug":"nossa-chacara","status":"publish","type":"tnc_col_1664_item","link":"https:\/\/acervosvirtuais.ufpel.edu.br\/malg\/ciclos-fins-e-recomecos\/nossa-chacara\/","title":{"rendered":"Nossa Ch\u00e1cara"},"content":{"rendered":"<p>Mais uma paisagem que Leopoldo Gotuzzo fez na regi\u00e3o. Atr\u00e1s da obra escreveu:  \u201cFeito no Mirante de nossa Ch\u00e1cara Quinta Alian\u00e7a \u2013 1919, Pelotas\u201d.<\/p>\n","protected":false},"featured_media":1672,"parent":0,"menu_order":0,"comment_status":"closed","ping_status":"closed","template":"","format":"standard","class_list":["post-1686","tnc_col_1664_item","type-tnc_col_1664_item","status-publish","format-standard","has-post-thumbnail","hentry"],"jetpack_sharing_enabled":true,"_links":{"self":[{"href":"https:\/\/acervosvirtuais.ufpel.edu.br\/malg\/wp-json\/wp\/v2\/tnc_col_1664_item\/1686","targetHints":{"allow":["GET"]}}],"collection":[{"href":"https:\/\/acervosvirtuais.ufpel.edu.br\/malg\/wp-json\/wp\/v2\/tnc_col_1664_item"}],"about":[{"href":"https:\/\/acervosvirtuais.ufpel.edu.br\/malg\/wp-json\/wp\/v2\/types\/tnc_col_1664_item"}],"replies":[{"embeddable":true,"href":"https:\/\/acervosvirtuais.ufpel.edu.br\/malg\/wp-json\/wp\/v2\/comments?post=1686"}],"version-history":[{"count":11,"href":"https:\/\/acervosvirtuais.ufpel.edu.br\/malg\/wp-json\/wp\/v2\/tnc_col_1664_item\/1686\/revisions"}],"predecessor-version":[{"id":4790,"href":"https:\/\/acervosvirtuais.ufpel.edu.br\/malg\/wp-json\/wp\/v2\/tnc_col_1664_item\/1686\/revisions\/4790"}],"wp:featuredmedia":[{"embeddable":true,"href":"https:\/\/acervosvirtuais.ufpel.edu.br\/malg\/wp-json\/wp\/v2\/media\/1672"}],"wp:attachment":[{"href":"https:\/\/acervosvirtuais.ufpel.edu.br\/malg\/wp-json\/wp\/v2\/media?parent=1686"}],"curies":[{"name":"wp","href":"https:\/\/api.w.org\/{rel}","templated":true}]}}

Nossa Chácara

<p>Mais uma paisagem que Leopoldo Gotuzzo fez na região. Atrás da obra escreveu:  “Feito no Mirante de nossa Chácara Quinta Aliança – 1919, Pelotas”.</p>
