{"id":1592,"date":"2020-09-20T14:08:55","date_gmt":"2020-09-20T17:08:55","guid":{"rendered":"https:\/\/acervosvirtuais.ufpel.edu.br\/malg\/?post_type=tnc_col_1404_item&#038;p=1592"},"modified":"2020-09-21T23:14:27","modified_gmt":"2020-09-22T02:14:27","slug":"detalhe-da-fachada-do-predio-da-escola-de-belas-artes","status":"publish","type":"tnc_col_1404_item","link":"https:\/\/acervosvirtuais.ufpel.edu.br\/malg\/ma\/detalhe-da-fachada-do-predio-da-escola-de-belas-artes\/","title":{"rendered":"Casar\u00e3o de Faustino Tr\u00e1paga"},"content":{"rendered":"<p>A Escola de Belas Artes de Pelotas, fundada em 1949 por Dona Marina de Moraes Pires, funcionou em diversos endere\u00e7os at\u00e9 conseguir uma sede pr\u00f3pria &#8211; que s\u00f3 aconteceu em 1963, quando Dona Carmem Tr\u00e1paga Sim\u00f5es deixou de heran\u00e7a para Escola o palacete em que vivia, na esquina das ruas Bar\u00e3o de Santa Tecla e Marechal Floriano.<br \/>\nA casa originalmente possu\u00eda sua entrada principal para o lado da Pra\u00e7a e \u00e9 poss\u00edvel, ainda hoje, olhar nesse lado da fachada as iniciais FT: Faustino Tr\u00e1paga, espanhol que se estabeleceu em Pelotas no s\u00e9culo XIX. Al\u00e9m dele e sua esposa, morou na casa seu filho, tamb\u00e9m de nome Faustino Tr\u00e1paga, que teria sido o respons\u00e1vel pela cole\u00e7\u00e3o de oito obras de arte, parte delas de artistas espanh\u00f3is, que sua esposa Berthilde Rangel Tr\u00e1paga doou para a EBA, ap\u00f3s sua morte.<br \/>\nA \u00faltima propriet\u00e1ria da casa foi a irm\u00e3 de Faustino, Dona Carmem, esposa do influente m\u00e9dico pelotense Francisco Sim\u00f5es.<\/p>\n","protected":false},"featured_media":1407,"parent":0,"menu_order":0,"comment_status":"closed","ping_status":"closed","template":"","format":"standard","class_list":["post-1592","tnc_col_1404_item","type-tnc_col_1404_item","status-publish","format-standard","has-post-thumbnail","hentry"],"jetpack_sharing_enabled":true,"_links":{"self":[{"href":"https:\/\/acervosvirtuais.ufpel.edu.br\/malg\/wp-json\/wp\/v2\/tnc_col_1404_item\/1592","targetHints":{"allow":["GET"]}}],"collection":[{"href":"https:\/\/acervosvirtuais.ufpel.edu.br\/malg\/wp-json\/wp\/v2\/tnc_col_1404_item"}],"about":[{"href":"https:\/\/acervosvirtuais.ufpel.edu.br\/malg\/wp-json\/wp\/v2\/types\/tnc_col_1404_item"}],"replies":[{"embeddable":true,"href":"https:\/\/acervosvirtuais.ufpel.edu.br\/malg\/wp-json\/wp\/v2\/comments?post=1592"}],"version-history":[{"count":10,"href":"https:\/\/acervosvirtuais.ufpel.edu.br\/malg\/wp-json\/wp\/v2\/tnc_col_1404_item\/1592\/revisions"}],"predecessor-version":[{"id":4644,"href":"https:\/\/acervosvirtuais.ufpel.edu.br\/malg\/wp-json\/wp\/v2\/tnc_col_1404_item\/1592\/revisions\/4644"}],"wp:featuredmedia":[{"embeddable":true,"href":"https:\/\/acervosvirtuais.ufpel.edu.br\/malg\/wp-json\/wp\/v2\/media\/1407"}],"wp:attachment":[{"href":"https:\/\/acervosvirtuais.ufpel.edu.br\/malg\/wp-json\/wp\/v2\/media?parent=1592"}],"curies":[{"name":"wp","href":"https:\/\/api.w.org\/{rel}","templated":true}]}}

Casarão de Faustino Trápaga

<p>A Escola de Belas Artes de Pelotas, fundada em 1949 por Dona Marina de Moraes Pires, funcionou em diversos endereços até conseguir uma sede própria &#8211; que só aconteceu em 1963, quando Dona Carmem Trápaga Simões deixou de herança para Escola o palacete em que vivia, na esquina das ruas Barão de Santa Tecla e Marechal Floriano.<br />
A casa originalmente possuía sua entrada principal para o lado da Praça e é possível, ainda hoje, olhar nesse lado da fachada as iniciais FT: Faustino Trápaga, espanhol que se estabeleceu em Pelotas no século XIX. Além dele e sua esposa, morou na casa seu filho, também de nome Faustino Trápaga, que teria sido o responsável pela coleção de oito obras de arte, parte delas de artistas espanhóis, que sua esposa Berthilde Rangel Trápaga doou para a EBA, após sua morte.<br />
A última proprietária da casa foi a irmã de Faustino, Dona Carmem, esposa do influente médico pelotense Francisco Simões.</p>
