{"id":38,"date":"2025-11-23T14:42:23","date_gmt":"2025-11-23T17:42:23","guid":{"rendered":"https:\/\/acervosvirtuais.ufpel.edu.br\/lamina\/?page_id=38"},"modified":"2025-11-23T17:55:58","modified_gmt":"2025-11-23T20:55:58","slug":"lamina","status":"publish","type":"page","link":"https:\/\/acervosvirtuais.ufpel.edu.br\/lamina\/","title":{"rendered":"Acervos &#8211; L\u00c2MINA"},"content":{"rendered":"\n<div class=\"wp-block-cover alignfull\" style=\"padding-top:28px;padding-bottom:28px\"><span aria-hidden=\"true\" class=\"wp-block-cover__background has-default-background-color has-background-dim-100 has-background-dim\"><\/span><div class=\"wp-block-cover__inner-container is-layout-constrained wp-block-cover-is-layout-constrained\">\n<div class=\"wp-block-group is-layout-constrained wp-block-group-is-layout-constrained\">\n<h2 class=\"wp-block-heading has-text-color\" style=\"color:#ffffff\">Acervo da Casa na Rua Anchieta 1417<\/h2>\n\n\n\n<div class=\"wp-block-columns has-text-color is-layout-flex wp-container-core-columns-is-layout-08efaafb wp-block-columns-is-layout-flex\" style=\"color:#ffffff\">\n<div class=\"wp-block-column is-layout-flow wp-block-column-is-layout-flow\" style=\"flex-basis:33.33%\">\n<figure class=\"wp-block-image size-full\"><img loading=\"lazy\" decoding=\"async\" width=\"500\" height=\"334\" src=\"https:\/\/acervosvirtuais.ufpel.edu.br\/lamina\/wp-content\/uploads\/sites\/29\/2025\/11\/Anchieta-1417.jpg\" alt=\"\" class=\"wp-image-17\"\/><\/figure>\n<\/div>\n\n\n\n<div class=\"wp-block-column is-layout-flow wp-block-column-is-layout-flow\" style=\"flex-basis:66.66%\">\n<p class=\"has-white-color has-text-color has-link-color has-normal-font-size wp-elements-dcc4a9b663002ffb2432d7b1e2e652e7\">Acervo oriundo da pesquisa arqueol\u00f3gica realizada na casa na Rua Anchieta 1417. Para mais informa\u00e7\u00f5es clique nos artefatos abaixo ou acesse o acervo completo no<strong> <a href=\"https:\/\/acervosvirtuais.ufpel.edu.br\/lamina\/anchieta-1417-2\/?perpage=12&amp;view_mode=records&amp;paged=1&amp;order=ASC&amp;orderby=date&amp;fetch_only=thumbnail&amp;fetch_only_meta=20%2C66%2C85%2C74%2C79\" data-type=\"link\" data-id=\"https:\/\/acervosvirtuais.ufpel.edu.br\/lamina\/anchieta-1417-2\/?perpage=12&amp;view_mode=records&amp;paged=1&amp;order=ASC&amp;orderby=date&amp;fetch_only=thumbnail&amp;fetch_only_meta=20%2C66%2C85%2C74%2C79\">Link<\/a>.<\/strong><\/p>\n\n\n\n<p>Participantes do Projeto:<\/p>\n\n\n\n<ul class=\"wp-block-list\">\n<li>Eneri James Borges Medeiros (Aluno Uninter)<\/li>\n\n\n\n<li>Miriam Cristina Alves \u00c1vila (Aluna UFPel)<\/li>\n\n\n\n<li>Halana Zschornack (Aluna UFPel)<\/li>\n\n\n\n<li>Jaime Mujica Sall\u00e9s (Professor UFPel)<\/li>\n\n\n\n<li>Pedro Lu\u00eds Sanches (Professor UFPel)<\/li>\n<\/ul>\n<\/div>\n<\/div>\n<\/div>\n<\/div><\/div>\n\n\n\n<p class=\"has-huge-font-size\">Acervo da Rua Anchieta<\/p>\n\n\n\n<div class=\"wp-block-tainacan-dynamic-items-list\" data-module=\"dynamic-items-list\" data-search-url=\"https:\/\/acervosvirtuais.ufpel.edu.br\/lamina\/wp-admin\/?itemsSearchSelectionMode=true&amp;page=tainacan_admin#\/collections\/16\/items\/?status=publish&amp;admin_view_mode=table&amp;perpage=12&amp;paged=1&amp;order=ASC&amp;orderby=date&amp;fetch_only=thumbnail&amp;fetch_only_meta=20%2C66%2C85%2C74%2C79\" data-selected-items=\"[]\" data-collection-id=\"16\" data-show-image=\"true\" data-show-name=\"true\" data-show-search-bar=\"false\" data-show-collection-header=\"false\" data-show-collection-label=\"false\" data-image-size=\"tainacan-medium\" data-layout=\"grid\" data-load-strategy=\"search\" data-mosaic-height=\"280\" data-mosaic-density=\"5\" data-mosaic-grid-rows=\"3\" data-mosaic-grid-columns=\"3\" data-mosaic-item-focal-point-x=\"0.5\" data-mosaic-item-focal-point-y=\"0.5\" data-max-columns-count=\"4\" data-collection-background-color=\"#373839\" data-collection-text-color=\"#ffffff\" data-grid-margin=\"0\" data-max-items-number=\"12\" data-order=\"ASC\" data-order-by=\"date\" data-order-by-meta-key=\"\" data-tainacan-view-mode=\"masonry\" data-tainacan-api-root=\"https:\/\/acervosvirtuais.ufpel.edu.br\/lamina\/wp-json\/tainacan\/v2\" id=\"wp-block-tainacan-dynamic-items-list_bc5d424d-3579-4577-8720-08e0a35a82d2\"><div><\/div><\/div>\n","protected":false},"excerpt":{"rendered":"<p>Acervo da Rua Anchieta<\/p>\n","protected":false},"author":49,"featured_media":0,"parent":0,"menu_order":0,"comment_status":"closed","ping_status":"closed","template":"page-templates\/landing.php","meta":{"footnotes":""},"class_list":["post-38","page","type-page","status-publish","hentry"],"_links":{"self":[{"href":"https:\/\/acervosvirtuais.ufpel.edu.br\/lamina\/wp-json\/wp\/v2\/pages\/38","targetHints":{"allow":["GET"]}}],"collection":[{"href":"https:\/\/acervosvirtuais.ufpel.edu.br\/lamina\/wp-json\/wp\/v2\/pages"}],"about":[{"href":"https:\/\/acervosvirtuais.ufpel.edu.br\/lamina\/wp-json\/wp\/v2\/types\/page"}],"author":[{"embeddable":true,"href":"https:\/\/acervosvirtuais.ufpel.edu.br\/lamina\/wp-json\/wp\/v2\/users\/49"}],"replies":[{"embeddable":true,"href":"https:\/\/acervosvirtuais.ufpel.edu.br\/lamina\/wp-json\/wp\/v2\/comments?post=38"}],"version-history":[{"count":15,"href":"https:\/\/acervosvirtuais.ufpel.edu.br\/lamina\/wp-json\/wp\/v2\/pages\/38\/revisions"}],"predecessor-version":[{"id":209,"href":"https:\/\/acervosvirtuais.ufpel.edu.br\/lamina\/wp-json\/wp\/v2\/pages\/38\/revisions\/209"}],"wp:attachment":[{"href":"https:\/\/acervosvirtuais.ufpel.edu.br\/lamina\/wp-json\/wp\/v2\/media?parent=38"}],"curies":[{"name":"wp","href":"https:\/\/api.w.org\/{rel}","templated":true}]}}