{"id":4,"date":"2025-11-05T13:30:31","date_gmt":"2025-11-05T16:30:31","guid":{"rendered":"https:\/\/acervosvirtuais.ufpel.edu.br\/historiaspoucocontadas\/?page_id=4"},"modified":"2025-11-24T09:38:22","modified_gmt":"2025-11-24T12:38:22","slug":"home","status":"publish","type":"page","link":"https:\/\/acervosvirtuais.ufpel.edu.br\/historiaspoucocontadas\/home\/","title":{"rendered":"Apresenta\u00e7\u00e3o"},"content":{"rendered":"\n<p class=\"has-text-align-left\">O N\u00facleo de Documenta\u00e7\u00e3o Hist\u00f3rica da UFPel, em conjunto com o&nbsp;<strong><a href=\"https:\/\/sites.unipampa.edu.br\/geespa\/\" target=\"_blank\" rel=\"noreferrer noopener\">Grupo de Estudos sobre Escravid\u00e3o e P\u00f3s-Aboli\u00e7\u00e3o<\/a><\/strong>&nbsp;da UNIPAMPA, o&nbsp;<a href=\"https:\/\/emancipacoeseposabolicao.wordpress.com\/\" target=\"_blank\" rel=\"noreferrer noopener\"><strong>GT Emancipa\u00e7\u00f5es e P\u00f3s-Aboli\u00e7\u00e3o da ANPUH<\/strong><\/a>&nbsp;(Se\u00e7\u00e3o Regional Sul), com o Instituto Federal Sul-Riograndense, <a href=\"https:\/\/cavg.ifsul.edu.br\/\" target=\"_blank\" rel=\"noreferrer noopener\"><strong>c\u00e2mpus Pelotas Visconde da Gra\u00e7a<\/strong><\/a>, e o <a href=\"https:\/\/www.instagram.com\/gpippir.ucpel?igsh=MXVsYW94bWRxdmI1OQ%3D%3D\" target=\"_blank\" rel=\"noreferrer noopener\"><strong>Grupo de Pesquisa interseccionalidades e Pol\u00edticas de Promo\u00e7\u00e3o da Igualdade Racial<\/strong><\/a>, do PPG em Pol\u00edticas Sociais e Direitos Humanos&nbsp;da&nbsp;UCPEL, construiu um projeto de pesquisa que vem tecendo narrativas sobre \u201chist\u00f3rias pouco contadas\u201d de personagens que possuem relev\u00e2ncia hist\u00f3rica, cultural, social, pol\u00edtica, etc. para a cidade de Pelotas-RS e que ainda n\u00e3o s\u00e3o suficientemente conhecidos e\/ou pesquisados pela academia, por estudiosos locais e, principalmente, pela comunidade externa.<\/p>\n\n\n\n<p class=\"has-text-align-left\">O projeto tem como integrantes os historiadores: Lorena Almeida Gill; Jonas Vargas; Cl\u00e1udia Daiane Mollet; Paulo Koschier e Nat\u00e1lia Pinto (UFPel); Fernanda Oliveira da Silva (UFRGS); Caiu\u00e1 Al-Alam e D\u00e9bora Clasen (UNIPAMPA), Carla Silva de \u00c1vila (Programa de P\u00f3s Gradua\u00e7\u00e3o Pol\u00edtica Social e Direitos Humanos \u2013 UCPel), Vinicius Pereira de Oliveira (IFSul &#8211; C\u00e2mpus Pelotas Visconde da Gra\u00e7a), al\u00e9m da bolsista de Inicia\u00e7\u00e3o Cient\u00edfica, Franciele Silva Soares, graduanda da Licenciatura em Hist\u00f3ria.<\/p>\n\n\n\n<p class=\"has-text-align-left\">A ideia tem sido a de construir pequenos verbetes biogr\u00e1ficos de mulheres e homens, pretas (os) e pardas (os), que ajudaram a construir a sociedade pelotense, ao longo dos \u00faltimos s\u00e9culos. Ao final de cada verbete h\u00e1 refer\u00eancias para um aprofundamento do tema.<\/p>\n\n\n\n<p class=\"has-text-align-left\">Os textos s\u00e3o publicizados neste blog e os conte\u00fados, criados por especialistas nos respectivos assuntos, est\u00e3o em permanente atualiza\u00e7\u00e3o. Ainda, caso tu tenhas interesse em apresentar um nome que deva constar no projeto, escreva para ndh@ufpel.edu.br, que faremos contato.<br><\/p>\n\n\n\n<div class=\"wp-block-buttons is-content-justification-center is-layout-flex wp-container-core-buttons-is-layout-a89b3969 wp-block-buttons-is-layout-flex\">\n<div class=\"wp-block-button\"><a class=\"wp-block-button__link has-text-align-center wp-element-button\" href=\"https:\/\/acervosvirtuais.ufpel.edu.br\/historiaspoucocontadas\/biografias\/\">Acesse aqui  nossas hist\u00f3rias<\/a><\/div>\n<\/div>\n\n\n\n<hr class=\"wp-block-separator has-alpha-channel-opacity\"\/>\n\n\n\n<p><\/p>\n\n\n\n<p class=\"has-text-align-right\"><sub><strong>A p\u00e1gina est\u00e1 em constante atualiza\u00e7\u00e3o. <\/strong><\/sub><br><sub><strong>Confira e mantenha-se informado!<\/strong><\/sub><\/p>\n","protected":false},"excerpt":{"rendered":"<p>O N\u00facleo de Documenta\u00e7\u00e3o Hist\u00f3rica da UFPel, em conjunto com o&nbsp;Grupo de Estudos sobre Escravid\u00e3o e P\u00f3s-Aboli\u00e7\u00e3o&nbsp;da UNIPAMPA, o&nbsp;GT Emancipa\u00e7\u00f5es e P\u00f3s-Aboli\u00e7\u00e3o da ANPUH&nbsp;(Se\u00e7\u00e3o Regional Sul), com o Instituto Federal Sul-Riograndense, c\u00e2mpus Pelotas Visconde da Gra\u00e7a, e o Grupo de Pesquisa interseccionalidades e Pol\u00edticas de Promo\u00e7\u00e3o da Igualdade Racial, do PPG em Pol\u00edticas Sociais e [&hellip;]<\/p>\n","protected":false},"author":51,"featured_media":0,"parent":0,"menu_order":0,"comment_status":"closed","ping_status":"closed","template":"","meta":{"footnotes":""},"class_list":["post-4","page","type-page","status-publish","hentry"],"_links":{"self":[{"href":"https:\/\/acervosvirtuais.ufpel.edu.br\/historiaspoucocontadas\/wp-json\/wp\/v2\/pages\/4","targetHints":{"allow":["GET"]}}],"collection":[{"href":"https:\/\/acervosvirtuais.ufpel.edu.br\/historiaspoucocontadas\/wp-json\/wp\/v2\/pages"}],"about":[{"href":"https:\/\/acervosvirtuais.ufpel.edu.br\/historiaspoucocontadas\/wp-json\/wp\/v2\/types\/page"}],"author":[{"embeddable":true,"href":"https:\/\/acervosvirtuais.ufpel.edu.br\/historiaspoucocontadas\/wp-json\/wp\/v2\/users\/51"}],"replies":[{"embeddable":true,"href":"https:\/\/acervosvirtuais.ufpel.edu.br\/historiaspoucocontadas\/wp-json\/wp\/v2\/comments?post=4"}],"version-history":[{"count":36,"href":"https:\/\/acervosvirtuais.ufpel.edu.br\/historiaspoucocontadas\/wp-json\/wp\/v2\/pages\/4\/revisions"}],"predecessor-version":[{"id":226,"href":"https:\/\/acervosvirtuais.ufpel.edu.br\/historiaspoucocontadas\/wp-json\/wp\/v2\/pages\/4\/revisions\/226"}],"wp:attachment":[{"href":"https:\/\/acervosvirtuais.ufpel.edu.br\/historiaspoucocontadas\/wp-json\/wp\/v2\/media?parent=4"}],"curies":[{"name":"wp","href":"https:\/\/api.w.org\/{rel}","templated":true}]}}