{"id":4942,"date":"2022-02-18T15:09:45","date_gmt":"2022-02-18T18:09:45","guid":{"rendered":"https:\/\/acervosvirtuais.ufpel.edu.br\/choropatrimonio\/?post_type=tnc_col_651_item&#038;p=4942"},"modified":"2022-02-18T15:09:46","modified_gmt":"2022-02-18T18:09:46","slug":"acervo-fernando-cesar","status":"publish","type":"tnc_col_651_item","link":"https:\/\/acervosvirtuais.ufpel.edu.br\/choropatrimonio\/acervos\/acervo-fernando-cesar\/","title":{"rendered":"Acervo Fernando C\u00e9sar"},"content":{"rendered":"<p>O acervo do violonista brasiliense Fernando C\u00e9sar cont\u00e9m diversos registros em v\u00eddeos e fotos de shows e rodas de choro. Os registros est\u00e3o relacionados, principalmente, \u00e0 performances do grupo Dois de Ouro \u2013 mas cont\u00e9m tamb\u00e9m performances do conjunto  Choro Livre, do pr\u00f3prio Fernando C\u00e9sar e outros chor\u00f5es.<\/p>\n<p>O acervo n\u00e3o est\u00e1 catalogado, de forma que n\u00e3o foi poss\u00edvel estimar com muita precis\u00e3o as quantidades de horas em v\u00eddeo. Os registros foram feitos a partir de 1983.<\/p>\n<p>Em rela\u00e7\u00e3o \u00e0s fotos impressas, o propriet\u00e1rio do acervo estima que sejam entre 15 a 20 \u00e1lbuns grandes. Existem ainda muitas fotos j\u00e1 digitalizadas.Os registros foram feitos de 1981 em diante.<\/p>\n<p>O acervo cont\u00e9m ainda  alguns instrumentos hist\u00f3ricos que foram utilizados em importantes regionais e importantes grava\u00e7\u00f5es, tais como: <\/p>\n<p>&#8211; Viol\u00e3o de 7 cordas (Do Souto, 1953) que foi do Regional do Pernambuco do Pandeiro. Foi utilizado por Jorge Charuto, Darly Lousada, Raphael Rabello e Alencar 7 Cordas. (Especifica\u00e7\u00f5es: Tampo em Cedro, Faixas laterais e fundo em Jacarand\u00e1 da Bahia, Bra\u00e7o em Mogno e  Escala em Jacarand\u00e1 da Bahia)<\/p>\n<p>&#8211; Viol\u00e3o de 6 cordas (Do Souto, 1953) que foi do Regional do Pernambuco do Pandeiro. Foi tamb\u00e9m utilizado por Fernando C\u00e9sar na grava\u00e7\u00e3o dos discos Choro Livre e Chorando Callado. <\/p>\n<p>&#8211; Viol\u00e3o de 7 Cordas feito por M\u00e1rio Jorge Passos (1986), o terceiro viol\u00e3o constru\u00eddo pelo luthier. Foi o primeiro 7 cordas de nylon do violonista Raphael Rabello, onde ele provavelmente fez suas primeiras experi\u00eancias com o viol\u00e3o 7 cordas de nylon. Foi utilizado por Fernando C\u00e9sar em algumas faixas do disco A nova cara do velho Choro (Hamilton de Holanda). (Especifica\u00e7\u00f5es: Tampo em cedro; faixas laterais e fundo em jacarand\u00e1 da Bahia;<br \/>\nbra\u00e7o em cedro; escala de \u00e9bano)<\/p>\n","protected":false},"featured_media":0,"parent":0,"menu_order":0,"comment_status":"closed","ping_status":"closed","template":"","format":"standard","class_list":["post-4942","tnc_col_651_item","type-tnc_col_651_item","status-publish","format-standard","hentry","tnc_tax_3926-acervo-colecao-necessita-de-catalogacao-total-ou-parcial","tnc_tax_3926-acervo-colecao-necessita-de-digitalizacao-total-ou-parcial","tnc_tax_3926-acervo-colecao-necessita-de-informatizacao-de-catalogacao-total-ou-parcial","tnc_tax_3926-acervo-colecao-necessita-de-ser-disponibilizado-para-acesso-publico","tnc_tax_606-centro-oeste-2","tnc_tax_44-brasilia"],"jetpack_sharing_enabled":true,"_links":{"self":[{"href":"https:\/\/acervosvirtuais.ufpel.edu.br\/choropatrimonio\/wp-json\/wp\/v2\/tnc_col_651_item\/4942","targetHints":{"allow":["GET"]}}],"collection":[{"href":"https:\/\/acervosvirtuais.ufpel.edu.br\/choropatrimonio\/wp-json\/wp\/v2\/tnc_col_651_item"}],"about":[{"href":"https:\/\/acervosvirtuais.ufpel.edu.br\/choropatrimonio\/wp-json\/wp\/v2\/types\/tnc_col_651_item"}],"replies":[{"embeddable":true,"href":"https:\/\/acervosvirtuais.ufpel.edu.br\/choropatrimonio\/wp-json\/wp\/v2\/comments?post=4942"}],"version-history":[{"count":0,"href":"https:\/\/acervosvirtuais.ufpel.edu.br\/choropatrimonio\/wp-json\/wp\/v2\/tnc_col_651_item\/4942\/revisions"}],"wp:attachment":[{"href":"https:\/\/acervosvirtuais.ufpel.edu.br\/choropatrimonio\/wp-json\/wp\/v2\/media?parent=4942"}],"curies":[{"name":"wp","href":"https:\/\/api.w.org\/{rel}","templated":true}]}}

Acervo Fernando César

<p>O acervo do violonista brasiliense Fernando César contém diversos registros em vídeos e fotos de shows e rodas de choro. Os registros estão relacionados, principalmente, à performances do grupo Dois de Ouro – mas contém também performances do conjunto  Choro Livre, do próprio Fernando César e outros chorões.</p>
<p>O acervo não está catalogado, de forma que não foi possível estimar com muita precisão as quantidades de horas em vídeo. Os registros foram feitos a partir de 1983.</p>
<p>Em relação às fotos impressas, o proprietário do acervo estima que sejam entre 15 a 20 álbuns grandes. Existem ainda muitas fotos já digitalizadas.Os registros foram feitos de 1981 em diante.</p>
<p>O acervo contém ainda  alguns instrumentos históricos que foram utilizados em importantes regionais e importantes gravações, tais como: </p>
<p>&#8211; Violão de 7 cordas (Do Souto, 1953) que foi do Regional do Pernambuco do Pandeiro. Foi utilizado por Jorge Charuto, Darly Lousada, Raphael Rabello e Alencar 7 Cordas. (Especificações: Tampo em Cedro, Faixas laterais e fundo em Jacarandá da Bahia, Braço em Mogno e  Escala em Jacarandá da Bahia)</p>
<p>&#8211; Violão de 6 cordas (Do Souto, 1953) que foi do Regional do Pernambuco do Pandeiro. Foi também utilizado por Fernando César na gravação dos discos Choro Livre e Chorando Callado. </p>
<p>&#8211; Violão de 7 Cordas feito por Mário Jorge Passos (1986), o terceiro violão construído pelo luthier. Foi o primeiro 7 cordas de nylon do violonista Raphael Rabello, onde ele provavelmente fez suas primeiras experiências com o violão 7 cordas de nylon. Foi utilizado por Fernando César em algumas faixas do disco A nova cara do velho Choro (Hamilton de Holanda). (Especificações: Tampo em cedro; faixas laterais e fundo em jacarandá da Bahia;<br />
braço em cedro; escala de ébano)</p>
