{"id":4941,"date":"2022-02-18T15:09:44","date_gmt":"2022-02-18T18:09:44","guid":{"rendered":"https:\/\/acervosvirtuais.ufpel.edu.br\/choropatrimonio\/?post_type=tnc_col_651_item&#038;p=4941"},"modified":"2022-02-18T15:09:45","modified_gmt":"2022-02-18T18:09:45","slug":"carla-cabral","status":"publish","type":"tnc_col_651_item","link":"https:\/\/acervosvirtuais.ufpel.edu.br\/choropatrimonio\/acervos\/carla-cabral\/","title":{"rendered":"Carla Cabral"},"content":{"rendered":"<p>Acervo da cavaquinista e produtora Carla Cabral, contendo:<\/p>\n<p>&#8211; Fotos da Casa do Gilson e de apresenta\u00e7\u00f5es de v\u00e1rios artistas do g\u00eanero, como: Adamor do Bandolim, Carlos Bochecha, Gilson Rodrigues, Paulinho Moura, Cati\u00e1, grupo Sapecando no Choro, grupo O Charme do Choro,<br \/>\ngrupo Gente de Choro, o Mercado do Choro, Ronaldo do Bandolim, Yuri Guedelha e alunos do projeto Choro do Par\u00e1.<\/p>\n<p>&#8211; Cds de Choro do estado do Par\u00e1. <\/p>\n<p>&#8211; Partituras e fotos relacionados aos trabalhos com os grupos Sapecando no Choro, O Charme do Choro e O Mercado do Choro.<\/p>\n","protected":false},"featured_media":0,"parent":0,"menu_order":0,"comment_status":"closed","ping_status":"closed","template":"","format":"standard","class_list":["post-4941","tnc_col_651_item","type-tnc_col_651_item","status-publish","format-standard","hentry","tnc_tax_3926-acervo-colecao-necessita-de-ser-disponibilizado-para-acesso-publico","tnc_tax_606-norte-2","tnc_tax_44-belem-para-pa"],"jetpack_sharing_enabled":true,"_links":{"self":[{"href":"https:\/\/acervosvirtuais.ufpel.edu.br\/choropatrimonio\/wp-json\/wp\/v2\/tnc_col_651_item\/4941","targetHints":{"allow":["GET"]}}],"collection":[{"href":"https:\/\/acervosvirtuais.ufpel.edu.br\/choropatrimonio\/wp-json\/wp\/v2\/tnc_col_651_item"}],"about":[{"href":"https:\/\/acervosvirtuais.ufpel.edu.br\/choropatrimonio\/wp-json\/wp\/v2\/types\/tnc_col_651_item"}],"replies":[{"embeddable":true,"href":"https:\/\/acervosvirtuais.ufpel.edu.br\/choropatrimonio\/wp-json\/wp\/v2\/comments?post=4941"}],"version-history":[{"count":0,"href":"https:\/\/acervosvirtuais.ufpel.edu.br\/choropatrimonio\/wp-json\/wp\/v2\/tnc_col_651_item\/4941\/revisions"}],"wp:attachment":[{"href":"https:\/\/acervosvirtuais.ufpel.edu.br\/choropatrimonio\/wp-json\/wp\/v2\/media?parent=4941"}],"curies":[{"name":"wp","href":"https:\/\/api.w.org\/{rel}","templated":true}]}}

<p>Acervo da cavaquinista e produtora Carla Cabral, contendo:</p>
<p>&#8211; Fotos da Casa do Gilson e de apresentações de vários artistas do gênero, como: Adamor do Bandolim, Carlos Bochecha, Gilson Rodrigues, Paulinho Moura, Catiá, grupo Sapecando no Choro, grupo O Charme do Choro,<br />
grupo Gente de Choro, o Mercado do Choro, Ronaldo do Bandolim, Yuri Guedelha e alunos do projeto Choro do Pará.</p>
<p>&#8211; Cds de Choro do estado do Pará. </p>
<p>&#8211; Partituras e fotos relacionados aos trabalhos com os grupos Sapecando no Choro, O Charme do Choro e O Mercado do Choro.</p>
