{"id":7141,"date":"2020-12-15T15:22:04","date_gmt":"2020-12-15T18:22:04","guid":{"rendered":"https:\/\/acervosvirtuais.ufpel.edu.br\/acervodochorodepelotas\/?page_id=7141"},"modified":"2021-12-10T16:41:13","modified_gmt":"2021-12-10T19:41:13","slug":"colecao-luiz-machado","status":"publish","type":"page","link":"https:\/\/acervosvirtuais.ufpel.edu.br\/acervodochorodepelotas\/colecao-luiz-machado\/","title":{"rendered":"Cole\u00e7\u00e3o Lu\u00eds Machado"},"content":{"rendered":"\n<div class=\"wp-block-columns is-layout-flex wp-container-core-columns-is-layout-28f84493 wp-block-columns-is-layout-flex\">\n<div class=\"wp-block-column is-layout-flow wp-block-column-is-layout-flow\">\n<p class=\"has-text-align-right has-medium-font-size\">A Cole\u00e7\u00e3o Lu\u00eds Machado \u00e9 composta por v\u00eddeos VHS de Avendano Jr e Regional, al\u00e9m de outros m\u00fasicos amigos e\/ou convidados em apresenta\u00e7\u00f5es formais e informais na cidade de Pelotas e Porto Alegre<\/p>\n<\/div>\n\n\n\n<div class=\"wp-block-column is-layout-flow wp-block-column-is-layout-flow\">\n<figure class=\"wp-block-image size-large is-style-rounded\"><img fetchpriority=\"high\" decoding=\"async\" width=\"1024\" height=\"517\" src=\"https:\/\/acervosvirtuais.ufpel.edu.br\/acervodochorodepelotas\/wp-content\/uploads\/sites\/3\/2021\/10\/machado-1024x517.jpg\" alt=\"\" class=\"wp-image-13859\" srcset=\"https:\/\/acervosvirtuais.ufpel.edu.br\/acervodochorodepelotas\/wp-content\/uploads\/sites\/3\/2021\/10\/machado-1024x517.jpg 1024w, https:\/\/acervosvirtuais.ufpel.edu.br\/acervodochorodepelotas\/wp-content\/uploads\/sites\/3\/2021\/10\/machado-300x151.jpg 300w, https:\/\/acervosvirtuais.ufpel.edu.br\/acervodochorodepelotas\/wp-content\/uploads\/sites\/3\/2021\/10\/machado-768x388.jpg 768w, https:\/\/acervosvirtuais.ufpel.edu.br\/acervodochorodepelotas\/wp-content\/uploads\/sites\/3\/2021\/10\/machado-205x104.jpg 205w, https:\/\/acervosvirtuais.ufpel.edu.br\/acervodochorodepelotas\/wp-content\/uploads\/sites\/3\/2021\/10\/machado.jpg 1321w\" sizes=\"(max-width: 1024px) 100vw, 1024px\" \/><\/figure>\n<\/div>\n<\/div>\n\n\n\n<div class=\"wp-block-buttons is-layout-flex wp-block-buttons-is-layout-flex\">\n<div class=\"wp-block-button has-custom-width wp-block-button__width-50 is-style-fill\"><a class=\"wp-block-button__link has-mintgreen-background-color has-text-color has-background\" href=\"https:\/\/acervosvirtuais.ufpel.edu.br\/acervodochorodepelotas\/luis-machado-2\/?view_mode=table&amp;perpage=12&amp;paged=1&amp;order=DESC&amp;orderby=date&amp;fetch_only=thumbnail%2Ccreation_date&amp;fetch_only_meta=6993%2C5063%2C4644\" style=\"color:#ffffff\" target=\"_blank\" rel=\"noreferrer noopener\">Clique aqui: Cole\u00e7\u00e3o Lu\u00eds Machado<\/a><\/div>\n<\/div>\n\n\n\n<blockquote class=\"wp-block-quote is-style-default is-layout-flow wp-block-quote-is-layout-flow\"><p>Lu\u00eds Machado \u00e9 bandolinista, arranjador e professor, est\u00e1 envolvido com o Choro h\u00e1 39 anos. Fundador do grupo Reminisc\u00eancias, com o qual gravou dois CD\u2019s e se apresentou em festivais no Brasil e no exterior. Fundador do projeto &#8220;Oficina de Choro&#8221; em 2003; projeto que formou algumas gera\u00e7\u00f5es de m\u00fasicos de choro Ga\u00fachos. <\/p><p>M\u00fasico e produtor da cena musical do Choro Porto Alegrense, e respons\u00e1vel por muitos projetos e apresenta\u00e7\u00f5es, ligados ao choro. Machado teve um prolongado contato com o cavaquinista e compositor pelotense Avendano Jr. Tendo escrito e interpretado diversos de seus temas. Machado vinha com frequ\u00eancia a pelotas especialmente para aprender e divulgar o trabalho do mestre Avendano.  O registro audiovisual das rodas com Luis Machado em Pelotas foi feito pelo Dr. Alceu Duarte.<\/p><cite>Lu\u00eds Machado, Porto Alegre 2020<\/cite><\/blockquote>\n","protected":false},"excerpt":{"rendered":"<p>A Cole\u00e7\u00e3o Lu\u00eds Machado \u00e9 composta por v\u00eddeos VHS de Avendano Jr e Regional, al\u00e9m de outros m\u00fasicos amigos e\/ou convidados em apresenta\u00e7\u00f5es formais e informais na cidade de Pelotas e Porto Alegre Lu\u00eds Machado \u00e9 bandolinista, arranjador e professor, est\u00e1 envolvido com o Choro h\u00e1 39 anos. Fundador do grupo Reminisc\u00eancias, com o qual [&hellip;]<\/p>\n","protected":false},"author":5,"featured_media":0,"parent":0,"menu_order":0,"comment_status":"closed","ping_status":"closed","template":"","meta":{"footnotes":""},"tnc_tax_2790":[],"tnc_tax_38":[],"tnc_tax_32":[],"class_list":["post-7141","page","type-page","status-publish","hentry"],"_links":{"self":[{"href":"https:\/\/acervosvirtuais.ufpel.edu.br\/acervodochorodepelotas\/wp-json\/wp\/v2\/pages\/7141","targetHints":{"allow":["GET"]}}],"collection":[{"href":"https:\/\/acervosvirtuais.ufpel.edu.br\/acervodochorodepelotas\/wp-json\/wp\/v2\/pages"}],"about":[{"href":"https:\/\/acervosvirtuais.ufpel.edu.br\/acervodochorodepelotas\/wp-json\/wp\/v2\/types\/page"}],"author":[{"embeddable":true,"href":"https:\/\/acervosvirtuais.ufpel.edu.br\/acervodochorodepelotas\/wp-json\/wp\/v2\/users\/5"}],"replies":[{"embeddable":true,"href":"https:\/\/acervosvirtuais.ufpel.edu.br\/acervodochorodepelotas\/wp-json\/wp\/v2\/comments?post=7141"}],"version-history":[{"count":13,"href":"https:\/\/acervosvirtuais.ufpel.edu.br\/acervodochorodepelotas\/wp-json\/wp\/v2\/pages\/7141\/revisions"}],"predecessor-version":[{"id":13928,"href":"https:\/\/acervosvirtuais.ufpel.edu.br\/acervodochorodepelotas\/wp-json\/wp\/v2\/pages\/7141\/revisions\/13928"}],"wp:attachment":[{"href":"https:\/\/acervosvirtuais.ufpel.edu.br\/acervodochorodepelotas\/wp-json\/wp\/v2\/media?parent=7141"}],"wp:term":[{"taxonomy":"tnc_tax_2790","embeddable":true,"href":"https:\/\/acervosvirtuais.ufpel.edu.br\/acervodochorodepelotas\/wp-json\/wp\/v2\/tnc_tax_2790?post=7141"},{"taxonomy":"tnc_tax_38","embeddable":true,"href":"https:\/\/acervosvirtuais.ufpel.edu.br\/acervodochorodepelotas\/wp-json\/wp\/v2\/tnc_tax_38?post=7141"},{"taxonomy":"tnc_tax_32","embeddable":true,"href":"https:\/\/acervosvirtuais.ufpel.edu.br\/acervodochorodepelotas\/wp-json\/wp\/v2\/tnc_tax_32?post=7141"}],"curies":[{"name":"wp","href":"https:\/\/api.w.org\/{rel}","templated":true}]}}

Coleção Luís Machado

<div class="wp-block-columns is-layout-flex wp-container-core-columns-is-layout-28f84493 wp-block-columns-is-layout-flex">
<div class="wp-block-column is-layout-flow wp-block-column-is-layout-flow">
<p class="has-text-align-right has-medium-font-size">A Coleção Luís Machado é composta por vídeos VHS de Avendano Jr e Regional, além de outros músicos amigos e/ou convidados em apresentações formais e informais na cidade de Pelotas e Porto Alegre</p>
</div>



<div class="wp-block-column is-layout-flow wp-block-column-is-layout-flow">
<figure class="wp-block-image size-large is-style-rounded"><img fetchpriority="high" decoding="async" width="1024" height="517" src="https://acervosvirtuais.ufpel.edu.br/acervodochorodepelotas/wp-content/uploads/sites/3/2021/10/machado-1024x517.jpg" alt="" class="wp-image-13859" srcset="https://acervosvirtuais.ufpel.edu.br/acervodochorodepelotas/wp-content/uploads/sites/3/2021/10/machado-1024x517.jpg 1024w, https://acervosvirtuais.ufpel.edu.br/acervodochorodepelotas/wp-content/uploads/sites/3/2021/10/machado-300x151.jpg 300w, https://acervosvirtuais.ufpel.edu.br/acervodochorodepelotas/wp-content/uploads/sites/3/2021/10/machado-768x388.jpg 768w, https://acervosvirtuais.ufpel.edu.br/acervodochorodepelotas/wp-content/uploads/sites/3/2021/10/machado-205x104.jpg 205w, https://acervosvirtuais.ufpel.edu.br/acervodochorodepelotas/wp-content/uploads/sites/3/2021/10/machado.jpg 1321w" sizes="(max-width: 1024px) 100vw, 1024px" /></figure>
</div>
</div>



<div class="wp-block-buttons is-layout-flex wp-block-buttons-is-layout-flex">
<div class="wp-block-button has-custom-width wp-block-button__width-50 is-style-fill"><a class="wp-block-button__link has-mintgreen-background-color has-text-color has-background" href="https://acervosvirtuais.ufpel.edu.br/acervodochorodepelotas/luis-machado-2/?view_mode=table&amp;perpage=12&amp;paged=1&amp;order=DESC&amp;orderby=date&amp;fetch_only=thumbnail%2Ccreation_date&amp;fetch_only_meta=6993%2C5063%2C4644" style="color:#ffffff" target="_blank" rel="noreferrer noopener">Clique aqui: Coleção Luís Machado</a></div>
</div>



<blockquote class="wp-block-quote is-style-default is-layout-flow wp-block-quote-is-layout-flow"><p>Luís Machado é bandolinista, arranjador e professor, está envolvido com o Choro há 39 anos. Fundador do grupo Reminiscências, com o qual gravou dois CD’s e se apresentou em festivais no Brasil e no exterior. Fundador do projeto &#8220;Oficina de Choro&#8221; em 2003; projeto que formou algumas gerações de músicos de choro Gaúchos. </p><p>Músico e produtor da cena musical do Choro Porto Alegrense, e responsável por muitos projetos e apresentações, ligados ao choro. Machado teve um prolongado contato com o cavaquinista e compositor pelotense Avendano Jr. Tendo escrito e interpretado diversos de seus temas. Machado vinha com frequência a pelotas especialmente para aprender e divulgar o trabalho do mestre Avendano.  O registro audiovisual das rodas com Luis Machado em Pelotas foi feito pelo Dr. Alceu Duarte.</p><cite>Luís Machado, Porto Alegre 2020</cite></blockquote>

<p>A Coleção Luís Machado é composta por vídeos VHS de Avendano Jr e Regional, além de outros músicos amigos e/ou convidados em apresentações formais e informais na cidade de Pelotas e Porto Alegre Luís Machado é bandolinista, arranjador e professor, está envolvido com o Choro há 39 anos. Fundador do grupo Reminiscências, com o qual [&hellip;]</p>
