{"id":5824,"date":"2020-11-14T17:22:38","date_gmt":"2020-11-14T20:22:38","guid":{"rendered":"https:\/\/acervosvirtuais.ufpel.edu.br\/acervodochorodepelotas\/?page_id=5824"},"modified":"2021-10-21T17:58:12","modified_gmt":"2021-10-21T20:58:12","slug":"franscisco-jose-pereira-oliveira","status":"publish","type":"page","link":"https:\/\/acervosvirtuais.ufpel.edu.br\/acervodochorodepelotas\/franscisco-jose-pereira-oliveira\/","title":{"rendered":"Cole\u00e7\u00e3o Chic\u00e3o &#8211; Francisco Jos\u00e9 Pereira Oliveira"},"content":{"rendered":"\n<div class=\"wp-block-columns is-layout-flex wp-container-core-columns-is-layout-28f84493 wp-block-columns-is-layout-flex\">\n<div class=\"wp-block-column is-layout-flow wp-block-column-is-layout-flow\"><\/div>\n<\/div>\n\n\n\n<div class=\"wp-block-columns is-layout-flex wp-container-core-columns-is-layout-28f84493 wp-block-columns-is-layout-flex\">\n<div class=\"wp-block-column is-layout-flow wp-block-column-is-layout-flow\">\n<p class=\"has-text-align-right has-medium-font-size\">Conhecido carinhosamente por Chic\u00e3o, ele vem desde a d\u00e9cada de 70 acompanhando o movimento cultural ligado \u00e0 musica, em especial o Choro, sempre presente e atento com sua c\u00e2mera. <\/p>\n\n\n\n<p class=\"has-text-align-right has-medium-font-size\">A cole\u00e7\u00e3o consiste de registros amadores em v\u00eddeos de apresenta\u00e7\u00f5es musicais em diversos ambientes em Pelotas.<\/p>\n\n\n\n<div class=\"wp-block-buttons is-layout-flex wp-block-buttons-is-layout-flex\">\n<div class=\"wp-block-button is-style-fill\"><a class=\"wp-block-button__link has-mintgreen-background-color has-text-color has-background\" href=\"https:\/\/acervosvirtuais.ufpel.edu.br\/acervodochorodepelotas\/chicao-francisco-jose-pereira-de-oliveira\" style=\"color:#ffffff\" rel=\"https:\/\/acervosvirtuais.ufpel.edu.br\/acervodochorodepelotas\/chicao-francisco-jose-pereira-de-oliveira\">Clique para ter acesso: Cole\u00e7\u00e3o Chic\u00e3o<\/a><\/div>\n<\/div>\n<\/div>\n\n\n\n<div class=\"wp-block-column is-layout-flow wp-block-column-is-layout-flow\">\n<figure class=\"wp-block-image size-large is-resized is-style-rounded\"><img fetchpriority=\"high\" decoding=\"async\" src=\"https:\/\/acervosvirtuais.ufpel.edu.br\/acervodochorodepelotas\/wp-content\/uploads\/sites\/3\/2021\/10\/chicochico.jpg\" alt=\"\" class=\"wp-image-13827\" width=\"340\" height=\"249\" srcset=\"https:\/\/acervosvirtuais.ufpel.edu.br\/acervodochorodepelotas\/wp-content\/uploads\/sites\/3\/2021\/10\/chicochico.jpg 640w, https:\/\/acervosvirtuais.ufpel.edu.br\/acervodochorodepelotas\/wp-content\/uploads\/sites\/3\/2021\/10\/chicochico-300x220.jpg 300w, https:\/\/acervosvirtuais.ufpel.edu.br\/acervodochorodepelotas\/wp-content\/uploads\/sites\/3\/2021\/10\/chicochico-205x150.jpg 205w\" sizes=\"(max-width: 340px) 100vw, 340px\" \/><\/figure>\n<\/div>\n<\/div>\n\n\n\n<p><\/p>\n","protected":false},"excerpt":{"rendered":"<p>Conhecido carinhosamente por Chic\u00e3o, ele vem desde a d\u00e9cada de 70 acompanhando o movimento cultural ligado \u00e0 musica, em especial o Choro, sempre presente e atento com sua c\u00e2mera. A cole\u00e7\u00e3o consiste de registros amadores em v\u00eddeos de apresenta\u00e7\u00f5es musicais em diversos ambientes em Pelotas.<\/p>\n","protected":false},"author":5,"featured_media":0,"parent":0,"menu_order":0,"comment_status":"closed","ping_status":"closed","template":"","meta":{"footnotes":""},"tnc_tax_2790":[],"tnc_tax_38":[],"tnc_tax_32":[],"class_list":["post-5824","page","type-page","status-publish","hentry"],"_links":{"self":[{"href":"https:\/\/acervosvirtuais.ufpel.edu.br\/acervodochorodepelotas\/wp-json\/wp\/v2\/pages\/5824","targetHints":{"allow":["GET"]}}],"collection":[{"href":"https:\/\/acervosvirtuais.ufpel.edu.br\/acervodochorodepelotas\/wp-json\/wp\/v2\/pages"}],"about":[{"href":"https:\/\/acervosvirtuais.ufpel.edu.br\/acervodochorodepelotas\/wp-json\/wp\/v2\/types\/page"}],"author":[{"embeddable":true,"href":"https:\/\/acervosvirtuais.ufpel.edu.br\/acervodochorodepelotas\/wp-json\/wp\/v2\/users\/5"}],"replies":[{"embeddable":true,"href":"https:\/\/acervosvirtuais.ufpel.edu.br\/acervodochorodepelotas\/wp-json\/wp\/v2\/comments?post=5824"}],"version-history":[{"count":24,"href":"https:\/\/acervosvirtuais.ufpel.edu.br\/acervodochorodepelotas\/wp-json\/wp\/v2\/pages\/5824\/revisions"}],"predecessor-version":[{"id":13868,"href":"https:\/\/acervosvirtuais.ufpel.edu.br\/acervodochorodepelotas\/wp-json\/wp\/v2\/pages\/5824\/revisions\/13868"}],"wp:attachment":[{"href":"https:\/\/acervosvirtuais.ufpel.edu.br\/acervodochorodepelotas\/wp-json\/wp\/v2\/media?parent=5824"}],"wp:term":[{"taxonomy":"tnc_tax_2790","embeddable":true,"href":"https:\/\/acervosvirtuais.ufpel.edu.br\/acervodochorodepelotas\/wp-json\/wp\/v2\/tnc_tax_2790?post=5824"},{"taxonomy":"tnc_tax_38","embeddable":true,"href":"https:\/\/acervosvirtuais.ufpel.edu.br\/acervodochorodepelotas\/wp-json\/wp\/v2\/tnc_tax_38?post=5824"},{"taxonomy":"tnc_tax_32","embeddable":true,"href":"https:\/\/acervosvirtuais.ufpel.edu.br\/acervodochorodepelotas\/wp-json\/wp\/v2\/tnc_tax_32?post=5824"}],"curies":[{"name":"wp","href":"https:\/\/api.w.org\/{rel}","templated":true}]}}

Coleção Chicão &#8211; Francisco José Pereira Oliveira

<div class="wp-block-columns is-layout-flex wp-container-core-columns-is-layout-28f84493 wp-block-columns-is-layout-flex">
<div class="wp-block-column is-layout-flow wp-block-column-is-layout-flow"></div>
</div>



<div class="wp-block-columns is-layout-flex wp-container-core-columns-is-layout-28f84493 wp-block-columns-is-layout-flex">
<div class="wp-block-column is-layout-flow wp-block-column-is-layout-flow">
<p class="has-text-align-right has-medium-font-size">Conhecido carinhosamente por Chicão, ele vem desde a década de 70 acompanhando o movimento cultural ligado à musica, em especial o Choro, sempre presente e atento com sua câmera. </p>



<p class="has-text-align-right has-medium-font-size">A coleção consiste de registros amadores em vídeos de apresentações musicais em diversos ambientes em Pelotas.</p>



<div class="wp-block-buttons is-layout-flex wp-block-buttons-is-layout-flex">
<div class="wp-block-button is-style-fill"><a class="wp-block-button__link has-mintgreen-background-color has-text-color has-background" href="https://acervosvirtuais.ufpel.edu.br/acervodochorodepelotas/chicao-francisco-jose-pereira-de-oliveira" style="color:#ffffff" rel="https://acervosvirtuais.ufpel.edu.br/acervodochorodepelotas/chicao-francisco-jose-pereira-de-oliveira">Clique para ter acesso: Coleção Chicão</a></div>
</div>
</div>



<div class="wp-block-column is-layout-flow wp-block-column-is-layout-flow">
<figure class="wp-block-image size-large is-resized is-style-rounded"><img fetchpriority="high" decoding="async" src="https://acervosvirtuais.ufpel.edu.br/acervodochorodepelotas/wp-content/uploads/sites/3/2021/10/chicochico.jpg" alt="" class="wp-image-13827" width="340" height="249" srcset="https://acervosvirtuais.ufpel.edu.br/acervodochorodepelotas/wp-content/uploads/sites/3/2021/10/chicochico.jpg 640w, https://acervosvirtuais.ufpel.edu.br/acervodochorodepelotas/wp-content/uploads/sites/3/2021/10/chicochico-300x220.jpg 300w, https://acervosvirtuais.ufpel.edu.br/acervodochorodepelotas/wp-content/uploads/sites/3/2021/10/chicochico-205x150.jpg 205w" sizes="(max-width: 340px) 100vw, 340px" /></figure>
</div>
</div>



<p></p>

<p>Conhecido carinhosamente por Chicão, ele vem desde a década de 70 acompanhando o movimento cultural ligado à musica, em especial o Choro, sempre presente e atento com sua câmera. A coleção consiste de registros amadores em vídeos de apresentações musicais em diversos ambientes em Pelotas.</p>
