{"id":5188,"date":"2020-11-13T11:00:29","date_gmt":"2020-11-13T14:00:29","guid":{"rendered":"https:\/\/acervosvirtuais.ufpel.edu.br\/acervodochorodepelotas\/?page_id=5188"},"modified":"2021-10-25T17:30:25","modified_gmt":"2021-10-25T20:30:25","slug":"grupos-de-choro-de-pelotas","status":"publish","type":"page","link":"https:\/\/acervosvirtuais.ufpel.edu.br\/acervodochorodepelotas\/grupos-de-choro-de-pelotas\/","title":{"rendered":"Grupos de Choro"},"content":{"rendered":"\n<p class=\"has-medium-font-size\">Aqui est\u00e3o contextualizados os grupos de choro mencionados nas cole\u00e7\u00f5es. Embora muitos n\u00e3o existam mais, s\u00e3o importantes para a hist\u00f3ria do choro em Pelotas, pois representam o legado da tradi\u00e7\u00e3o do Choro.<\/p>\n\n\n\n<div class=\"wp-block-tainacan-terms-list\"><ul class=\"terms-list  terms-layout-grid\"><li class=\"term-list-item\"><button type=\"button\" class=\"components-button has-icon\" aria-label=\"Remove\"><span class=\"dashicon dashicons dashicons-no-alt\"><\/span><\/button><a id=\"term-id-54\" href=\"https:\/\/acervosvirtuais.ufpel.edu.br\/acervodochorodepelotas\/grupos-de-choro-de-pelotas\/canhoto-e-seu-conjunto\/\" target=\"_blank\" class=\" \" rel=\"noopener\"><img decoding=\"async\" src=\"https:\/\/acervosvirtuais.ufpel.edu.br\/acervodochorodepelotas\/wp-content\/uploads\/sites\/3\/tainacan-items\/2920\/2927\/cropped-HM-F9A-scaled-1.jpg\" alt=\"Canhoto e seu Conjunto\" \/><span>Canhoto e seu Conjunto<\/span><\/a><\/li><li class=\"term-list-item\"><button type=\"button\" class=\"components-button has-icon\" aria-label=\"Remove\"><span class=\"dashicon dashicons dashicons-no-alt\"><\/span><\/button><a id=\"term-id-27\" href=\"https:\/\/acervosvirtuais.ufpel.edu.br\/acervodochorodepelotas\/grupos-de-choro-de-pelotas\/perdidos-e-achados\/\" target=\"_blank\" class=\" \" rel=\"noopener\"><img decoding=\"async\" src=\"https:\/\/acervosvirtuais.ufpel.edu.br\/acervodochorodepelotas\/wp-content\/uploads\/sites\/3\/tainacan-items\/3590\/3756\/cropped-NC-F15A-scaled-3.jpg\" alt=\"Perdidos e Achados\" \/><span>Perdidos e Achados<\/span><\/a><\/li><li class=\"term-list-item\"><button type=\"button\" class=\"components-button has-icon\" aria-label=\"Remove\"><span class=\"dashicon dashicons dashicons-no-alt\"><\/span><\/button><a id=\"term-id-2\" href=\"https:\/\/acervosvirtuais.ufpel.edu.br\/acervodochorodepelotas\/grupos-de-choro-de-pelotas\/regional-roupa-velha\/\" target=\"_blank\" class=\" \" rel=\"noopener\"><img decoding=\"async\" src=\"https:\/\/acervosvirtuais.ufpel.edu.br\/acervodochorodepelotas\/wp-content\/uploads\/sites\/3\/2020\/10\/cropped-artworks-EK2F2XAzkzKWdhLa-ibR4hA-t500x500-1.jpg\" alt=\"Regional Roupa Velha\" \/><span>Regional Roupa Velha<\/span><\/a><\/li><li class=\"term-list-item\"><button type=\"button\" class=\"components-button has-icon\" aria-label=\"Remove\"><span class=\"dashicon dashicons dashicons-no-alt\"><\/span><\/button><a id=\"term-id-59\" href=\"https:\/\/acervosvirtuais.ufpel.edu.br\/acervodochorodepelotas\/grupos-de-choro-de-pelotas\/trio-irapua\/\" target=\"_blank\" class=\" \" rel=\"noopener\"><img decoding=\"async\" src=\"https:\/\/acervosvirtuais.ufpel.edu.br\/acervodochorodepelotas\/wp-content\/uploads\/sites\/3\/tainacan-items\/2920\/2927\/cropped-HM-F5A-scaled-1.jpg\" alt=\"Tr\u00edo Irapu\u00e3\" \/><span>Tr\u00edo Irapu\u00e3<\/span><\/a><\/li><li class=\"term-list-item\"><button type=\"button\" class=\"components-button has-icon\" aria-label=\"Remove\"><span class=\"dashicon dashicons dashicons-no-alt\"><\/span><\/button><a id=\"term-id-55\" href=\"https:\/\/acervosvirtuais.ufpel.edu.br\/acervodochorodepelotas\/grupos-de-choro-de-pelotas\/regional-da-prc3\/\" target=\"_blank\" class=\" \" rel=\"noopener\"><img decoding=\"async\" src=\"https:\/\/acervosvirtuais.ufpel.edu.br\/acervodochorodepelotas\/wp-content\/uploads\/sites\/3\/tainacan-items\/2920\/2927\/cropped-HM-F7A-scaled-1.jpg\" alt=\"Regional da PRC3\" \/><span>Regional da PRC3<\/span><\/a><\/li><li class=\"term-list-item\"><button type=\"button\" class=\"components-button has-icon\" aria-label=\"Remove\"><span class=\"dashicon dashicons dashicons-no-alt\"><\/span><\/button><a id=\"term-id-3\" href=\"https:\/\/acervosvirtuais.ufpel.edu.br\/acervodochorodepelotas\/grupos-de-choro-de-pelotas\/regional-avendano-jr\/\" target=\"_blank\" class=\" \" rel=\"noopener\"><img decoding=\"async\" src=\"https:\/\/acervosvirtuais.ufpel.edu.br\/acervodochorodepelotas\/wp-content\/uploads\/sites\/3\/tainacan-items\/2920\/2927\/cropped-HM-F4B-scaled-1.jpg\" alt=\"Regional Avendano Jr.\" \/><span>Regional Avendano Jr.<\/span><\/a><\/li><li class=\"term-list-item\"><button type=\"button\" class=\"components-button has-icon\" aria-label=\"Remove\"><span class=\"dashicon dashicons dashicons-no-alt\"><\/span><\/button><a id=\"term-id-89\" href=\"https:\/\/acervosvirtuais.ufpel.edu.br\/acervodochorodepelotas\/grupos-de-choro-de-pelotas\/ninho-do-pardal\/\" target=\"_blank\" class=\" \" rel=\"noopener\"><img decoding=\"async\" src=\"https:\/\/acervosvirtuais.ufpel.edu.br\/acervodochorodepelotas\/wp-content\/uploads\/sites\/3\/2020\/11\/cropped-JC-O1.jpg\" alt=\"Ninho do Pardal\" \/><span>Ninho do Pardal<\/span><\/a><\/li><li class=\"term-list-item\"><button type=\"button\" class=\"components-button has-icon\" aria-label=\"Remove\"><span class=\"dashicon dashicons dashicons-no-alt\"><\/span><\/button><a id=\"term-id-56\" href=\"https:\/\/acervosvirtuais.ufpel.edu.br\/acervodochorodepelotas\/grupos-de-choro-de-pelotas\/conjunto-marginais-do-samba\/\" target=\"_blank\" class=\" \" rel=\"noopener\"><img decoding=\"async\" src=\"https:\/\/acervosvirtuais.ufpel.edu.br\/acervodochorodepelotas\/wp-content\/uploads\/sites\/3\/tainacan-items\/2920\/2927\/cropped-HM-F6A-scaled-1.jpg\" alt=\"Conjunto Marginais do Samba\" \/><span>Conjunto Marginais do Samba<\/span><\/a><\/li><\/ul><\/div>\n","protected":false},"excerpt":{"rendered":"<p>Aqui est\u00e3o contextualizados os grupos de choro mencionados nas cole\u00e7\u00f5es. Embora muitos n\u00e3o existam mais, s\u00e3o importantes para a hist\u00f3ria do choro em Pelotas, pois representam o legado da tradi\u00e7\u00e3o do Choro.<\/p>\n","protected":false},"author":5,"featured_media":0,"parent":0,"menu_order":0,"comment_status":"closed","ping_status":"closed","template":"","meta":{"footnotes":""},"tnc_tax_2790":[],"tnc_tax_38":[],"tnc_tax_32":[],"class_list":["post-5188","page","type-page","status-publish","hentry"],"_links":{"self":[{"href":"https:\/\/acervosvirtuais.ufpel.edu.br\/acervodochorodepelotas\/wp-json\/wp\/v2\/pages\/5188","targetHints":{"allow":["GET"]}}],"collection":[{"href":"https:\/\/acervosvirtuais.ufpel.edu.br\/acervodochorodepelotas\/wp-json\/wp\/v2\/pages"}],"about":[{"href":"https:\/\/acervosvirtuais.ufpel.edu.br\/acervodochorodepelotas\/wp-json\/wp\/v2\/types\/page"}],"author":[{"embeddable":true,"href":"https:\/\/acervosvirtuais.ufpel.edu.br\/acervodochorodepelotas\/wp-json\/wp\/v2\/users\/5"}],"replies":[{"embeddable":true,"href":"https:\/\/acervosvirtuais.ufpel.edu.br\/acervodochorodepelotas\/wp-json\/wp\/v2\/comments?post=5188"}],"version-history":[{"count":5,"href":"https:\/\/acervosvirtuais.ufpel.edu.br\/acervodochorodepelotas\/wp-json\/wp\/v2\/pages\/5188\/revisions"}],"predecessor-version":[{"id":13885,"href":"https:\/\/acervosvirtuais.ufpel.edu.br\/acervodochorodepelotas\/wp-json\/wp\/v2\/pages\/5188\/revisions\/13885"}],"wp:attachment":[{"href":"https:\/\/acervosvirtuais.ufpel.edu.br\/acervodochorodepelotas\/wp-json\/wp\/v2\/media?parent=5188"}],"wp:term":[{"taxonomy":"tnc_tax_2790","embeddable":true,"href":"https:\/\/acervosvirtuais.ufpel.edu.br\/acervodochorodepelotas\/wp-json\/wp\/v2\/tnc_tax_2790?post=5188"},{"taxonomy":"tnc_tax_38","embeddable":true,"href":"https:\/\/acervosvirtuais.ufpel.edu.br\/acervodochorodepelotas\/wp-json\/wp\/v2\/tnc_tax_38?post=5188"},{"taxonomy":"tnc_tax_32","embeddable":true,"href":"https:\/\/acervosvirtuais.ufpel.edu.br\/acervodochorodepelotas\/wp-json\/wp\/v2\/tnc_tax_32?post=5188"}],"curies":[{"name":"wp","href":"https:\/\/api.w.org\/{rel}","templated":true}]}}