{"id":3525,"date":"2020-10-29T10:14:21","date_gmt":"2020-10-29T13:14:21","guid":{"rendered":"https:\/\/acervosvirtuais.ufpel.edu.br\/acervodochorodepelotas\/?page_id=3525"},"modified":"2021-12-02T16:58:58","modified_gmt":"2021-12-02T19:58:58","slug":"colecao-rita-freitas-da-conceicao-avendano","status":"publish","type":"page","link":"https:\/\/acervosvirtuais.ufpel.edu.br\/acervodochorodepelotas\/colecao-rita-freitas-da-conceicao-avendano\/","title":{"rendered":"Cole\u00e7\u00e3o Rita Avendano"},"content":{"rendered":"\n<div class=\"wp-block-columns is-layout-flex wp-container-core-columns-is-layout-28f84493 wp-block-columns-is-layout-flex\">\n<div class=\"wp-block-column is-layout-flow wp-block-column-is-layout-flow\">\n<p class=\"has-text-align-right has-medium-font-size\">Vi\u00fava de Avendano Junior D. Rita guarda em sua resid\u00eancia com carinho e zelo, todo o material que pertenceu ao seu marido.<\/p>\n\n\n\n<p class=\"has-text-align-right has-medium-font-size\">A cole\u00e7\u00e3o consiste de varias pastas com recortes de jornais, fotografias, certificado de habilita\u00e7\u00e3o da Ordem dos M\u00fasicos do Brasil, placas de homenagens, cartas, cavaquinhos, inclusive o recebido de presente da vi\u00fava de Waldir Azevedo, D. Olinda Azevedo. Al\u00e9m disso a cole\u00e7\u00e3o consiste tamb\u00e9m de CD&#8217;s, partituras, o gravador utilizado por Avendano no seu cotidiano para estudo e cria\u00e7\u00e3o dos seus choros, entre outros importantes materiais e documentos.<\/p>\n<\/div>\n\n\n\n<div class=\"wp-block-column is-layout-flow wp-block-column-is-layout-flow\">\n<div class=\"wp-block-image is-style-rounded\"><figure class=\"aligncenter size-large\"><img fetchpriority=\"high\" decoding=\"async\" width=\"1024\" height=\"946\" src=\"https:\/\/acervosvirtuais.ufpel.edu.br\/acervodochorodepelotas\/wp-content\/uploads\/sites\/3\/2020\/10\/Rita-1024x946.png\" alt=\"\" class=\"wp-image-3531\" srcset=\"https:\/\/acervosvirtuais.ufpel.edu.br\/acervodochorodepelotas\/wp-content\/uploads\/sites\/3\/2020\/10\/Rita-1024x946.png 1024w, https:\/\/acervosvirtuais.ufpel.edu.br\/acervodochorodepelotas\/wp-content\/uploads\/sites\/3\/2020\/10\/Rita-300x277.png 300w, https:\/\/acervosvirtuais.ufpel.edu.br\/acervodochorodepelotas\/wp-content\/uploads\/sites\/3\/2020\/10\/Rita-768x709.png 768w, https:\/\/acervosvirtuais.ufpel.edu.br\/acervodochorodepelotas\/wp-content\/uploads\/sites\/3\/2020\/10\/Rita-205x189.png 205w, https:\/\/acervosvirtuais.ufpel.edu.br\/acervodochorodepelotas\/wp-content\/uploads\/sites\/3\/2020\/10\/Rita.png 1136w\" sizes=\"(max-width: 1024px) 100vw, 1024px\" \/><\/figure><\/div>\n<\/div>\n<\/div>\n\n\n\n<div class=\"wp-block-buttons is-layout-flex wp-block-buttons-is-layout-flex\">\n<div class=\"wp-block-button\" id=\"https:\/\/acervosvirtuais.ufpel.edu.br\/acervodochorodepelotas\/acervo-do-choro-de-pelotas\/\"><a class=\"wp-block-button__link has-mintgreen-background-color has-text-color has-background\" href=\"https:\/\/acervosvirtuais.ufpel.edu.br\/acervodochorodepelotas\/rita-avendano\/\" style=\"color:#ffffff\" target=\"_blank\" rel=\"https:\/\/acervosvirtuais.ufpel.edu.br\/acervodochorodepelotas\/acervo-do-choro-de-pelotas\/ noopener\">Clique aqui: Cole\u00e7\u00e3o Rita Avendano<\/a><\/div>\n<\/div>\n\n\n\n<div class=\"wp-block-columns is-layout-flex wp-container-core-columns-is-layout-28f84493 wp-block-columns-is-layout-flex\">\n<div class=\"wp-block-column is-layout-flow wp-block-column-is-layout-flow\">\n<blockquote class=\"wp-block-quote is-style-default is-layout-flow wp-block-quote-is-layout-flow\"><p><strong>Hist\u00f3ria sobre o choro Liberdade<\/strong><\/p><p>\u201cO Avendano tinha um hor\u00e1rio di\u00e1rio em que se dedicava ao instrumento. Ele sentava na sala e quando pegava o cavaquinho ningu\u00e9m fazia mais nada, a prioridade era dele, nem pod\u00edamos limpar a casa para n\u00e3o atrapalhar, d\u00e1vamos espa\u00e7o para ele fazer o que ele gostava que era tocar cavaquinho.<\/p><p>A m\u00fasica Liberdade foi feita como todos os outros choros, em casa. Ele ia gravando as ideias a medida que iam surgindo no seu gravador port\u00e1til. Um dia ele me mostrou a m\u00fasica e disse; vou fazer essa para o Xavante. Eu disse; mas que legal eles v\u00e3o ficar muito faceiros. Mas n\u00e3o deram muita import\u00e2ncia. O Avendano chegou at\u00e9 a mostrar para os torcedores mais fan\u00e1ticos do clube, mas ningu\u00e9m deu muita bola.<\/p><p>Tempos depois Avendano acabou mudando o nome para Liberdade, em homenagem ao bar que a consagrou, j\u00e1 que a m\u00fasica era muito apreciada nas rodas de choro semanais que reunia, no bar, m\u00fasicos de pelotas e de v\u00e1rias outras cidades.\u201d<\/p><cite><em>Rita Avendano<\/em><br><\/cite><\/blockquote>\n<\/div>\n<\/div>\n","protected":false},"excerpt":{"rendered":"<p>Vi\u00fava de Avendano Junior D. Rita guarda em sua resid\u00eancia com carinho e zelo, todo o material que pertenceu ao seu marido. A cole\u00e7\u00e3o consiste de varias pastas com recortes de jornais, fotografias, certificado de habilita\u00e7\u00e3o da Ordem dos M\u00fasicos do Brasil, placas de homenagens, cartas, cavaquinhos, inclusive o recebido de presente da vi\u00fava de [&hellip;]<\/p>\n","protected":false},"author":5,"featured_media":0,"parent":0,"menu_order":0,"comment_status":"closed","ping_status":"closed","template":"","meta":{"footnotes":""},"tnc_tax_2790":[],"tnc_tax_38":[],"tnc_tax_32":[],"class_list":["post-3525","page","type-page","status-publish","hentry"],"_links":{"self":[{"href":"https:\/\/acervosvirtuais.ufpel.edu.br\/acervodochorodepelotas\/wp-json\/wp\/v2\/pages\/3525","targetHints":{"allow":["GET"]}}],"collection":[{"href":"https:\/\/acervosvirtuais.ufpel.edu.br\/acervodochorodepelotas\/wp-json\/wp\/v2\/pages"}],"about":[{"href":"https:\/\/acervosvirtuais.ufpel.edu.br\/acervodochorodepelotas\/wp-json\/wp\/v2\/types\/page"}],"author":[{"embeddable":true,"href":"https:\/\/acervosvirtuais.ufpel.edu.br\/acervodochorodepelotas\/wp-json\/wp\/v2\/users\/5"}],"replies":[{"embeddable":true,"href":"https:\/\/acervosvirtuais.ufpel.edu.br\/acervodochorodepelotas\/wp-json\/wp\/v2\/comments?post=3525"}],"version-history":[{"count":24,"href":"https:\/\/acervosvirtuais.ufpel.edu.br\/acervodochorodepelotas\/wp-json\/wp\/v2\/pages\/3525\/revisions"}],"predecessor-version":[{"id":22220,"href":"https:\/\/acervosvirtuais.ufpel.edu.br\/acervodochorodepelotas\/wp-json\/wp\/v2\/pages\/3525\/revisions\/22220"}],"wp:attachment":[{"href":"https:\/\/acervosvirtuais.ufpel.edu.br\/acervodochorodepelotas\/wp-json\/wp\/v2\/media?parent=3525"}],"wp:term":[{"taxonomy":"tnc_tax_2790","embeddable":true,"href":"https:\/\/acervosvirtuais.ufpel.edu.br\/acervodochorodepelotas\/wp-json\/wp\/v2\/tnc_tax_2790?post=3525"},{"taxonomy":"tnc_tax_38","embeddable":true,"href":"https:\/\/acervosvirtuais.ufpel.edu.br\/acervodochorodepelotas\/wp-json\/wp\/v2\/tnc_tax_38?post=3525"},{"taxonomy":"tnc_tax_32","embeddable":true,"href":"https:\/\/acervosvirtuais.ufpel.edu.br\/acervodochorodepelotas\/wp-json\/wp\/v2\/tnc_tax_32?post=3525"}],"curies":[{"name":"wp","href":"https:\/\/api.w.org\/{rel}","templated":true}]}}

Coleção Rita Avendano

<div class="wp-block-columns is-layout-flex wp-container-core-columns-is-layout-28f84493 wp-block-columns-is-layout-flex">
<div class="wp-block-column is-layout-flow wp-block-column-is-layout-flow">
<p class="has-text-align-right has-medium-font-size">Viúva de Avendano Junior D. Rita guarda em sua residência com carinho e zelo, todo o material que pertenceu ao seu marido.</p>



<p class="has-text-align-right has-medium-font-size">A coleção consiste de varias pastas com recortes de jornais, fotografias, certificado de habilitação da Ordem dos Músicos do Brasil, placas de homenagens, cartas, cavaquinhos, inclusive o recebido de presente da viúva de Waldir Azevedo, D. Olinda Azevedo. Além disso a coleção consiste também de CD&#8217;s, partituras, o gravador utilizado por Avendano no seu cotidiano para estudo e criação dos seus choros, entre outros importantes materiais e documentos.</p>
</div>



<div class="wp-block-column is-layout-flow wp-block-column-is-layout-flow">
<div class="wp-block-image is-style-rounded"><figure class="aligncenter size-large"><img fetchpriority="high" decoding="async" width="1024" height="946" src="https://acervosvirtuais.ufpel.edu.br/acervodochorodepelotas/wp-content/uploads/sites/3/2020/10/Rita-1024x946.png" alt="" class="wp-image-3531" srcset="https://acervosvirtuais.ufpel.edu.br/acervodochorodepelotas/wp-content/uploads/sites/3/2020/10/Rita-1024x946.png 1024w, https://acervosvirtuais.ufpel.edu.br/acervodochorodepelotas/wp-content/uploads/sites/3/2020/10/Rita-300x277.png 300w, https://acervosvirtuais.ufpel.edu.br/acervodochorodepelotas/wp-content/uploads/sites/3/2020/10/Rita-768x709.png 768w, https://acervosvirtuais.ufpel.edu.br/acervodochorodepelotas/wp-content/uploads/sites/3/2020/10/Rita-205x189.png 205w, https://acervosvirtuais.ufpel.edu.br/acervodochorodepelotas/wp-content/uploads/sites/3/2020/10/Rita.png 1136w" sizes="(max-width: 1024px) 100vw, 1024px" /></figure></div>
</div>
</div>



<div class="wp-block-buttons is-layout-flex wp-block-buttons-is-layout-flex">
<div class="wp-block-button" id="https://acervosvirtuais.ufpel.edu.br/acervodochorodepelotas/acervo-do-choro-de-pelotas/"><a class="wp-block-button__link has-mintgreen-background-color has-text-color has-background" href="https://acervosvirtuais.ufpel.edu.br/acervodochorodepelotas/rita-avendano/" style="color:#ffffff" target="_blank" rel="https://acervosvirtuais.ufpel.edu.br/acervodochorodepelotas/acervo-do-choro-de-pelotas/ noopener">Clique aqui: Coleção Rita Avendano</a></div>
</div>



<div class="wp-block-columns is-layout-flex wp-container-core-columns-is-layout-28f84493 wp-block-columns-is-layout-flex">
<div class="wp-block-column is-layout-flow wp-block-column-is-layout-flow">
<blockquote class="wp-block-quote is-style-default is-layout-flow wp-block-quote-is-layout-flow"><p><strong>História sobre o choro Liberdade</strong></p><p>“O Avendano tinha um horário diário em que se dedicava ao instrumento. Ele sentava na sala e quando pegava o cavaquinho ninguém fazia mais nada, a prioridade era dele, nem podíamos limpar a casa para não atrapalhar, dávamos espaço para ele fazer o que ele gostava que era tocar cavaquinho.</p><p>A música Liberdade foi feita como todos os outros choros, em casa. Ele ia gravando as ideias a medida que iam surgindo no seu gravador portátil. Um dia ele me mostrou a música e disse; vou fazer essa para o Xavante. Eu disse; mas que legal eles vão ficar muito faceiros. Mas não deram muita importância. O Avendano chegou até a mostrar para os torcedores mais fanáticos do clube, mas ninguém deu muita bola.</p><p>Tempos depois Avendano acabou mudando o nome para Liberdade, em homenagem ao bar que a consagrou, já que a música era muito apreciada nas rodas de choro semanais que reunia, no bar, músicos de pelotas e de várias outras cidades.”</p><cite><em>Rita Avendano</em><br></cite></blockquote>
</div>
</div>

<p>Viúva de Avendano Junior D. Rita guarda em sua residência com carinho e zelo, todo o material que pertenceu ao seu marido. A coleção consiste de varias pastas com recortes de jornais, fotografias, certificado de habilitação da Ordem dos Músicos do Brasil, placas de homenagens, cartas, cavaquinhos, inclusive o recebido de presente da viúva de [&hellip;]</p>
