{"id":23643,"date":"2024-03-07T15:37:49","date_gmt":"2024-03-07T18:37:49","guid":{"rendered":"https:\/\/acervosvirtuais.ufpel.edu.br\/acervodochorodepelotas\/?page_id=23643"},"modified":"2024-09-07T15:34:09","modified_gmt":"2024-09-07T18:34:09","slug":"colecao-sonia-porto","status":"publish","type":"page","link":"https:\/\/acervosvirtuais.ufpel.edu.br\/acervodochorodepelotas\/colecao-sonia-porto\/","title":{"rendered":"Cole\u00e7\u00e3o Sonia Porto"},"content":{"rendered":"<p>\n\n\n<div class=\"wp-block-columns is-layout-flex wp-container-core-columns-is-layout-28f84493 wp-block-columns-is-layout-flex\">\n<div class=\"wp-block-column is-layout-flow wp-block-column-is-layout-flow\">\n<p class=\"has-text-align-left has-text-color has-link-color wp-elements-13f82e2a826866ab211bd4c86880e123\" style=\"color:#000000;font-size:22px\">S\u00f4nia Porto, mais conhecida como \u201cSoninha\u201d \u00e9 cantora natural da cidade de Rio Grande.<\/p>\n\n\n\n<p class=\"has-text-color has-link-color wp-elements-12eeb8a9622863cff58a3be785710924\" style=\"color:#000000;font-size:22px\">Residindo em Pelotas h\u00e1 anos, Soninha Porto, como \u00e9 mais conhecida pelo p\u00fablico pelotense, ao longo dos anos vem cantando com diversos m\u00fasicos e grupos, entre eles, Possid\u00f4nio Tavares, Marco Ant\u00f4nio Fagundes Alves, o popular \u201cPel\u00e9\u201d, Gilberto Oliveira, o \u201cRegional Perdidos e Achados\u201d, Avendano Junior e Regional, entre outros.<\/p>\n\n\n\n<p><\/p>\n\n\n\n<p><\/p>\n<\/div>\n\n\n\n<div class=\"wp-block-column is-layout-flow wp-block-column-is-layout-flow\">\n<figure class=\"wp-block-image size-large\"><img fetchpriority=\"high\" decoding=\"async\" width=\"1024\" height=\"678\" src=\"https:\/\/acervosvirtuais.ufpel.edu.br\/acervodochorodepelotas\/wp-content\/uploads\/sites\/3\/2024\/03\/soninha-onca-5-1024x678.jpg\" alt=\"\" class=\"wp-image-23654\" srcset=\"https:\/\/acervosvirtuais.ufpel.edu.br\/acervodochorodepelotas\/wp-content\/uploads\/sites\/3\/2024\/03\/soninha-onca-5-1024x678.jpg 1024w, https:\/\/acervosvirtuais.ufpel.edu.br\/acervodochorodepelotas\/wp-content\/uploads\/sites\/3\/2024\/03\/soninha-onca-5-300x199.jpg 300w, https:\/\/acervosvirtuais.ufpel.edu.br\/acervodochorodepelotas\/wp-content\/uploads\/sites\/3\/2024\/03\/soninha-onca-5-768x509.jpg 768w, https:\/\/acervosvirtuais.ufpel.edu.br\/acervodochorodepelotas\/wp-content\/uploads\/sites\/3\/2024\/03\/soninha-onca-5-1536x1017.jpg 1536w, https:\/\/acervosvirtuais.ufpel.edu.br\/acervodochorodepelotas\/wp-content\/uploads\/sites\/3\/2024\/03\/soninha-onca-5-2048x1356.jpg 2048w, https:\/\/acervosvirtuais.ufpel.edu.br\/acervodochorodepelotas\/wp-content\/uploads\/sites\/3\/2024\/03\/soninha-onca-5-205x136.jpg 205w, https:\/\/acervosvirtuais.ufpel.edu.br\/acervodochorodepelotas\/wp-content\/uploads\/sites\/3\/2024\/03\/soninha-onca-5-480x318.jpg 480w\" sizes=\"(max-width: 1024px) 100vw, 1024px\" \/><\/figure>\n<\/div>\n<\/div>\n\n\n<\/p>\n\n\n<figure class=\"wp-block-embed is-type-video is-provider-youtube wp-block-embed-youtube wp-embed-aspect-16-9 wp-has-aspect-ratio\"><div class=\"wp-block-embed__wrapper\">\n<iframe title=\"Sonia Porto - A Rainha da Era do R\u00e1dio\" width=\"1400\" height=\"788\" src=\"https:\/\/www.youtube.com\/embed\/fOcA8SPsdg0?feature=oembed\" frameborder=\"0\" allow=\"accelerometer; autoplay; clipboard-write; encrypted-media; gyroscope; picture-in-picture; web-share\" referrerpolicy=\"strict-origin-when-cross-origin\" allowfullscreen><\/iframe>\n<\/div><figcaption class=\"wp-element-caption\">Entrevista com Soninha para a equipe do Acervo em parceira com o curso de Cinema UFPel. Pelotas, 2024.<\/figcaption><\/figure>\n\n\n\n<p><\/p>\n","protected":false},"excerpt":{"rendered":"<p>S\u00f4nia Porto, mais conhecida como \u201cSoninha\u201d \u00e9 cantora natural da cidade de Rio Grande. Residindo em Pelotas h\u00e1 anos, Soninha Porto, como \u00e9 mais conhecida pelo p\u00fablico pelotense, ao longo dos anos vem cantando com diversos m\u00fasicos e grupos, entre eles, Possid\u00f4nio Tavares, Marco Ant\u00f4nio Fagundes Alves, o popular \u201cPel\u00e9\u201d, Gilberto Oliveira, o \u201cRegional Perdidos [&hellip;]<\/p>\n","protected":false},"author":5,"featured_media":0,"parent":0,"menu_order":0,"comment_status":"closed","ping_status":"closed","template":"","meta":{"footnotes":""},"tnc_tax_2790":[],"tnc_tax_38":[],"tnc_tax_32":[],"class_list":["post-23643","page","type-page","status-publish","hentry"],"_links":{"self":[{"href":"https:\/\/acervosvirtuais.ufpel.edu.br\/acervodochorodepelotas\/wp-json\/wp\/v2\/pages\/23643","targetHints":{"allow":["GET"]}}],"collection":[{"href":"https:\/\/acervosvirtuais.ufpel.edu.br\/acervodochorodepelotas\/wp-json\/wp\/v2\/pages"}],"about":[{"href":"https:\/\/acervosvirtuais.ufpel.edu.br\/acervodochorodepelotas\/wp-json\/wp\/v2\/types\/page"}],"author":[{"embeddable":true,"href":"https:\/\/acervosvirtuais.ufpel.edu.br\/acervodochorodepelotas\/wp-json\/wp\/v2\/users\/5"}],"replies":[{"embeddable":true,"href":"https:\/\/acervosvirtuais.ufpel.edu.br\/acervodochorodepelotas\/wp-json\/wp\/v2\/comments?post=23643"}],"version-history":[{"count":14,"href":"https:\/\/acervosvirtuais.ufpel.edu.br\/acervodochorodepelotas\/wp-json\/wp\/v2\/pages\/23643\/revisions"}],"predecessor-version":[{"id":23836,"href":"https:\/\/acervosvirtuais.ufpel.edu.br\/acervodochorodepelotas\/wp-json\/wp\/v2\/pages\/23643\/revisions\/23836"}],"wp:attachment":[{"href":"https:\/\/acervosvirtuais.ufpel.edu.br\/acervodochorodepelotas\/wp-json\/wp\/v2\/media?parent=23643"}],"wp:term":[{"taxonomy":"tnc_tax_2790","embeddable":true,"href":"https:\/\/acervosvirtuais.ufpel.edu.br\/acervodochorodepelotas\/wp-json\/wp\/v2\/tnc_tax_2790?post=23643"},{"taxonomy":"tnc_tax_38","embeddable":true,"href":"https:\/\/acervosvirtuais.ufpel.edu.br\/acervodochorodepelotas\/wp-json\/wp\/v2\/tnc_tax_38?post=23643"},{"taxonomy":"tnc_tax_32","embeddable":true,"href":"https:\/\/acervosvirtuais.ufpel.edu.br\/acervodochorodepelotas\/wp-json\/wp\/v2\/tnc_tax_32?post=23643"}],"curies":[{"name":"wp","href":"https:\/\/api.w.org\/{rel}","templated":true}]}}

Coleção Sonia Porto

<p>


<div class="wp-block-columns is-layout-flex wp-container-core-columns-is-layout-28f84493 wp-block-columns-is-layout-flex">
<div class="wp-block-column is-layout-flow wp-block-column-is-layout-flow">
<p class="has-text-align-left has-text-color has-link-color wp-elements-13f82e2a826866ab211bd4c86880e123" style="color:#000000;font-size:22px">Sônia Porto, mais conhecida como “Soninha” é cantora natural da cidade de Rio Grande.</p>



<p class="has-text-color has-link-color wp-elements-12eeb8a9622863cff58a3be785710924" style="color:#000000;font-size:22px">Residindo em Pelotas há anos, Soninha Porto, como é mais conhecida pelo público pelotense, ao longo dos anos vem cantando com diversos músicos e grupos, entre eles, Possidônio Tavares, Marco Antônio Fagundes Alves, o popular “Pelé”, Gilberto Oliveira, o “Regional Perdidos e Achados”, Avendano Junior e Regional, entre outros.</p>



<p></p>



<p></p>
</div>



<div class="wp-block-column is-layout-flow wp-block-column-is-layout-flow">
<figure class="wp-block-image size-large"><img fetchpriority="high" decoding="async" width="1024" height="678" src="https://acervosvirtuais.ufpel.edu.br/acervodochorodepelotas/wp-content/uploads/sites/3/2024/03/soninha-onca-5-1024x678.jpg" alt="" class="wp-image-23654" srcset="https://acervosvirtuais.ufpel.edu.br/acervodochorodepelotas/wp-content/uploads/sites/3/2024/03/soninha-onca-5-1024x678.jpg 1024w, https://acervosvirtuais.ufpel.edu.br/acervodochorodepelotas/wp-content/uploads/sites/3/2024/03/soninha-onca-5-300x199.jpg 300w, https://acervosvirtuais.ufpel.edu.br/acervodochorodepelotas/wp-content/uploads/sites/3/2024/03/soninha-onca-5-768x509.jpg 768w, https://acervosvirtuais.ufpel.edu.br/acervodochorodepelotas/wp-content/uploads/sites/3/2024/03/soninha-onca-5-1536x1017.jpg 1536w, https://acervosvirtuais.ufpel.edu.br/acervodochorodepelotas/wp-content/uploads/sites/3/2024/03/soninha-onca-5-2048x1356.jpg 2048w, https://acervosvirtuais.ufpel.edu.br/acervodochorodepelotas/wp-content/uploads/sites/3/2024/03/soninha-onca-5-205x136.jpg 205w, https://acervosvirtuais.ufpel.edu.br/acervodochorodepelotas/wp-content/uploads/sites/3/2024/03/soninha-onca-5-480x318.jpg 480w" sizes="(max-width: 1024px) 100vw, 1024px" /></figure>
</div>
</div>


</p>


<figure class="wp-block-embed is-type-video is-provider-youtube wp-block-embed-youtube wp-embed-aspect-16-9 wp-has-aspect-ratio"><div class="wp-block-embed__wrapper">
<iframe title="Sonia Porto - A Rainha da Era do Rádio" width="1400" height="788" src="https://www.youtube.com/embed/fOcA8SPsdg0?feature=oembed" frameborder="0" allow="accelerometer; autoplay; clipboard-write; encrypted-media; gyroscope; picture-in-picture; web-share" referrerpolicy="strict-origin-when-cross-origin" allowfullscreen></iframe>
</div><figcaption class="wp-element-caption">Entrevista com Soninha para a equipe do Acervo em parceira com o curso de Cinema UFPel. Pelotas, 2024.</figcaption></figure>



<p></p>

<p>Sônia Porto, mais conhecida como “Soninha” é cantora natural da cidade de Rio Grande. Residindo em Pelotas há anos, Soninha Porto, como é mais conhecida pelo público pelotense, ao longo dos anos vem cantando com diversos músicos e grupos, entre eles, Possidônio Tavares, Marco Antônio Fagundes Alves, o popular “Pelé”, Gilberto Oliveira, o “Regional Perdidos [&hellip;]</p>
