{"id":22724,"date":"2023-02-03T08:19:40","date_gmt":"2023-02-03T11:19:40","guid":{"rendered":"https:\/\/acervosvirtuais.ufpel.edu.br\/acervodochorodepelotas\/?page_id=22724"},"modified":"2023-08-31T15:19:39","modified_gmt":"2023-08-31T18:19:39","slug":"milton-alves-2","status":"publish","type":"page","link":"https:\/\/acervosvirtuais.ufpel.edu.br\/acervodochorodepelotas\/milton-alves-2\/","title":{"rendered":"Milton Alves"},"content":{"rendered":"\n<div class=\"wp-block-buttons is-layout-flex wp-block-buttons-is-layout-flex\"><\/div>\n\n\n\n<div class=\"wp-block-columns is-layout-flex wp-container-core-columns-is-layout-28f84493 wp-block-columns-is-layout-flex\">\n<div class=\"wp-block-column is-layout-flow wp-block-column-is-layout-flow\">\n<div class=\"wp-block-buttons is-layout-flex wp-block-buttons-is-layout-flex\"><\/div>\n\n\n\n<p class=\"has-text-align-right has-black-color has-text-color has-large-font-size\">Milton da Costa Alves \u00e9 violonista 7 cordas, chor\u00e3o e seresteiro. Um dos grandes amigos e parceiros de Avendano Jr., que durante a permanecia de ambos servindo o ex\u00e9rcito foi o respons\u00e1vel em incentivar o amigo a iniciar sua vida como cavaquinista.<\/p>\n\n\n\n<p class=\"has-text-align-right has-black-color has-text-color has-large-font-size\">Hoje, Milton integra o &#8220;Regional Avendano J\u00fanior&#8221; que semanalmente se re\u00fane para tocar em Pelotas. Tamb\u00e9m participa das  Rodas de Choro no Mercado Central aos s\u00e1bados entre outros eventos envolvendo o Choro e a Seresta.<\/p>\n<\/div>\n\n\n\n<div class=\"wp-block-column is-layout-flow wp-block-column-is-layout-flow\">\n<figure class=\"wp-block-image size-full is-style-rounded\"><img fetchpriority=\"high\" decoding=\"async\" width=\"766\" height=\"598\" src=\"https:\/\/acervosvirtuais.ufpel.edu.br\/acervodochorodepelotas\/wp-content\/uploads\/sites\/3\/2023\/02\/Milton-Alves-Teaser-II-1.png\" alt=\"\" class=\"wp-image-22731\" srcset=\"https:\/\/acervosvirtuais.ufpel.edu.br\/acervodochorodepelotas\/wp-content\/uploads\/sites\/3\/2023\/02\/Milton-Alves-Teaser-II-1.png 766w, https:\/\/acervosvirtuais.ufpel.edu.br\/acervodochorodepelotas\/wp-content\/uploads\/sites\/3\/2023\/02\/Milton-Alves-Teaser-II-1-300x234.png 300w, https:\/\/acervosvirtuais.ufpel.edu.br\/acervodochorodepelotas\/wp-content\/uploads\/sites\/3\/2023\/02\/Milton-Alves-Teaser-II-1-205x160.png 205w, https:\/\/acervosvirtuais.ufpel.edu.br\/acervodochorodepelotas\/wp-content\/uploads\/sites\/3\/2023\/02\/Milton-Alves-Teaser-II-1-480x375.png 480w\" sizes=\"(max-width: 766px) 100vw, 766px\" \/><\/figure>\n<\/div>\n<\/div>\n\n\n\n<div class=\"wp-block-columns is-layout-flex wp-container-core-columns-is-layout-28f84493 wp-block-columns-is-layout-flex\">\n<div class=\"wp-block-column is-layout-flow wp-block-column-is-layout-flow\" style=\"flex-basis:33.33%\">\n<div class=\"wp-block-buttons is-layout-flex wp-block-buttons-is-layout-flex\"><\/div>\n<\/div>\n<\/div>\n\n\n\n<div class=\"wp-block-columns is-layout-flex wp-container-core-columns-is-layout-28f84493 wp-block-columns-is-layout-flex\">\n<div class=\"wp-block-column is-layout-flow wp-block-column-is-layout-flow\">\n<div class=\"wp-block-buttons has-custom-font-size has-huge-font-size is-layout-flex wp-block-buttons-is-layout-flex\"><\/div>\n<\/div>\n<\/div>\n\n\n\n<div class=\"wp-block-columns is-layout-flex wp-container-core-columns-is-layout-28f84493 wp-block-columns-is-layout-flex\">\n<div class=\"wp-block-column is-layout-flow wp-block-column-is-layout-flow\">\n<figure class=\"wp-block-embed is-type-video is-provider-youtube wp-block-embed-youtube wp-embed-aspect-16-9 wp-has-aspect-ratio\"><div class=\"wp-block-embed__wrapper\">\n<iframe title=\"MILTON ALVES : Amizades, Serenatas, Choro e o Liberdade\" width=\"1400\" height=\"788\" src=\"https:\/\/www.youtube.com\/embed\/eUtzX9B6Dk0?feature=oembed\" frameborder=\"0\" allow=\"accelerometer; autoplay; clipboard-write; encrypted-media; gyroscope; picture-in-picture; web-share\" allowfullscreen><\/iframe>\n<\/div><figcaption class=\"wp-element-caption\">Entrevista com Milton para a equipe do Acervo. <br>Pelotas, mar\u00e7o de 2023<\/figcaption><\/figure>\n<\/div>\n\n\n\n<div class=\"wp-block-column is-layout-flow wp-block-column-is-layout-flow\">\n<div class=\"wp-block-buttons alignwide is-content-justification-center is-layout-flex wp-container-core-buttons-is-layout-a89b3969 wp-block-buttons-is-layout-flex\">\n<div class=\"wp-block-button has-custom-width wp-block-button__width-75 has-custom-font-size has-huge-font-size\"><a class=\"wp-block-button__link has-mintgreen-background-color has-background wp-element-button\" href=\"https:\/\/acervosvirtuais.ufpel.edu.br\/acervodochorodepelotas\/milton-alves\" target=\"_blank\" rel=\"noreferrer noopener\">Clique aqui: Cole\u00e7\u00e3o Milton Alves<\/a><\/div>\n<\/div>\n<\/div>\n<\/div>\n\n\n\n<blockquote class=\"wp-block-quote is-layout-flow wp-block-quote-is-layout-flow\">\n<p class=\"has-black-color has-text-color has-regular-font-size\">&#8221; [&#8230;] Ali onde eu morava, no fundo da casa da minha m\u00e3e morava um pessoal que tocava, [que] tinha um conjunto vocal: viol\u00e3o, cavaquinho, um surdo, pandeirinho; e eles participavam de carnavais, at\u00e9 eram sempre premiados nos carnavais nessa categoria, eu n\u00e3o lembro o nome deles&#8230; Cada zona tinha um grupo, e nessa zona aqui [no Porto] esse era um grupo mais badalado&#8230; e foi ai que eu iniciei a tocar, por que eles se reuniam no fundo da casa da minha m\u00e3e pra ensaiar, eu era guri de 10 anos, 12, e eu ia pra l\u00e1 ouvir. E quando eles davam uma folga ali pra ir tomar uma cacha\u00e7a, largavam o instrumento e eu pegava um instrumento&#8230; cavaquinho&#8230; comecei com cavaquinho, e ali eu fui pegando algumas coisinhas [&#8230;]&#8221;<\/p>\n<cite>Milton Alves em entrevista a equipe do Acervo, novembro de 2022<\/cite><\/blockquote>\n","protected":false},"excerpt":{"rendered":"<p>Milton da Costa Alves \u00e9 violonista 7 cordas, chor\u00e3o e seresteiro. Um dos grandes amigos e parceiros de Avendano Jr., que durante a permanecia de ambos servindo o ex\u00e9rcito foi o respons\u00e1vel em incentivar o amigo a iniciar sua vida como cavaquinista. Hoje, Milton integra o &#8220;Regional Avendano J\u00fanior&#8221; que semanalmente se re\u00fane para tocar [&hellip;]<\/p>\n","protected":false},"author":5,"featured_media":0,"parent":0,"menu_order":0,"comment_status":"closed","ping_status":"closed","template":"","meta":{"footnotes":""},"tnc_tax_2790":[],"tnc_tax_38":[],"tnc_tax_32":[],"class_list":["post-22724","page","type-page","status-publish","hentry"],"_links":{"self":[{"href":"https:\/\/acervosvirtuais.ufpel.edu.br\/acervodochorodepelotas\/wp-json\/wp\/v2\/pages\/22724","targetHints":{"allow":["GET"]}}],"collection":[{"href":"https:\/\/acervosvirtuais.ufpel.edu.br\/acervodochorodepelotas\/wp-json\/wp\/v2\/pages"}],"about":[{"href":"https:\/\/acervosvirtuais.ufpel.edu.br\/acervodochorodepelotas\/wp-json\/wp\/v2\/types\/page"}],"author":[{"embeddable":true,"href":"https:\/\/acervosvirtuais.ufpel.edu.br\/acervodochorodepelotas\/wp-json\/wp\/v2\/users\/5"}],"replies":[{"embeddable":true,"href":"https:\/\/acervosvirtuais.ufpel.edu.br\/acervodochorodepelotas\/wp-json\/wp\/v2\/comments?post=22724"}],"version-history":[{"count":25,"href":"https:\/\/acervosvirtuais.ufpel.edu.br\/acervodochorodepelotas\/wp-json\/wp\/v2\/pages\/22724\/revisions"}],"predecessor-version":[{"id":23488,"href":"https:\/\/acervosvirtuais.ufpel.edu.br\/acervodochorodepelotas\/wp-json\/wp\/v2\/pages\/22724\/revisions\/23488"}],"wp:attachment":[{"href":"https:\/\/acervosvirtuais.ufpel.edu.br\/acervodochorodepelotas\/wp-json\/wp\/v2\/media?parent=22724"}],"wp:term":[{"taxonomy":"tnc_tax_2790","embeddable":true,"href":"https:\/\/acervosvirtuais.ufpel.edu.br\/acervodochorodepelotas\/wp-json\/wp\/v2\/tnc_tax_2790?post=22724"},{"taxonomy":"tnc_tax_38","embeddable":true,"href":"https:\/\/acervosvirtuais.ufpel.edu.br\/acervodochorodepelotas\/wp-json\/wp\/v2\/tnc_tax_38?post=22724"},{"taxonomy":"tnc_tax_32","embeddable":true,"href":"https:\/\/acervosvirtuais.ufpel.edu.br\/acervodochorodepelotas\/wp-json\/wp\/v2\/tnc_tax_32?post=22724"}],"curies":[{"name":"wp","href":"https:\/\/api.w.org\/{rel}","templated":true}]}}

<div class="wp-block-buttons is-layout-flex wp-block-buttons-is-layout-flex"></div>



<div class="wp-block-columns is-layout-flex wp-container-core-columns-is-layout-28f84493 wp-block-columns-is-layout-flex">
<div class="wp-block-column is-layout-flow wp-block-column-is-layout-flow">
<div class="wp-block-buttons is-layout-flex wp-block-buttons-is-layout-flex"></div>



<p class="has-text-align-right has-black-color has-text-color has-large-font-size">Milton da Costa Alves é violonista 7 cordas, chorão e seresteiro. Um dos grandes amigos e parceiros de Avendano Jr., que durante a permanecia de ambos servindo o exército foi o responsável em incentivar o amigo a iniciar sua vida como cavaquinista.</p>



<p class="has-text-align-right has-black-color has-text-color has-large-font-size">Hoje, Milton integra o &#8220;Regional Avendano Júnior&#8221; que semanalmente se reúne para tocar em Pelotas. Também participa das  Rodas de Choro no Mercado Central aos sábados entre outros eventos envolvendo o Choro e a Seresta.</p>
</div>



<div class="wp-block-column is-layout-flow wp-block-column-is-layout-flow">
<figure class="wp-block-image size-full is-style-rounded"><img fetchpriority="high" decoding="async" width="766" height="598" src="https://acervosvirtuais.ufpel.edu.br/acervodochorodepelotas/wp-content/uploads/sites/3/2023/02/Milton-Alves-Teaser-II-1.png" alt="" class="wp-image-22731" srcset="https://acervosvirtuais.ufpel.edu.br/acervodochorodepelotas/wp-content/uploads/sites/3/2023/02/Milton-Alves-Teaser-II-1.png 766w, https://acervosvirtuais.ufpel.edu.br/acervodochorodepelotas/wp-content/uploads/sites/3/2023/02/Milton-Alves-Teaser-II-1-300x234.png 300w, https://acervosvirtuais.ufpel.edu.br/acervodochorodepelotas/wp-content/uploads/sites/3/2023/02/Milton-Alves-Teaser-II-1-205x160.png 205w, https://acervosvirtuais.ufpel.edu.br/acervodochorodepelotas/wp-content/uploads/sites/3/2023/02/Milton-Alves-Teaser-II-1-480x375.png 480w" sizes="(max-width: 766px) 100vw, 766px" /></figure>
</div>
</div>



<div class="wp-block-columns is-layout-flex wp-container-core-columns-is-layout-28f84493 wp-block-columns-is-layout-flex">
<div class="wp-block-column is-layout-flow wp-block-column-is-layout-flow" style="flex-basis:33.33%">
<div class="wp-block-buttons is-layout-flex wp-block-buttons-is-layout-flex"></div>
</div>
</div>



<div class="wp-block-columns is-layout-flex wp-container-core-columns-is-layout-28f84493 wp-block-columns-is-layout-flex">
<div class="wp-block-column is-layout-flow wp-block-column-is-layout-flow">
<div class="wp-block-buttons has-custom-font-size has-huge-font-size is-layout-flex wp-block-buttons-is-layout-flex"></div>
</div>
</div>



<div class="wp-block-columns is-layout-flex wp-container-core-columns-is-layout-28f84493 wp-block-columns-is-layout-flex">
<div class="wp-block-column is-layout-flow wp-block-column-is-layout-flow">
<figure class="wp-block-embed is-type-video is-provider-youtube wp-block-embed-youtube wp-embed-aspect-16-9 wp-has-aspect-ratio"><div class="wp-block-embed__wrapper">
<iframe title="MILTON ALVES : Amizades, Serenatas, Choro e o Liberdade" width="1400" height="788" src="https://www.youtube.com/embed/eUtzX9B6Dk0?feature=oembed" frameborder="0" allow="accelerometer; autoplay; clipboard-write; encrypted-media; gyroscope; picture-in-picture; web-share" allowfullscreen></iframe>
</div><figcaption class="wp-element-caption">Entrevista com Milton para a equipe do Acervo. <br>Pelotas, março de 2023</figcaption></figure>
</div>



<div class="wp-block-column is-layout-flow wp-block-column-is-layout-flow">
<div class="wp-block-buttons alignwide is-content-justification-center is-layout-flex wp-container-core-buttons-is-layout-a89b3969 wp-block-buttons-is-layout-flex">
<div class="wp-block-button has-custom-width wp-block-button__width-75 has-custom-font-size has-huge-font-size"><a class="wp-block-button__link has-mintgreen-background-color has-background wp-element-button" href="https://acervosvirtuais.ufpel.edu.br/acervodochorodepelotas/milton-alves" target="_blank" rel="noreferrer noopener">Clique aqui: Coleção Milton Alves</a></div>
</div>
</div>
</div>



<blockquote class="wp-block-quote is-layout-flow wp-block-quote-is-layout-flow">
<p class="has-black-color has-text-color has-regular-font-size">&#8221; [&#8230;] Ali onde eu morava, no fundo da casa da minha mãe morava um pessoal que tocava, [que] tinha um conjunto vocal: violão, cavaquinho, um surdo, pandeirinho; e eles participavam de carnavais, até eram sempre premiados nos carnavais nessa categoria, eu não lembro o nome deles&#8230; Cada zona tinha um grupo, e nessa zona aqui [no Porto] esse era um grupo mais badalado&#8230; e foi ai que eu iniciei a tocar, por que eles se reuniam no fundo da casa da minha mãe pra ensaiar, eu era guri de 10 anos, 12, e eu ia pra lá ouvir. E quando eles davam uma folga ali pra ir tomar uma cachaça, largavam o instrumento e eu pegava um instrumento&#8230; cavaquinho&#8230; comecei com cavaquinho, e ali eu fui pegando algumas coisinhas [&#8230;]&#8221;</p>
<cite>Milton Alves em entrevista a equipe do Acervo, novembro de 2022</cite></blockquote>

<p>Milton da Costa Alves é violonista 7 cordas, chorão e seresteiro. Um dos grandes amigos e parceiros de Avendano Jr., que durante a permanecia de ambos servindo o exército foi o responsável em incentivar o amigo a iniciar sua vida como cavaquinista. Hoje, Milton integra o &#8220;Regional Avendano Júnior&#8221; que semanalmente se reúne para tocar [&hellip;]</p>
