{"id":21368,"date":"2022-05-26T11:26:27","date_gmt":"2022-05-26T14:26:27","guid":{"rendered":"https:\/\/acervosvirtuais.ufpel.edu.br\/acervodochorodepelotas\/?page_id=21368"},"modified":"2024-05-27T11:28:03","modified_gmt":"2024-05-27T14:28:03","slug":"linhadotempo","status":"publish","type":"page","link":"https:\/\/acervosvirtuais.ufpel.edu.br\/acervodochorodepelotas\/linhadotempo\/","title":{"rendered":"Linha do Tempo &#8211; Avendano Jr."},"content":{"rendered":"\n<figure class=\"wp-block-image size-full\"><img fetchpriority=\"high\" decoding=\"async\" width=\"9766\" height=\"25000\" src=\"https:\/\/acervosvirtuais.ufpel.edu.br\/acervodochorodepelotas\/wp-content\/uploads\/sites\/3\/2024\/05\/Time-Line-Avendano-Ju\u0301nior-3125-x-8000-px.png\" alt=\"\" class=\"wp-image-23824\"\/><\/figure>\n\n\n\n<div class=\"wp-block-cover alignfull is-light\"><span aria-hidden=\"true\" class=\"wp-block-cover__background has-background-dim-100 has-background-dim\" style=\"background-color:#01295c\"><\/span><div class=\"wp-block-cover__inner-container is-layout-flow wp-block-cover-is-layout-flow\">\n<div style=\"height:16px\" aria-hidden=\"true\" class=\"wp-block-spacer\"><\/div>\n\n\n\n<div class=\"wp-block-columns has-text-color is-layout-flex wp-container-core-columns-is-layout-28f84493 wp-block-columns-is-layout-flex\" style=\"color:#ffffff\">\n<div class=\"wp-block-column is-vertically-aligned-center is-layout-flow wp-block-column-is-layout-flow\" style=\"flex-basis:33.33%\">\n<figure class=\"wp-block-gallery aligncenter has-nested-images columns-default is-cropped wp-block-gallery-1 is-layout-flex wp-block-gallery-is-layout-flex\">\n<figure class=\"wp-block-image alignleft size-full\"><img decoding=\"async\" width=\"700\" height=\"466\" data-id=\"23702\" src=\"https:\/\/acervosvirtuais.ufpel.edu.br\/acervodochorodepelotas\/wp-content\/uploads\/sites\/3\/2024\/04\/16996748.jpg\" alt=\"\" class=\"wp-image-23702\" srcset=\"https:\/\/acervosvirtuais.ufpel.edu.br\/acervodochorodepelotas\/wp-content\/uploads\/sites\/3\/2024\/04\/16996748.jpg 700w, https:\/\/acervosvirtuais.ufpel.edu.br\/acervodochorodepelotas\/wp-content\/uploads\/sites\/3\/2024\/04\/16996748-300x200.jpg 300w, https:\/\/acervosvirtuais.ufpel.edu.br\/acervodochorodepelotas\/wp-content\/uploads\/sites\/3\/2024\/04\/16996748-205x136.jpg 205w, https:\/\/acervosvirtuais.ufpel.edu.br\/acervodochorodepelotas\/wp-content\/uploads\/sites\/3\/2024\/04\/16996748-480x320.jpg 480w\" sizes=\"(max-width: 700px) 100vw, 700px\" \/><\/figure>\n\n\n\n<figure class=\"wp-block-image alignleft size-full\"><img decoding=\"async\" width=\"2560\" height=\"1766\" data-id=\"23611\" src=\"https:\/\/acervosvirtuais.ufpel.edu.br\/acervodochorodepelotas\/wp-content\/uploads\/sites\/3\/2024\/02\/Avendano-e-Regional-scaled.jpg\" alt=\"\" class=\"wp-image-23611\" srcset=\"https:\/\/acervosvirtuais.ufpel.edu.br\/acervodochorodepelotas\/wp-content\/uploads\/sites\/3\/2024\/02\/Avendano-e-Regional-scaled.jpg 2560w, https:\/\/acervosvirtuais.ufpel.edu.br\/acervodochorodepelotas\/wp-content\/uploads\/sites\/3\/2024\/02\/Avendano-e-Regional-300x207.jpg 300w, https:\/\/acervosvirtuais.ufpel.edu.br\/acervodochorodepelotas\/wp-content\/uploads\/sites\/3\/2024\/02\/Avendano-e-Regional-1024x707.jpg 1024w, https:\/\/acervosvirtuais.ufpel.edu.br\/acervodochorodepelotas\/wp-content\/uploads\/sites\/3\/2024\/02\/Avendano-e-Regional-768x530.jpg 768w, https:\/\/acervosvirtuais.ufpel.edu.br\/acervodochorodepelotas\/wp-content\/uploads\/sites\/3\/2024\/02\/Avendano-e-Regional-1536x1060.jpg 1536w, https:\/\/acervosvirtuais.ufpel.edu.br\/acervodochorodepelotas\/wp-content\/uploads\/sites\/3\/2024\/02\/Avendano-e-Regional-2048x1413.jpg 2048w, https:\/\/acervosvirtuais.ufpel.edu.br\/acervodochorodepelotas\/wp-content\/uploads\/sites\/3\/2024\/02\/Avendano-e-Regional-205x141.jpg 205w, https:\/\/acervosvirtuais.ufpel.edu.br\/acervodochorodepelotas\/wp-content\/uploads\/sites\/3\/2024\/02\/Avendano-e-Regional-480x331.jpg 480w\" sizes=\"(max-width: 2560px) 100vw, 2560px\" \/><\/figure>\n<\/figure>\n<\/div>\n\n\n\n<div class=\"wp-block-column is-layout-flow wp-block-column-is-layout-flow\" style=\"flex-basis:33.33%\">\n<p class=\"has-huge-font-size\"><strong>Bar e Restaurante Liberdade<\/strong><\/p>\n\n\n\n<p class=\"has-text-align-right\">O \u201cLiberdade\u201d (Restaurante\/Bar Liberdade) foi inaugurado por \u201cSeu Lopes\u201d(Dilermando Lopes), em 10 de Maio de 1974&nbsp; em Pelotas, e constitui-se em um importante lugar de pr\u00e1tica de choro na cidade de Pelotas ao longo das d\u00e9cadas (funcionou ininterruptamente at\u00e9 o ano de 2014), al\u00e9m de tornar-se gradativamente em um espa\u00e7o de refer\u00eancia e encontro dos m\u00fasicos locais e de troca de saberes entre diferentes gera\u00e7\u00f5es do choro pelotense.<\/p>\n\n\n\n<p class=\"has-text-align-right\">Realizada de forma amplificada, a roda mesclava em seu repert\u00f3rio choros e sambas, e contava com as \u201ccanjas\u201d de cantores e m\u00fasicos que iam assistir o evento que ocorria semanalmente. Os m\u00fasicos do Liberdade formavam um grupo t\u00edpico de choro com viol\u00f5es, cavaquinhos (solo e base) e flauta acompanhados de ritmistas de surdo, pandeiro e, \u00e0s vezes, ag\u00ea (tamb\u00e9m conhecido como afox\u00e9). <\/p>\n\n\n\n<p class=\"has-text-align-right\">(VELLOSO, at all. Bar Liberdade in: Base de dados Choro patrim\u00f4nio, recurso eletr\u00f4nico, Pelotas: Ufpel, 2024)<\/p>\n\n\n\n<p class=\"has-text-align-right has-text-color\" style=\"color:#ffffff\"><a href=\"\/\"> Veja mais&#8230;<\/a><\/p>\n<\/div>\n\n\n\n<div class=\"wp-block-column is-layout-flow wp-block-column-is-layout-flow\" style=\"flex-basis:33.33%\">\n<h2 class=\"wp-block-heading has-text-color\" style=\"color:#ffffff\">Regional Avendano Jr.<\/h2>\n\n\n\n<p class=\"has-text-align-right has-normal-font-size\">Regional de Avendano J\u00fanior (1939-2012), grupo criado pelo c\u00e9lebre cavaquinista e compositor local, que executava no ambiente do bar seu amplo repert\u00f3rio de composi\u00e7\u00f5es originais, bem como cl\u00e1ssicos do choro, e sambas em vers\u00e3o instrumental.<\/p>\n\n\n\n<p class=\"has-text-align-right\">Por atravessar mais de 3 d\u00e9cadas de exist\u00eancia, \u00e9 dif\u00edcil precisar a totalidade de m\u00fasicos que passaram pelo regional, mas \u00e9 poss\u00edvel destacar os principais integrantes que mantiveram a roda em funcionamento: Avendano J\u00fanior (Cavaquinho), Roberval (cavaquinho e voz), Nogueira (surdo), Aloyn Soares (viol\u00e3o de 7 cordas), Toinha (cavaquinho), Milton Alves (viol\u00e3o de 7 cordas), Renato da Flauta (flauta), Paulino (surdo), Jac\u00f3 (pandeiro) S\u00f4nia Porto (voz).&nbsp;<\/p>\n\n\n\n<p class=\"has-text-align-right\">(VELLOSO, at all. Bar Liberdade in: Base de dados Choro patrim\u00f4nio, recurso eletr\u00f4nico, Pelotas: Ufpel, 2024)<\/p>\n<\/div>\n<\/div>\n<\/div><\/div>\n","protected":false},"excerpt":{"rendered":"","protected":false},"author":5,"featured_media":0,"parent":0,"menu_order":0,"comment_status":"closed","ping_status":"closed","template":"","meta":{"footnotes":""},"tnc_tax_2790":[],"tnc_tax_38":[],"tnc_tax_32":[],"class_list":["post-21368","page","type-page","status-publish","hentry"],"_links":{"self":[{"href":"https:\/\/acervosvirtuais.ufpel.edu.br\/acervodochorodepelotas\/wp-json\/wp\/v2\/pages\/21368","targetHints":{"allow":["GET"]}}],"collection":[{"href":"https:\/\/acervosvirtuais.ufpel.edu.br\/acervodochorodepelotas\/wp-json\/wp\/v2\/pages"}],"about":[{"href":"https:\/\/acervosvirtuais.ufpel.edu.br\/acervodochorodepelotas\/wp-json\/wp\/v2\/types\/page"}],"author":[{"embeddable":true,"href":"https:\/\/acervosvirtuais.ufpel.edu.br\/acervodochorodepelotas\/wp-json\/wp\/v2\/users\/5"}],"replies":[{"embeddable":true,"href":"https:\/\/acervosvirtuais.ufpel.edu.br\/acervodochorodepelotas\/wp-json\/wp\/v2\/comments?post=21368"}],"version-history":[{"count":15,"href":"https:\/\/acervosvirtuais.ufpel.edu.br\/acervodochorodepelotas\/wp-json\/wp\/v2\/pages\/21368\/revisions"}],"predecessor-version":[{"id":23826,"href":"https:\/\/acervosvirtuais.ufpel.edu.br\/acervodochorodepelotas\/wp-json\/wp\/v2\/pages\/21368\/revisions\/23826"}],"wp:attachment":[{"href":"https:\/\/acervosvirtuais.ufpel.edu.br\/acervodochorodepelotas\/wp-json\/wp\/v2\/media?parent=21368"}],"wp:term":[{"taxonomy":"tnc_tax_2790","embeddable":true,"href":"https:\/\/acervosvirtuais.ufpel.edu.br\/acervodochorodepelotas\/wp-json\/wp\/v2\/tnc_tax_2790?post=21368"},{"taxonomy":"tnc_tax_38","embeddable":true,"href":"https:\/\/acervosvirtuais.ufpel.edu.br\/acervodochorodepelotas\/wp-json\/wp\/v2\/tnc_tax_38?post=21368"},{"taxonomy":"tnc_tax_32","embeddable":true,"href":"https:\/\/acervosvirtuais.ufpel.edu.br\/acervodochorodepelotas\/wp-json\/wp\/v2\/tnc_tax_32?post=21368"}],"curies":[{"name":"wp","href":"https:\/\/api.w.org\/{rel}","templated":true}]}}

<figure class="wp-block-image size-full"><img fetchpriority="high" decoding="async" width="9766" height="25000" src="https://acervosvirtuais.ufpel.edu.br/acervodochorodepelotas/wp-content/uploads/sites/3/2024/05/Time-Line-Avendano-Júnior-3125-x-8000-px.png" alt="" class="wp-image-23824"/></figure>



<div class="wp-block-cover alignfull is-light"><span aria-hidden="true" class="wp-block-cover__background has-background-dim-100 has-background-dim" style="background-color:#01295c"></span><div class="wp-block-cover__inner-container is-layout-flow wp-block-cover-is-layout-flow">
<div style="height:16px" aria-hidden="true" class="wp-block-spacer"></div>



<div class="wp-block-columns has-text-color is-layout-flex wp-container-core-columns-is-layout-28f84493 wp-block-columns-is-layout-flex" style="color:#ffffff">
<div class="wp-block-column is-vertically-aligned-center is-layout-flow wp-block-column-is-layout-flow" style="flex-basis:33.33%">
<figure class="wp-block-gallery aligncenter has-nested-images columns-default is-cropped wp-block-gallery-1 is-layout-flex wp-block-gallery-is-layout-flex">
<figure class="wp-block-image alignleft size-full"><img decoding="async" width="700" height="466" data-id="23702" src="https://acervosvirtuais.ufpel.edu.br/acervodochorodepelotas/wp-content/uploads/sites/3/2024/04/16996748.jpg" alt="" class="wp-image-23702" srcset="https://acervosvirtuais.ufpel.edu.br/acervodochorodepelotas/wp-content/uploads/sites/3/2024/04/16996748.jpg 700w, https://acervosvirtuais.ufpel.edu.br/acervodochorodepelotas/wp-content/uploads/sites/3/2024/04/16996748-300x200.jpg 300w, https://acervosvirtuais.ufpel.edu.br/acervodochorodepelotas/wp-content/uploads/sites/3/2024/04/16996748-205x136.jpg 205w, https://acervosvirtuais.ufpel.edu.br/acervodochorodepelotas/wp-content/uploads/sites/3/2024/04/16996748-480x320.jpg 480w" sizes="(max-width: 700px) 100vw, 700px" /></figure>



<figure class="wp-block-image alignleft size-full"><img decoding="async" width="2560" height="1766" data-id="23611" src="https://acervosvirtuais.ufpel.edu.br/acervodochorodepelotas/wp-content/uploads/sites/3/2024/02/Avendano-e-Regional-scaled.jpg" alt="" class="wp-image-23611" srcset="https://acervosvirtuais.ufpel.edu.br/acervodochorodepelotas/wp-content/uploads/sites/3/2024/02/Avendano-e-Regional-scaled.jpg 2560w, https://acervosvirtuais.ufpel.edu.br/acervodochorodepelotas/wp-content/uploads/sites/3/2024/02/Avendano-e-Regional-300x207.jpg 300w, https://acervosvirtuais.ufpel.edu.br/acervodochorodepelotas/wp-content/uploads/sites/3/2024/02/Avendano-e-Regional-1024x707.jpg 1024w, https://acervosvirtuais.ufpel.edu.br/acervodochorodepelotas/wp-content/uploads/sites/3/2024/02/Avendano-e-Regional-768x530.jpg 768w, https://acervosvirtuais.ufpel.edu.br/acervodochorodepelotas/wp-content/uploads/sites/3/2024/02/Avendano-e-Regional-1536x1060.jpg 1536w, https://acervosvirtuais.ufpel.edu.br/acervodochorodepelotas/wp-content/uploads/sites/3/2024/02/Avendano-e-Regional-2048x1413.jpg 2048w, https://acervosvirtuais.ufpel.edu.br/acervodochorodepelotas/wp-content/uploads/sites/3/2024/02/Avendano-e-Regional-205x141.jpg 205w, https://acervosvirtuais.ufpel.edu.br/acervodochorodepelotas/wp-content/uploads/sites/3/2024/02/Avendano-e-Regional-480x331.jpg 480w" sizes="(max-width: 2560px) 100vw, 2560px" /></figure>
</figure>
</div>



<div class="wp-block-column is-layout-flow wp-block-column-is-layout-flow" style="flex-basis:33.33%">
<p class="has-huge-font-size"><strong>Bar e Restaurante Liberdade</strong></p>



<p class="has-text-align-right">O “Liberdade” (Restaurante/Bar Liberdade) foi inaugurado por “Seu Lopes”(Dilermando Lopes), em 10 de Maio de 1974&nbsp; em Pelotas, e constitui-se em um importante lugar de prática de choro na cidade de Pelotas ao longo das décadas (funcionou ininterruptamente até o ano de 2014), além de tornar-se gradativamente em um espaço de referência e encontro dos músicos locais e de troca de saberes entre diferentes gerações do choro pelotense.</p>



<p class="has-text-align-right">Realizada de forma amplificada, a roda mesclava em seu repertório choros e sambas, e contava com as “canjas” de cantores e músicos que iam assistir o evento que ocorria semanalmente. Os músicos do Liberdade formavam um grupo típico de choro com violões, cavaquinhos (solo e base) e flauta acompanhados de ritmistas de surdo, pandeiro e, às vezes, agê (também conhecido como afoxé). </p>



<p class="has-text-align-right">(VELLOSO, at all. Bar Liberdade in: Base de dados Choro patrimônio, recurso eletrônico, Pelotas: Ufpel, 2024)</p>



<p class="has-text-align-right has-text-color" style="color:#ffffff"><a href="/"> Veja mais&#8230;</a></p>
</div>



<div class="wp-block-column is-layout-flow wp-block-column-is-layout-flow" style="flex-basis:33.33%">
<h2 class="wp-block-heading has-text-color" style="color:#ffffff">Regional Avendano Jr.</h2>



<p class="has-text-align-right has-normal-font-size">Regional de Avendano Júnior (1939-2012), grupo criado pelo célebre cavaquinista e compositor local, que executava no ambiente do bar seu amplo repertório de composições originais, bem como clássicos do choro, e sambas em versão instrumental.</p>



<p class="has-text-align-right">Por atravessar mais de 3 décadas de existência, é difícil precisar a totalidade de músicos que passaram pelo regional, mas é possível destacar os principais integrantes que mantiveram a roda em funcionamento: Avendano Júnior (Cavaquinho), Roberval (cavaquinho e voz), Nogueira (surdo), Aloyn Soares (violão de 7 cordas), Toinha (cavaquinho), Milton Alves (violão de 7 cordas), Renato da Flauta (flauta), Paulino (surdo), Jacó (pandeiro) Sônia Porto (voz).&nbsp;</p>



<p class="has-text-align-right">(VELLOSO, at all. Bar Liberdade in: Base de dados Choro patrimônio, recurso eletrônico, Pelotas: Ufpel, 2024)</p>
</div>
</div>
</div></div>
