{"id":13160,"date":"2021-08-17T13:00:48","date_gmt":"2021-08-17T16:00:48","guid":{"rendered":"https:\/\/acervosvirtuais.ufpel.edu.br\/acervodochorodepelotas\/?page_id=13160"},"modified":"2021-10-07T16:49:42","modified_gmt":"2021-10-07T19:49:42","slug":"quem-somos","status":"publish","type":"page","link":"https:\/\/acervosvirtuais.ufpel.edu.br\/acervodochorodepelotas\/quem-somos\/","title":{"rendered":"Quem Somos?"},"content":{"rendered":"\n<p><\/p>\n\n\n\n<p><strong>\u00a0Equipe de Pesquisa NUMP \/ UFPEL<\/strong> <a href=\"http:\/\/dgp.cnpq.br\/dgp\/espelhogrupo\/6825090347717566\">link para o cadastro do Grupo de Pesquisa no CNPQ<\/a><br><br><strong>Coordena\u00e7\u00e3o:<\/strong>\u00a0<em>Rafael Velloso e Raul d\u2019Avila<\/em><\/p>\n\n\n\n<p><strong>Bolsista do Acervo Digital: <\/strong><em>Lucas Borba<\/em><br><br><strong>Digitaliza\u00e7\u00e3o e restauro dos documentos:<\/strong><\/p>\n\n\n\n<p><em>Ot\u00e1vio Boszczovski e Silvana Bojanovski Laborat\u00f3rio de Conserva\u00e7\u00e3o e Restaura\u00e7\u00e3o de Pap\u00e9is da UFPEL<\/em><br><br><strong>Capta\u00e7\u00e3o de \u00c1udio e V\u00eddeo:<\/strong><\/p>\n\n\n\n<p><em>Adler Maciel, Francisco Franco e Luiz Fernando do Reis<\/em><br><br><strong>Transcri\u00e7\u00e3o de Grava\u00e7\u00f5es:<\/strong><\/p>\n\n\n\n<p><em>Guilherme Sperb, Gustavo Mustaf\u00e9 e Vasco Azevedo<\/em><br><br><strong>Apoio as visitas de Campo:<\/strong><\/p>\n\n\n\n<p><em>Gil Soares, Pedro Erler e Guilherme Sperb<\/em><\/p>\n\n\n\n<p><strong>Organiza\u00e7\u00e3o do Cat\u00e1logo e das Cole\u00e7\u00f5es<\/strong><\/p>\n\n\n\n<p>Rafael Velloso, Gustavo Mustaf\u00e9 e Guilherme Vieira<\/p>\n","protected":false},"excerpt":{"rendered":"<p>\u00a0Equipe de Pesquisa NUMP \/ UFPEL link para o cadastro do Grupo de Pesquisa no CNPQ Coordena\u00e7\u00e3o:\u00a0Rafael Velloso e Raul d\u2019Avila Bolsista do Acervo Digital: Lucas Borba Digitaliza\u00e7\u00e3o e restauro dos documentos: Ot\u00e1vio Boszczovski e Silvana Bojanovski Laborat\u00f3rio de Conserva\u00e7\u00e3o e Restaura\u00e7\u00e3o de Pap\u00e9is da UFPEL Capta\u00e7\u00e3o de \u00c1udio e V\u00eddeo: Adler Maciel, Francisco Franco [&hellip;]<\/p>\n","protected":false},"author":5,"featured_media":0,"parent":0,"menu_order":0,"comment_status":"closed","ping_status":"closed","template":"","meta":{"footnotes":""},"tnc_tax_2790":[],"tnc_tax_38":[],"tnc_tax_32":[],"class_list":["post-13160","page","type-page","status-publish","hentry"],"_links":{"self":[{"href":"https:\/\/acervosvirtuais.ufpel.edu.br\/acervodochorodepelotas\/wp-json\/wp\/v2\/pages\/13160","targetHints":{"allow":["GET"]}}],"collection":[{"href":"https:\/\/acervosvirtuais.ufpel.edu.br\/acervodochorodepelotas\/wp-json\/wp\/v2\/pages"}],"about":[{"href":"https:\/\/acervosvirtuais.ufpel.edu.br\/acervodochorodepelotas\/wp-json\/wp\/v2\/types\/page"}],"author":[{"embeddable":true,"href":"https:\/\/acervosvirtuais.ufpel.edu.br\/acervodochorodepelotas\/wp-json\/wp\/v2\/users\/5"}],"replies":[{"embeddable":true,"href":"https:\/\/acervosvirtuais.ufpel.edu.br\/acervodochorodepelotas\/wp-json\/wp\/v2\/comments?post=13160"}],"version-history":[{"count":3,"href":"https:\/\/acervosvirtuais.ufpel.edu.br\/acervodochorodepelotas\/wp-json\/wp\/v2\/pages\/13160\/revisions"}],"predecessor-version":[{"id":13198,"href":"https:\/\/acervosvirtuais.ufpel.edu.br\/acervodochorodepelotas\/wp-json\/wp\/v2\/pages\/13160\/revisions\/13198"}],"wp:attachment":[{"href":"https:\/\/acervosvirtuais.ufpel.edu.br\/acervodochorodepelotas\/wp-json\/wp\/v2\/media?parent=13160"}],"wp:term":[{"taxonomy":"tnc_tax_2790","embeddable":true,"href":"https:\/\/acervosvirtuais.ufpel.edu.br\/acervodochorodepelotas\/wp-json\/wp\/v2\/tnc_tax_2790?post=13160"},{"taxonomy":"tnc_tax_38","embeddable":true,"href":"https:\/\/acervosvirtuais.ufpel.edu.br\/acervodochorodepelotas\/wp-json\/wp\/v2\/tnc_tax_38?post=13160"},{"taxonomy":"tnc_tax_32","embeddable":true,"href":"https:\/\/acervosvirtuais.ufpel.edu.br\/acervodochorodepelotas\/wp-json\/wp\/v2\/tnc_tax_32?post=13160"}],"curies":[{"name":"wp","href":"https:\/\/api.w.org\/{rel}","templated":true}]}}

<p></p>



<p><strong> Equipe de Pesquisa NUMP / UFPEL</strong> <a href="http://dgp.cnpq.br/dgp/espelhogrupo/6825090347717566">link para o cadastro do Grupo de Pesquisa no CNPQ</a><br><br><strong>Coordenação:</strong> <em>Rafael Velloso e Raul d’Avila</em></p>



<p><strong>Bolsista do Acervo Digital: </strong><em>Lucas Borba</em><br><br><strong>Digitalização e restauro dos documentos:</strong></p>



<p><em>Otávio Boszczovski e Silvana Bojanovski Laboratório de Conservação e Restauração de Papéis da UFPEL</em><br><br><strong>Captação de Áudio e Vídeo:</strong></p>



<p><em>Adler Maciel, Francisco Franco e Luiz Fernando do Reis</em><br><br><strong>Transcrição de Gravações:</strong></p>



<p><em>Guilherme Sperb, Gustavo Mustafé e Vasco Azevedo</em><br><br><strong>Apoio as visitas de Campo:</strong></p>



<p><em>Gil Soares, Pedro Erler e Guilherme Sperb</em></p>



<p><strong>Organização do Catálogo e das Coleções</strong></p>



<p>Rafael Velloso, Gustavo Mustafé e Guilherme Vieira</p>

<p> Equipe de Pesquisa NUMP / UFPEL link para o cadastro do Grupo de Pesquisa no CNPQ Coordenação: Rafael Velloso e Raul d’Avila Bolsista do Acervo Digital: Lucas Borba Digitalização e restauro dos documentos: Otávio Boszczovski e Silvana Bojanovski Laboratório de Conservação e Restauração de Papéis da UFPEL Captação de Áudio e Vídeo: Adler Maciel, Francisco Franco [&hellip;]</p>
